000
CXUS52 KRAH 020956 RRB
CLSGSO

CLIMATE REPORT
NATIONAL WEATHER SERVICE RALEIGH NC
544 AM EDT THU JUN 2 2016

...................................

...THE PIEDMONT TRIAD INTL AIRPORT CLIMATE SUMMARY FOR THE SEASON, FROM
3/1/2016 TO 5/31/2016...

CLIMATE NORMAL PERIOD 1981 TO 2010
CLIMATE RECORD PERIOD 1903 TO 2016

WEATHER         OBSERVED          NORMAL  DEPART
                 VALUE   DATE(S)  VALUE   FROM
                                          NORMAL
................................................
TEMPERATURE (F)
RECORD
 HIGH             100   05/12/1916
                        05/27/1911
 LOW                5   03/06/1960
HIGHEST            87   04/19
LOWEST             28   03/05
                        03/03
AVG. MAXIMUM     72.1              69.5     2.6
AVG. MINIMUM     50.5              47.5     3.0
MEAN             61.3              58.5     2.8
DAYS MAX >= 90      0               0.8    -0.8
DAYS MAX <= 32      0               0.1    -0.1
DAYS MIN <= 32      5               8.2    -3.2
DAYS MIN <= 0       0               0.0     0.0

PRECIPITATION (INCHES)
RECORD
 MAXIMUM        19.91   2003
 MINIMUM         3.59   1986
TOTALS          12.83             10.68    2.15
DAYS >= .01        34              29.9     4.1
DAYS >= 1.00        6               2.3     3.7
GREATEST
 24 HR. TOTAL    2.74   05/02 TO 05/03

DEGREE_DAYS
COOLING TOTAL     200               160      40
 SINCE 1/1        200               159      41
.................................................

WIND (MPH)
AVERAGE WIND SPEED              7.8
HIGHEST WIND SPEED/DIRECTION    36/300    DATE  04/09
HIGHEST GUST SPEED/DIRECTION    47/300    DATE  04/09

SKY COVER
POSSIBLE SUNSHINE (PERCENT)   MM
AVERAGE SKY COVER           0.60
NUMBER OF DAYS FAIR           18
NUMBER OF DAYS PC             39
NUMBER OF DAYS CLOUDY         35

AVERAGE RH (PERCENT)     61

WEATHER CONDITIONS. NUMBER OF DAYS WITH
THUNDERSTORM              9     MIXED PRECIP               0
HEAVY RAIN               13     RAIN                      20
LIGHT RAIN               40     FREEZING RAIN              0
LT FREEZING RAIN          0     HAIL                       0
HEAVY SNOW                0     SNOW                       0
LIGHT SNOW                0     SLEET                      0
FOG                      41     FOG W/VIS <= 1/4 MILE      7
HAZE                     13

-  INDICATES NEGATIVE NUMBERS.
R  INDICATES RECORD WAS SET OR TIED.
MM INDICATES DATA IS MISSING.
T  INDICATES TRACE AMOUNT.

&&


THE 2016 MEAN AVERAGE TEMPERATURE OF 61.3 FARENHEIT TIED FOR THE 6TH WARMEST
MARCH-APRIL-MAY ON RECORD.

$$
