000
CXUS53 KGRB 171614
CF6ATW
PRELIMINARY LOCAL CLIMATOLOGICAL DATA (WS FORM: F-6)
STATION: APPLETON WI
MONTH: JANUARY
YEAR: 2022
LATITUDE: 44 16 N
LONGITUDE: 88 31 W
TEMPERATURE IN F: :PCPN: SNOW: WIND :SUNSHINE: SKY :PK WND
================================================================================
1 2 3 4 5 6A 6B 7 8 9 10 11 12 13 14 15 16 17 18
12Z AVG MX 2MIN
DY MAX MIN AVG DEP HDD CDD WTR SNW DPTH SPD SPD DIR MIN PSBL S-S WX SPD DR
================================================================================
1 27 12 20 2 45 0 M M M 15.0 18 10 M M 10 24 10
2 18 3 11 -7 54 0 M M M 7.6 12 340 M M 2 M M
3 19 0 10 -8 55 0 M M M 9.0 15 220 M M 3 M M
4 30 12 21 3 44 0 M M M 8.6 14 180 M M 6 M M
5 28 16 22 4 43 0 0.01 M M 13.5 24 270 M M 10 1 30 260
6 18 7 13 -5 52 0 M M M 11.8 17 320 M M 9 8 23 320
7 12 5 9 -9 56 0 M M M 8.2 15 280 M M 7 M M
8 25 10 18 0 47 0 M M M 14.7 22 190 M M 9 1 28 200
9 27 0 14 -4 51 0 M M M 18.1 31 280 M M 3 18 39 280
10 3 -9 -3 -20 68 0 M M M 10.5 16 280 M M 0 22 280
11 27 -6 11 -6 54 0 M M M 10.5 20 200 M M 5 29 200
12 32 25 29 12 36 0 M M M 6.2 18 290 M M 6 23 290
13 34 23 29 12 36 0 M M M 4.4 14 50 M M 10 12 20 50
14 23 9 16 -1 49 0 M M M 15.7 22 30 M M 9 28 40
15 14 5 10 -7 55 0 M M M 7.6 14 30 M M 6 21 30
16 21 3 12 -5 53 0 M M M 6.3 10 210 M M 6 M M
17 28 21 25 8 40 0 M M M 10.3 14 270 M M 9 18 310
18 34 25 30 13 35 0 M M M 11.4 22 190 M M 9 28 180
19 34 3 19 2 46 0 M M M 16.4 25 290 M M 6 36 290
20 9 -2 4 -13 61 0 M M M 7.7 14 310 M M 0 M M
21 16 -6 5 -12 60 0 M M M 10.6 25 210 M M 1 29 200
22 21 10 16 -1 49 0 M M M 15.8 24 280 M M 9 28 220
23 12 1 7 -10 58 0 M M M 8.3 12 360 M M 5 M M
24 18 3 11 -6 54 0 M M M 7.8 14 320 M M 7 18 330
25 7 -8 0 -17 65 0 M M M 11.1 15 290 M M 0 M M
26 10 -13 -1 -18 66 0 M M M 13.7 22 210 M M 3 31 210
27 28 9 19 2 46 0 M M M 12.6 18 300 M M 8 25 300
28 18 0 9 -9 56 0 M M M 6.5 9 270 M M 5 M M
29 19 10 15 -3 50 0 M M M 7.5 14 210 M M 10 M M
30 27 10 19 1 46 0 M M M 5.6 12 10 M M 8 M M
31 30 10 20 2 45 0 M M M 9.0 17 160 M M 5 25 170
================================================================================
SM 669 188 1575 0 0.01 M 321.9 M 186
================================================================================
AV 21.6 6.1 10.4 FASTST M M 6 MAX(MPH)
MISC ----> 31 280 39 280
================================================================================
NOTES:
# LAST OF SEVERAL OCCURRENCES
COLUMN 17 PEAK WIND IN M.P.H.
PRELIMINARY LOCAL CLIMATOLOGICAL DATA (WS FORM: F-6) , PAGE 2
STATION: APPLETON WI
MONTH: JANUARY
YEAR: 2022
LATITUDE: 44 16 N
LONGITUDE: 88 31 W
[TEMPERATURE DATA] [PRECIPITATION DATA] SYMBOLS USED IN COLUMN 16
AVERAGE MONTHLY: 13.8 TOTAL FOR MONTH: 0.01 1 = FOG OR MIST
DPTR FM NORMAL: -3.7 DPTR FM NORMAL: -1.13 2 = FOG REDUCING VISIBILITY
HIGHEST: 34 ON 19,18 GRTST 24HR 0.06 ON 4- 4 TO 1/4 MILE OR LESS
LOWEST: -13 ON 26 3 = THUNDER
SNOW, ICE PELLETS, HAIL 4 = ICE PELLETS
TOTAL MONTH: M 5 = HAIL
GRTST 24HR M ON M 6 = FREEZING RAIN OR DRIZZLE
GRTST DEPTH: M ON M 7 = DUSTSTORM OR SANDSTORM:
VSBY 1/2 MILE OR LESS
8 = SMOKE OR HAZE
[NO. OF DAYS WITH] [WEATHER - DAYS WITH] 9 = BLOWING SNOW
X = TORNADO
MAX 32 OR BELOW: 28 0.01 INCH OR MORE: 1
MAX 90 OR ABOVE: 0 0.10 INCH OR MORE: 0
MIN 32 OR BELOW: 31 0.50 INCH OR MORE: 0
MIN 0 OR BELOW: 9 1.00 INCH OR MORE: 0
[HDD (BASE 65) ]
TOTAL THIS MO. 1575 CLEAR (SCALE 0-3) 8
DPTR FM NORMAL 101 PTCLDY (SCALE 4-7) 13
TOTAL FM JUL 1 4030 CLOUDY (SCALE 8-10) 10
DPTR FM NORMAL -397
[CDD (BASE 65) ]
TOTAL THIS MO. 0
DPTR FM NORMAL 0 [PRESSURE DATA]
TOTAL FM JAN 1 0 HIGHEST SLP M ON M
DPTR FM NORMAL 0 LOWEST SLP M ON M
[REMARKS]
#FINAL-01-22#