000
CXUS54 KAMA 010710
CF6BGD
PRELIMINARY LOCAL CLIMATOLOGICAL DATA (WS FORM: F-6)
STATION: BORGER
MONTH: MAY
YEAR: 2023
LATITUDE: 35 42 N
LONGITUDE: 101 24 W
TEMPERATURE IN F: :PCPN: SNOW: WIND :SUNSHINE: SKY :PK WND
================================================================================
1 2 3 4 5 6A 6B 7 8 9 10 11 12 13 14 15 16 17 18
12Z AVG MX 2MIN
DY MAX MIN AVG DEP HDD CDD WTR SNW DPTH SPD SPD DIR MIN PSBL S-S WX SPD DR
================================================================================
1 80 49 65 1 0 0 0.00 M M 10.1 21 140 M M 0 34 150
2 80 53 67 3 0 2 0.00 M M 10.2 23 140 M M 1 3 35 150
3 83 57 70 5 0 5 1.38 M M 13.9 36 120 M M 2 13 50 120
4 82 59 71 6 0 6 0.03 M M 11.9 22 140 M M 4 32 140
5 91 62 77 12 0 12 0.00 M M 11.3 25 190 M M 0 36 190
6 92 64 78 12 0 13 0.00 M M 13.1 26 140 M M 0 38 140
7 95 61 78 12 0 13 0.00 M M 17.4 31 200 M M 0 48 230
8 88 56 72 6 0 7 0.00 M M 9.6 20 170 M M 0 35 170
9 98 69 84 17 0 19 0.00 M M 15.3 30 200 M M 0 46 120
10 88 65 77 10 0 12 0.00 M M 16.6 28 120 M M 0 45 120
11 86 63 75 7 0 10 0.21 M M 13.9 26 190 M M 3 13 40 190
12 85 57 71 3 0 6 0.00 M M 7.9 20 360 M M 0 29 10
13 68 58 63 -5 2 0 0.50 M M 10.1 18 350 M M 9 1 25 350
14 72 60 66 -3 0 1 1.81 M M 8.5 21 320 M M 10 1238 30 320
15 70 57 64 -5 1 0 0.50 M M 11.0 20 350 M M 10 1 26 350
16 83 53 68 -1 0 3 0.00 M M 5.6 12 120 M M 0 1 17 250
17 89 62 76 6 0 11 1.45 M M 6.4 22 330 M M 2 13 35 330
18 77 61 69 -1 0 4 1.12 M M 8.1 28 250 M M 8 13 40 230
19 66 54 60 -10 5 0 0.05 M M 10.4 25 360 M M 10 18 34 360
20 75 52 64 -7 1 0 0.00 M M 5.4 13 140 M M 2 18 19 150
21 82 60 71 0 0 6 0.02 M M 10.5 22 150 M M 2 30 150
22 84 59 72 0 0 7 0.01 M M 7.1 22 120 M M 3 32 110
23 77 60 69 -3 0 4 0.00 M M 6.9 15 100 M M 8 22 100
24 83 61 72 0 0 7 0.33 M M 7.9 33 230 M M 7 13 53 230
25 80 59 70 -3 0 5 0.06 M M 9.8 26 270 M M 4 123 41 270
26 76 60 68 -5 0 3 0.39 M M 11.6 20 140 M M 4 13 30 100
27 78 63 71 -2 0 6 T M M 12.6 26 120 M M 4 36 120
28 82 57 70 -4 0 5 0.42 M M 12.8 33 320 M M 2 13 51 310
29 85 59 72 -2 0 7 0.00 M M 8.0 20 100 M M 1 27 100
30 88 63 76 2 0 11 0.52 M M 10.0 24 220 M M 1 3 33 210
31 84 60 72 -3 0 7 0.90 M M 12.2 38 230 M M 6 13 52 220
================================================================================
SM 2547 1833 9 192 9.70 M 326.1 M 103
================================================================================
AV 82.2 59.1 10.5 FASTST M M 3 MAX(MPH)
MISC ----> 38 230 53 230
================================================================================
NOTES:
# LAST OF SEVERAL OCCURRENCES
COLUMN 17 PEAK WIND IN M.P.H.
PRELIMINARY LOCAL CLIMATOLOGICAL DATA (WS FORM: F-6) , PAGE 2
STATION: BORGER
MONTH: MAY
YEAR: 2023
LATITUDE: 35 42 N
LONGITUDE: 101 24 W
[TEMPERATURE DATA] [PRECIPITATION DATA] SYMBOLS USED IN COLUMN 16
AVERAGE MONTHLY: 70.6 TOTAL FOR MONTH: 9.70 1 = FOG OR MIST
DPTR FM NORMAL: 1.3 DPTR FM NORMAL: 7.40 2 = FOG REDUCING VISIBILITY
HIGHEST: 98 ON 9 GRTST 24HR 2.16 ON 14-15 TO 1/4 MILE OR LESS
LOWEST: 49 ON 1 3 = THUNDER
SNOW, ICE PELLETS, HAIL 4 = ICE PELLETS
TOTAL MONTH: M 5 = HAIL
GRTST 24HR M ON M 6 = FREEZING RAIN OR DRIZZLE
GRTST DEPTH: M ON M 7 = DUSTSTORM OR SANDSTORM:
VSBY 1/2 MILE OR LESS
8 = SMOKE OR HAZE
[NO. OF DAYS WITH] [WEATHER - DAYS WITH] 9 = BLOWING SNOW
X = TORNADO
MAX 32 OR BELOW: 0 0.01 INCH OR MORE: 17
MAX 90 OR ABOVE: 4 0.10 INCH OR MORE: 12
MIN 32 OR BELOW: 0 0.50 INCH OR MORE: 8
MIN 0 OR BELOW: 0 1.00 INCH OR MORE: 4
[HDD (BASE 65) ]
TOTAL THIS MO. 9 CLEAR (SCALE 0-3) 18
DPTR FM NORMAL -47 PTCLDY (SCALE 4-7) 9
TOTAL FM JUL 1 3143 CLOUDY (SCALE 8-10) 4
DPTR FM NORMAL -376
[CDD (BASE 65) ]
TOTAL THIS MO. 192
DPTR FM NORMAL 1 [PRESSURE DATA]
TOTAL FM JAN 1 259 HIGHEST SLP M ON M
DPTR FM NORMAL 4 LOWEST SLP 29.53 ON 11
[REMARKS]
#FINAL-05-23#