000
CXUS54 KAMA 010710
CF6BGD
PRELIMINARY LOCAL CLIMATOLOGICAL DATA (WS FORM: F-6)
STATION: BORGER
MONTH: JUNE
YEAR: 2022
LATITUDE: 35 42 N
LONGITUDE: 101 24 W
TEMPERATURE IN F: :PCPN: SNOW: WIND :SUNSHINE: SKY :PK WND
================================================================================
1 2 3 4 5 6A 6B 7 8 9 10 11 12 13 14 15 16 17 18
12Z AVG MX 2MIN
DY MAX MIN AVG DEP HDD CDD WTR SNW DPTH SPD SPD DIR MIN PSBL S-S WX SPD DR
================================================================================
1 73 55 64 -11 1 0 0.54 M M 13.1 23 360 M M 9 13 30 360
2 66 54 60 -15 5 0 0.39 M M 6.3 12 100 M M 10 138 19 90
3 80 63 72 -4 0 7 0.01 M M 11.1 22 140 M M 6 34 120
4 91 62 77 1 0 12 0.00 M M 14.1 24 120 M M 0 38 120
5 96 68 82 6 0 17 0.00 M M 8.4 26 140 M M 0 39 150
6 94 69 82 6 0 17 0.00 M M 11.3 20 140 M M 3 13 28 120
7 89 67 78 1 0 13 0.00 M M 11.4 21 350 M M 5 29 60
8 78 61 70 -7 0 5 1.05 M M 11.6 37 10 M M 6 13 56 10
9 92 65 79 2 0 14 0.52 M M 12.4 47 340 M M 4 13 62 350
10 99 65 82 4 0 17 0.00 M M 8.5 18 140 M M 0 26 160
11 107 73 90 12 0 25 0.00 M M 10.0 21 150 M M 0 31 150
12 107 82 95 17 0 30 0.01 M M 14.2 38 200 M M 0 38 65 180
13 102 81 92 14 0 27 0.00 M M 21.4 29 180 M M 3 8 45 190
14 105 79 92 13 0 27 0.00 M M 17.3 30 150 M M 0 43 170
15 95 78 87 8 0 22 0.00 M M 11.3 28 160 M M 0 46 160
16 100 76 88 9 0 23 0.00 M M 13.1 23 120 M M 0 36 130
17 98 76 87 8 0 22 0.00 M M 13.8 23 120 M M 0 32 170
18 96 74 85 6 0 20 0.00 M M 13.9 23 120 M M 0 32 120
19 96 73 85 5 0 20 0.00 M M 16.0 25 150 M M 1 41 110
20 97 75 86 6 0 21 0.00 M M 13.0 25 150 M M 1 39 180
21 95 72 84 4 0 19 0.00 M M 8.6 24 270 M M 2 36 260
22 96 67 82 2 0 17 T M M 6.2 18 30 M M 2 28 40
23 101 67 84 4 0 19 0.00 M M 11.1 20 180 M M 1 33 190
24 105 77 91 10 0 26 0.00 M M 14.8 24 200 M M 0 37 200
25 98 72 85 4 0 20 T M M 14.7 30 360 M M 1 3 44 280
26 75 62 69 -12 0 4 0.39 M M 12.0 29 10 M M 8 13 40 20
27 80 59 70 -11 0 5 0.00 M M 5.2 15 80 M M 5 24 80
28 91 61 76 -5 0 11 0.00 M M 7.9 16 140 M M 3 27 150
29 96 69 83 2 0 18 0.00 M M 12.1 21 130 M M 1 31 130
30 102 71 87 5 0 22 0.00 M M 13.3 23 140 M M 1 36 140
================================================================================
SM 2800 2073 6 500 2.91 M 358.1 M 72
================================================================================
AV 93.3 69.1 11.9 FASTST M M 2 MAX(MPH)
MISC ----> 47 340 65 180
================================================================================
NOTES:
# LAST OF SEVERAL OCCURRENCES
COLUMN 17 PEAK WIND IN M.P.H.
PRELIMINARY LOCAL CLIMATOLOGICAL DATA (WS FORM: F-6) , PAGE 2
STATION: BORGER
MONTH: JUNE
YEAR: 2022
LATITUDE: 35 42 N
LONGITUDE: 101 24 W
[TEMPERATURE DATA] [PRECIPITATION DATA] SYMBOLS USED IN COLUMN 16
AVERAGE MONTHLY: 81.2 TOTAL FOR MONTH: 2.91 1 = FOG OR MIST
DPTR FM NORMAL: 2.5 DPTR FM NORMAL: 0.15 2 = FOG REDUCING VISIBILITY
HIGHEST: 107 ON 12,11 GRTST 24HR 1.05 ON 8- 8 TO 1/4 MILE OR LESS
LOWEST: 54 ON 2 3 = THUNDER
SNOW, ICE PELLETS, HAIL 4 = ICE PELLETS
TOTAL MONTH: M 5 = HAIL
GRTST 24HR M ON M 6 = FREEZING RAIN OR DRIZZLE
GRTST DEPTH: M ON M 7 = DUSTSTORM OR SANDSTORM:
VSBY 1/2 MILE OR LESS
8 = SMOKE OR HAZE
[NO. OF DAYS WITH] [WEATHER - DAYS WITH] 9 = BLOWING SNOW
X = TORNADO
MAX 32 OR BELOW: 0 0.01 INCH OR MORE: 7
MAX 90 OR ABOVE: 23 0.10 INCH OR MORE: 5
MIN 32 OR BELOW: 0 0.50 INCH OR MORE: 3
MIN 0 OR BELOW: 0 1.00 INCH OR MORE: 1
[HDD (BASE 65) ]
TOTAL THIS MO. 6 CLEAR (SCALE 0-3) 22
DPTR FM NORMAL 4 PTCLDY (SCALE 4-7) 6
TOTAL FM JUL 1 3007 CLOUDY (SCALE 8-10) 2
DPTR FM NORMAL -513
[CDD (BASE 65) ]
TOTAL THIS MO. 500
DPTR FM NORMAL 88 [PRESSURE DATA]
TOTAL FM JAN 1 892 HIGHEST SLP M ON M
DPTR FM NORMAL 225 LOWEST SLP 29.46 ON 5
[REMARKS]
#FINAL-06-22#