000
CXUS54 KOHX 131016
CLMBNA
CLIMATE REPORT
NATIONAL WEATHER SERVICE NASHVILLE, TN
516 AM CDT WED MAR 13 2024
...................................
...THE NASHVILLE CLIMATE SUMMARY FOR THE MONTH OF FEBRUARY 2024...
CLIMATE NORMAL PERIOD: 1991 TO 2020
CLIMATE RECORD PERIOD: 1871 TO 2024
WEATHER OBSERVED NORMAL DEPART LAST YEAR`S
VALUE DATE(S) VALUE FROM VALUE
NORMAL
..............................................................
TEMPERATURE (F)
RECORD
HIGH 85 02/23/2023
LOW -13 02/02/1951
02/13/1899
HIGHEST 76 02/26
LOWEST 19 02/18
AVG. MAXIMUM 62.3 53.8 8.5
AVG. MINIMUM 38.3 33.0 5.3
MEAN 50.3 43.4 6.9 51.3
DAYS MAX >= 90 0
DAYS MAX <= 32 0
DAYS MIN <= 32 8
DAYS MIN <= 0 0
PRECIPITATION (INCHES)
RECORD
MAXIMUM 13.47 2019
MINIMUM 0.63 1898
TOTALS 3.81 4.47 -0.66
DAYS >= .01 7
DAYS >= .10 7
DAYS >= .50 3
DAYS >= 1.00 1
GREATEST
24 HR. TOTAL 1.16 02/12 TO 02/12
SNOWFALL (INCHES)
TOTALS T 1.5 -1.5
SINCE 7/1 7.6 3.6
DAYS >= TRACE 1
DAYS >= 1.0 0
DEGREE DAYS
HEATING TOTAL 423 606 -183
SINCE 7/1 2358 2747 -389
COOLING TOTAL 5 1 4
SINCE 1/1 5 1 4
..............................................................
WIND (MPH)
AVERAGE WIND SPEED 8.1
HIGHEST GUST SPEED/DIRECTION 48/200 DATE 02/27
SKY COVER
POSSIBLE SUNSHINE (PERCENT) MM
AVERAGE SKY COVER 0.52
NUMBER OF DAYS FAIR 9
NUMBER OF DAYS PC 9
NUMBER OF DAYS CLOUDY 11
AVERAGE RH (PERCENT) 58
WEATHER CONDITIONS. NUMBER OF DAYS WITH
THUNDERSTORM 7 MIXED PRECIP 1
HEAVY RAIN 3 RAIN 5
LIGHT RAIN 10 FREEZING RAIN 0
LT FREEZING RAIN 0 HAIL 0
HEAVY SNOW 0 SNOW 0
LIGHT SNOW 1 SLEET 0
FOG 9 FOG W/VIS <= 1/4 MILE 0
HAZE 3
- INDICATES NEGATIVE NUMBERS.
R INDICATES RECORD WAS SET OR TIED.
MM INDICATES DATA IS MISSING.
T INDICATES TRACE AMOUNT.
$$