000
CXUS53 KDVN 011518
CLMCID
CLIMATE REPORT
NATIONAL WEATHER SERVICE QUAD CITIES IA IL
1018 AM CDT THU JUN 01 2023
...................................
...THE CEDAR RAPIDS IA CLIMATE SUMMARY FOR THE MONTH OF MAY 2023...
CLIMATE NORMAL PERIOD 1991 TO 2020
CLIMATE RECORD PERIOD 1891 TO 2023
WEATHER OBSERVED NORMAL DEPART LAST YEAR`S
VALUE DATE(S) VALUE FROM VALUE
NORMAL
..............................................................
TEMPERATURE (F)
RECORD
HIGH 104 05/31/1934
LOW 24 05/07/1925
HIGHEST 90 05/31 76 14
LOWEST 33 05/03 44 -11
AVG. MAXIMUM 76.9 71.1 5.8
AVG. MINIMUM 49.9 49.5 0.4
MEAN 63.4 60.3 3.1
DAYS MAX >= 90 1
DAYS MAX <= 32 0
DAYS MIN <= 32 0
DAYS MIN <= 0 0
PRECIPITATION (INCHES)
TOTALS 2.29 4.25 -1.96
DAILY AVG. 0.07 0.14 -0.07
DAYS >= .01 6
DAYS >= .10 3
DAYS >= .50 3
DAYS >= 1.00 0
GREATEST
24 HR. TOTAL 1.37 05/07 TO 05/08
DEGREE DAYS
HEATING TOTAL 100 197 -97
SINCE 7/1 6357 6799 -442
COOLING TOTAL 58 52 6
SINCE 1/1 65 58 7
..............................................................
WIND (MPH)
AVERAGE WIND SPEED 9.9
HIGHEST WIND SPEED/DIRECTION 48/360 DATE 05/07
HIGHEST GUST SPEED/DIRECTION 66/010 DATE 05/07
SKY COVER
POSSIBLE SUNSHINE (PERCENT) MM
AVERAGE SKY COVER 0.23
NUMBER OF DAYS FAIR 23
NUMBER OF DAYS PC 7
NUMBER OF DAYS CLOUDY 1
AVERAGE RH (PERCENT) 56
WEATHER CONDITIONS. NUMBER OF DAYS WITH
THUNDERSTORM 3 HAIL 0
SLEET 0 FOG 7
FOG W/VIS <= 1/4 MILE 0 HAZE 6
- INDICATES NEGATIVE NUMBERS.
R INDICATES RECORD WAS SET OR TIED.
MM INDICATES DATA IS MISSING.
T INDICATES TRACE AMOUNT.
$$