000
CXUS53 KDDC 021410
CF6DDC
PRELIMINARY LOCAL CLIMATOLOGICAL DATA (WS FORM: F-6)
STATION: DODGE CITY KS
MONTH: SEPTEMBER
YEAR: 2023
LATITUDE: 37 46 N
LONGITUDE: 99 58 W
TEMPERATURE IN F: :PCPN: SNOW: WIND :SUNSHINE: SKY :PK WND
================================================================================
1 2 3 4 5 6A 6B 7 8 9 10 11 12 13 14 15 16 17 18
12Z AVG MX 2MIN
DY MAX MIN AVG DEP HDD CDD WTR SNW DPTH SPD SPD DIR MIN PSBL S-S WX SPD DR
================================================================================
1 101 64 83 8 0 18 0.00 0.0 0 16.0 23 160 M M 0 8 38 190
2 101 62 82 8 0 17 0.00 0.0 0 13.5 22 170 M M 0 8 28 200
3 101 66 84 10 0 19 0.00 0.0 0 13.9 21 140 M M 0 8 29 180
4 105 66 86 12 0 21 0.00 0.0 0 16.0 28 180 M M 0 8 40 190
5 92 63 78 4 0 13 0.00 0.0 0 13.1 25 360 M M 0 8 33 360
6 88 52 70 -3 0 5 0.00 0.0 0 7.4 14 190 M M 0 8 20 40
7 100 63 82 9 0 17 0.00 0.0 0 12.1 29 170 M M 0 8 37 170
8 95 57 76 3 0 11 0.00 0.0 0 9.3 20 40 M M 0 8 28 40
9 91 60 76 4 0 11 0.00 0.0 0 11.6 20 170 M M 0 8 26 150
10 83 59 71 -1 0 6 1.60 0.0 0 11.6 32 310 M M 6 13 48 300
11 63 53 58 -14 7 0 1.08 0.0 0 9.7 18 20 M M 10 12 26 10
12 72 50 61 -11 4 0 0.00 0.0 0 5.0 10 180 M M 5 128 14 60
13 74 53 64 -7 1 0 0.00 0.0 0 9.9 18 150 M M 4 18 25 160
14 71 59 65 -6 0 0 T 0.0 0 10.3 17 130 M M 10 1 22 150
15 69 60 65 -5 0 0 0.01 0.0 0 5.8 12 130 M M 10 12 16 70
16 81 59 70 0 0 5 0.00 0.0 0 4.6 13 330 M M 5 128 18 320
17 87 57 72 2 0 7 0.00 0.0 0 7.9 14 280 M M 0 19 280
18 89 54 72 3 0 7 0.00 0.0 0 12.6 25 180 M M 0 35 180
19 90 65 78 9 0 13 0.05 0.0 0 9.8 20 180 M M 1 3 30 70
20 88 57 73 5 0 8 0.00 0.0 0 7.1 14 160 M M 0 19 130
21 87 68 78 10 0 13 T 0.0 0 15.1 25 150 M M 1 18 33 150
22 89 62 76 8 0 11 0.00 0.0 0 11.2 18 150 M M 0 1 25 140
23 85 51 68 1 0 3 0.00 0.0 0 12.3 26 360 M M 0 18 40 350
24 86 49 68 1 0 3 0.00 0.0 0 4.2 10 10 M M 0 8 14 350
25 90 50 70 4 0 5 0.00 0.0 0 6.5 15 260 M M 0 8 20 260
26 91 60 76 10 0 11 T 0.0 0 11.7 23 230 M M 1 3 31 230
27 91 55 73 7 0 8 0.00 0.0 0 5.9 14 150 M M 0 19 140
28 93 64 79 14 0 14 0.00 0.0 0 16.7 29 180 M M 0 38 170
29 94 66 80 15 0 15 0.00 0.0 0 17.6 29 180 M M 0 39 190
30 92 66 79 15 0 14 0.00 0.0 0 17.3 30 190 M M 0 8 41 170
================================================================================
SM 2639 1770 12 275 2.74 0.0 325.7 M 53
================================================================================
AV 88.0 59.0 10.9 FASTST M M 2 MAX(MPH)
MISC ----> 32 310 48 300
================================================================================
NOTES:
# LAST OF SEVERAL OCCURRENCES
COLUMN 17 PEAK WIND IN M.P.H.
PRELIMINARY LOCAL CLIMATOLOGICAL DATA (WS FORM: F-6) , PAGE 2
STATION: DODGE CITY KS
MONTH: SEPTEMBER
YEAR: 2023
LATITUDE: 37 46 N
LONGITUDE: 99 58 W
[TEMPERATURE DATA] [PRECIPITATION DATA] SYMBOLS USED IN COLUMN 16
AVERAGE MONTHLY: 73.5 TOTAL FOR MONTH: 2.74 1 = FOG OR MIST
DPTR FM NORMAL: 3.5 DPTR FM NORMAL: 1.43 2 = FOG REDUCING VISIBILITY
HIGHEST: 105 ON 4 GRTST 24HR 1.70 ON 10-11 TO 1/4 MILE OR LESS
LOWEST: 49 ON 24 3 = THUNDER
SNOW, ICE PELLETS, HAIL 4 = ICE PELLETS
TOTAL MONTH: 0.0 INCH 5 = HAIL
GRTST 24HR 0.0 6 = FREEZING RAIN OR DRIZZLE
GRTST DEPTH: 0 7 = DUSTSTORM OR SANDSTORM:
VSBY 1/2 MILE OR LESS
8 = SMOKE OR HAZE
[NO. OF DAYS WITH] [WEATHER - DAYS WITH] 9 = BLOWING SNOW
X = TORNADO
MAX 32 OR BELOW: 0 0.01 INCH OR MORE: 4
MAX 90 OR ABOVE: 15 0.10 INCH OR MORE: 2
MIN 32 OR BELOW: 0 0.50 INCH OR MORE: 2
MIN 0 OR BELOW: 0 1.00 INCH OR MORE: 2
[HDD (BASE 65) ]
TOTAL THIS MO. 12 CLEAR (SCALE 0-3) 23
DPTR FM NORMAL -37 PTCLDY (SCALE 4-7) 4
TOTAL FM JUL 1 12 CLOUDY (SCALE 8-10) 3
DPTR FM NORMAL -40
[CDD (BASE 65) ]
TOTAL THIS MO. 275
DPTR FM NORMAL 76 [PRESSURE DATA]
TOTAL FM JAN 1 1526 HIGHEST SLP 30.24 ON 10
DPTR FM NORMAL 15 LOWEST SLP 29.48 ON 4
[REMARKS]
#FINAL-09-23#