000
CXUS53 KGID 011132
CF6EAR
PRELIMINARY LOCAL CLIMATOLOGICAL DATA (WS FORM: F-6)
STATION: KEARNEY NE
MONTH: AUGUST
YEAR: 2021
LATITUDE: 40 43 N
LONGITUDE: 99 0 W
TEMPERATURE IN F: :PCPN: SNOW: WIND :SUNSHINE: SKY :PK WND
================================================================================
1 2 3 4 5 6A 6B 7 8 9 10 11 12 13 14 15 16 17 18
12Z AVG MX 2MIN
DY MAX MIN AVG DEP HDD CDD WTR SNW DPTH SPD SPD DIR MIN PSBL S-S WX SPD DR
================================================================================
1 82 60 71 -4 0 6 0.00 M M 7.4 14 30 M M 1 18 M M
2 81 56 69 -6 0 4 0.00 M M 5.4 12 110 M M 0 18 M M
3 83 59 71 -4 0 6 0.00 M M 11.3 18 150 M M 2 18 22 150
4 91 61 76 1 0 11 0.02 M M 12.8 22 320 M M 2 30 310
5 89 63 76 2 0 11 0.00 M M 6.0 12 190 M M 1 M M
6 92 61 77 3 0 12 T M M 11.8 18 170 M M 0 3 28 170
7 85 70 78 4 0 13 0.08 M M 6.9 17 150 M M 2 3 21 150
8 91 64 78 4 0 13 T M M 9.2 18 110 M M 1 3 25 130
9 95 65 80 6 0 15 0.00 M M 10.2 16 230 M M 0 8 23 230
10 88 68 78 4 0 13 T M M 8.8 21 230 M M 0 8 31 230
11 89 66 78 4 0 13 0.00 M M 8.7 17 30 M M 0 M M
12 90 63 77 3 0 12 0.00 M M 9.4 23 40 M M 1 30 30
13 84 61 73 0 0 8 0.02 M M 5.6 10 80 M M 3 3 M M
14 85 59 72 -1 0 7 0.00 M M 8.9 15 150 M M 3 8 20 170
15 86 65 76 3 0 11 0.07 M M 12.9 21 170 M M 2 32 150
16 88 65 77 4 0 12 0.00 M M 9.9 15 170 M M 2 1 21 180
17 89 63 76 3 0 11 0.00 M M 11.9 21 170 M M 0 25 170
18 84 66 75 2 0 10 0.00 M M 12.7 22 140 M M 4 1 25 150
19 87 66 77 5 0 12 0.00 M M 11.5 20 130 M M 4 1 24 140
20 81 63 72 0 0 7 1.50 M M 9.2 21 320 M M 6 138 30 320
21 76 56 66 -6 0 1 0.00 M M 7.8 15 360 M M 1 M M
22 91 60 76 4 0 11 T M M 12.9 22 180 M M 4 30 190
23 90 68 79 7 0 14 0.00 M M 9.7 21 210 M M 0 8 27 210
24 92 66 79 8 0 14 0.00 M M 7.1 15 150 M M 0 M M
25 86 67 77 6 0 12 0.00 M M 12.9 17 80 M M 4 M M
26 90 68 79 8 0 14 0.09 M M 8.6 29 180 M M 4 40 180
27 91 66 79 8 0 14 T M M 9.3 15 230 M M 1 M M
28 93 67 80 9 0 15 0.00 M M 14.7 21 180 M M 1 28 170
29 78 63 71 1 0 6 0.12 M M 7.1 14 40 M M 9 3 M M
30 87 66 77 7 0 12 0.00 M M 9.7 15 160 M M 5 21 150
31 81 63 72 2 0 7 0.00 M M 11.7 25 50 M M 1 35 60
================================================================================
SM 2695 1974 0 327 1.90 M 302.0 M 64
================================================================================
AV 86.9 63.7 9.7 FASTST M M 2 MAX(MPH)
MISC ----> 29 180 M M
================================================================================
NOTES:
# LAST OF SEVERAL OCCURRENCES
COLUMN 17 PEAK WIND IN M.P.H.
PRELIMINARY LOCAL CLIMATOLOGICAL DATA (WS FORM: F-6) , PAGE 2
STATION: KEARNEY NE
MONTH: AUGUST
YEAR: 2021
LATITUDE: 40 43 N
LONGITUDE: 99 0 W
[TEMPERATURE DATA] [PRECIPITATION DATA] SYMBOLS USED IN COLUMN 16
AVERAGE MONTHLY: 75.3 TOTAL FOR MONTH: 1.90 1 = FOG OR MIST
DPTR FM NORMAL: 2.7 DPTR FM NORMAL: -1.11 2 = FOG REDUCING VISIBILITY
HIGHEST: 95 ON 9 GRTST 24HR 1.50 ON 20-20 TO 1/4 MILE OR LESS
LOWEST: 56 ON 21, 2 3 = THUNDER
SNOW, ICE PELLETS, HAIL 4 = ICE PELLETS
TOTAL MONTH: M 5 = HAIL
GRTST 24HR M ON M 6 = FREEZING RAIN OR DRIZZLE
GRTST DEPTH: M ON M 7 = DUSTSTORM OR SANDSTORM:
VSBY 1/2 MILE OR LESS
8 = SMOKE OR HAZE
[NO. OF DAYS WITH] [WEATHER - DAYS WITH] 9 = BLOWING SNOW
X = TORNADO
MAX 32 OR BELOW: 0 0.01 INCH OR MORE: 7
MAX 90 OR ABOVE: 11 0.10 INCH OR MORE: 2
MIN 32 OR BELOW: 0 0.50 INCH OR MORE: 1
MIN 0 OR BELOW: 0 1.00 INCH OR MORE: 1
[HDD (BASE 65) ]
TOTAL THIS MO. 0 CLEAR (SCALE 0-3) 23
DPTR FM NORMAL -8 PTCLDY (SCALE 4-7) 7
TOTAL FM JUL 1 0 CLOUDY (SCALE 8-10) 1
DPTR FM NORMAL -8
[CDD (BASE 65) ]
TOTAL THIS MO. 327
DPTR FM NORMAL 80 [PRESSURE DATA]
TOTAL FM JAN 1 972 HIGHEST SLP 30.28 ON 14
DPTR FM NORMAL 193 LOWEST SLP 29.65 ON 7
[REMARKS]
#FINAL-08-21#