000
CXUS52 KTAE 010800
CF6ECP
PRELIMINARY LOCAL CLIMATOLOGICAL DATA (WS FORM: F-6)
STATION: PANAMA CITY NW
MONTH: JUNE
YEAR: 2023
LATITUDE: 30 21 N
LONGITUDE: 85 48 W
TEMPERATURE IN F: :PCPN: SNOW: WIND :SUNSHINE: SKY :PK WND
================================================================================
1 2 3 4 5 6A 6B 7 8 9 10 11 12 13 14 15 16 17 18
12Z AVG MX 2MIN
DY MAX MIN AVG DEP HDD CDD WTR SNW DPTH SPD SPD DIR MIN PSBL S-S WX SPD DR
================================================================================
1 83 71 77 -1 0 12 0.02 M M 10.1 20 20 M M 4 25 20
2 90 69 80 2 0 15 0.00 0.0 0 8.0 18 40 M M 1 26 360
3 90 67 79 1 0 14 0.00 0.0 0 6.0 15 330 M M 3 20 50
4 91 68 80 1 0 15 0.03 0.0 0 5.6 25 150 M M 3 3 31 160
5 86 65 76 -3 0 11 0.00 0.0 0 5.7 14 180 M M 1 17 170
6 86 66 76 -3 0 11 0.01 0.0 0 5.0 21 120 M M 2 3 27 120
7 84 69 77 -2 0 12 0.19 0.0 0 3.3 21 20 M M 4 13 25 20
8 88 70 79 0 0 14 T 0.0 0 6.7 16 220 M M 2 3 22 220
9 93 70 82 2 0 17 1.56 0.0 0 4.3 43 190 M M 4 1238 63 180
10 86 70 78 -2 0 13 3.32 0.0 M 3.4 31 340 M M 2 13 38 340
11 86 74 80 0 0 15 0.00 0.0 0 8.3 18 170 M M 4 1 24 180
12 88 73 81 1 0 16 T 0.0 0 11.2 31 270 M M 5 3 39 270
13 90 70 80 0 0 15 T 0.0 0 5.3 22 340 M M 3 3 29 340
14 88 70 79 -1 0 14 0.09 0.0 M 13.7 26 330 M M 7 13 35 330
15 89 70 80 0 0 15 0.12 0.0 M 12.6 28 180 M M 7 13 36 200
16 89 70 80 0 0 15 0.21 0.0 M 9.2 47 290 M M 2 3 67 290
17 90 72 81 0 0 16 0.12 0.0 M 7.8 18 220 M M 4 3 27 240
18 88 70 79 -2 0 14 0.25 0.0 M 3.4 39 290 M M 2 138 51 270
19 81 70 76 -5 0 11 0.98 0.0 M 5.6 21 10 M M 7 13 26 360
20 89 71 80 -1 0 15 0.00 M M 7.8 25 200 M M 2 1 32 200
21 85 74 80 -1 0 15 0.53 M M 5.8 20 160 M M 5 13 25 170
22 88 73 81 0 0 16 0.64 0.0 M 8.1 21 310 M M 4 13 26 170
23 89 75 82 1 0 17 0.00 0.0 0 7.1 21 210 M M 5 13 24 210
24 91 73 82 1 0 17 0.00 M M 5.2 13 220 M M 3 18 210
25 92 72 82 1 0 17 0.00 0.0 0 5.7 16 190 M M 1 1 20 200
26 94 75 85 3 0 20 T 0.0 0 8.6 29 260 M M 2 3 37 260
27 94 80 87 5 0 22 0.03 M M 7.4 16 210 M M 3 3 20 200
28 98 79 89 7 0 24 T 0.0 0 4.5 14 310 M M 2 1 18 320
29 97 73 85 3 0 20 0.00 0.0 M 3.3 15 140 M M 0 21 160
30 98 74 86 4 0 21 0.00 0.0 M 4.2 15 150 M M 1 18 18 140
================================================================================
SM 2681 2143 0 469 8.10 0.0 202.9 M 95
================================================================================
AV 89.4 71.4 6.8 FASTST M M 3 MAX(MPH)
MISC ----> 47 290 67 290
================================================================================
NOTES:
# LAST OF SEVERAL OCCURRENCES
COLUMN 17 PEAK WIND IN M.P.H.
PRELIMINARY LOCAL CLIMATOLOGICAL DATA (WS FORM: F-6) , PAGE 2
STATION: PANAMA CITY NW
MONTH: JUNE
YEAR: 2023
LATITUDE: 30 21 N
LONGITUDE: 85 48 W
[TEMPERATURE DATA] [PRECIPITATION DATA] SYMBOLS USED IN COLUMN 16
AVERAGE MONTHLY: 80.4 TOTAL FOR MONTH: 8.10 1 = FOG OR MIST
DPTR FM NORMAL: 0.2 DPTR FM NORMAL: 2.38 2 = FOG REDUCING VISIBILITY
HIGHEST: 98 ON 30,28 GRTST 24HR 3.52 ON 9-10 TO 1/4 MILE OR LESS
LOWEST: 65 ON 5 3 = THUNDER
SNOW, ICE PELLETS, HAIL 4 = ICE PELLETS
TOTAL MONTH: 0.0 INCH 5 = HAIL
GRTST 24HR 0.0 6 = FREEZING RAIN OR DRIZZLE
GRTST DEPTH: 0 7 = DUSTSTORM OR SANDSTORM:
VSBY 1/2 MILE OR LESS
8 = SMOKE OR HAZE
[NO. OF DAYS WITH] [WEATHER - DAYS WITH] 9 = BLOWING SNOW
X = TORNADO
MAX 32 OR BELOW: 0 0.01 INCH OR MORE: 15
MAX 90 OR ABOVE: 13 0.10 INCH OR MORE: 10
MIN 32 OR BELOW: 0 0.50 INCH OR MORE: 5
MIN 0 OR BELOW: 0 1.00 INCH OR MORE: 2
[HDD (BASE 65) ]
TOTAL THIS MO. 0 CLEAR (SCALE 0-3) 17
DPTR FM NORMAL 0 PTCLDY (SCALE 4-7) 13
TOTAL FM JUL 1 965 CLOUDY (SCALE 8-10) 0
DPTR FM NORMAL -443
[CDD (BASE 65) ]
TOTAL THIS MO. 469
DPTR FM NORMAL 13 [PRESSURE DATA]
TOTAL FM JAN 1 1180 HIGHEST SLP M ON M
DPTR FM NORMAL 274 LOWEST SLP 29.73 ON 3
[REMARKS]
#FINAL-06-23#