000
CXUS52 KTAE 010800
CF6ECP
PRELIMINARY LOCAL CLIMATOLOGICAL DATA (WS FORM: F-6)
STATION: PANAMA CITY NW
MONTH: SEPTEMBER
YEAR: 2022
LATITUDE: 30 21 N
LONGITUDE: 85 48 W
TEMPERATURE IN F: :PCPN: SNOW: WIND :SUNSHINE: SKY :PK WND
================================================================================
1 2 3 4 5 6A 6B 7 8 9 10 11 12 13 14 15 16 17 18
12Z AVG MX 2MIN
DY MAX MIN AVG DEP HDD CDD WTR SNW DPTH SPD SPD DIR MIN PSBL S-S WX SPD DR
================================================================================
1 90 75 83 2 0 18 0.02 0.0 0 4.7 17 140 M M 4 13 24 130
2 88 76 82 1 0 17 0.62 0.0 0 6.2 15 150 M M 5 13 21 150
3 87 75 81 0 0 16 0.67 0.0 0 4.1 13 190 M M 5 18 18 180
4 87 75 81 0 0 16 0.13 0.0 M 3.2 17 220 M M 4 1 20 220
5 90 75 83 2 0 18 0.21 0.0 0 3.9 15 210 M M 3 1 19 210
6 90 74 82 1 0 17 0.77 0.0 0 2.7 20 180 M M 2 1 23 200
7 87 76 82 2 0 17 T 0.0 M 3.6 10 300 M M 1 18 12 310
8 87 73 80 0 0 15 0.13 M M 4.4 14 310 M M 4 138 19 120
9 80 73 77 -3 0 12 0.55 0.0 0 5.9 16 50 M M 3 138 21 30
10 83 73 78 -2 0 13 1.12 0.0 0 4.3 20 150 M M 6 13 24 140
11 83 73 78 -2 0 13 1.24 0.0 0 5.3 16 220 M M 3 13 21 110
12 89 71 80 0 0 15 0.63 0.0 0 3.5 24 230 M M 3 13 28 220
13 87 70 79 -1 0 14 0.00 0.0 0 6.9 13 20 M M 0 16 320
14 89 65 77 -3 0 12 0.00 0.0 0 5.4 14 10 M M 1 18 20
15 90 65 78 -1 0 13 0.00 0.0 0 6.0 14 10 M M 2 18 40
16 90 70 80 1 0 15 0.00 M M 6.7 15 40 M M 2 21 40
17 91 72 82 3 0 17 0.00 M M 6.4 16 110 M M 2 20 80
18 91 69 80 1 0 15 0.00 0.0 0 6.4 17 10 M M 1 21 320
19 92 68 80 2 0 15 0.00 0.0 0 6.8 17 320 M M 1 23 10
20 93 69 81 3 0 16 0.00 0.0 M 5.5 15 20 M M 0 19 10
21 95 71 83 5 0 18 0.00 0.0 0 2.7 12 110 M M 3 18 16 90
22 96 69 83 5 0 18 0.00 0.0 0 5.5 13 210 M M 0 1 17 300
23 91 72 82 4 0 17 0.00 0.0 0 6.2 14 20 M M 0 17 20
24 92 69 81 4 0 16 0.00 0.0 0 6.0 12 80 M M 3 16 80
25 92 66 79 2 0 14 0.00 0.0 0 3.9 13 200 M M 1 16 300
26 93 71 82 5 0 17 0.00 0.0 0 5.4 14 320 M M 1 18 18 310
27 86 64 75 -1 0 10 0.00 0.0 0 9.6 18 320 M M 1 24 320
28 82 59 71 -5 0 6 0.00 0.0 0 14.9 25 10 M M 0 36 10
29 81 54 68 -8 0 3 0.00 0.0 0 14.2 25 20 M M 3 33 30
30 83 56 70 -6 0 5 0.00 0.0 0 7.8 17 320 M M 3 26 300
================================================================================
SM 2655 2088 0 428 6.09 0.0 178.1 M 67
================================================================================
AV 88.5 69.6 5.9 FASTST M M 2 MAX(MPH)
MISC ----> # 25 10 36 10
================================================================================
NOTES:
# LAST OF SEVERAL OCCURRENCES
COLUMN 17 PEAK WIND IN M.P.H.
PRELIMINARY LOCAL CLIMATOLOGICAL DATA (WS FORM: F-6) , PAGE 2
STATION: PANAMA CITY NW
MONTH: SEPTEMBER
YEAR: 2022
LATITUDE: 30 21 N
LONGITUDE: 85 48 W
[TEMPERATURE DATA] [PRECIPITATION DATA] SYMBOLS USED IN COLUMN 16
AVERAGE MONTHLY: 79.1 TOTAL FOR MONTH: 6.09 1 = FOG OR MIST
DPTR FM NORMAL: 0.2 DPTR FM NORMAL: 1.02 2 = FOG REDUCING VISIBILITY
HIGHEST: 96 ON 22 GRTST 24HR 1.87 ON 11-12 TO 1/4 MILE OR LESS
LOWEST: 54 ON 29 3 = THUNDER
SNOW, ICE PELLETS, HAIL 4 = ICE PELLETS
TOTAL MONTH: 0.0 INCH 5 = HAIL
GRTST 24HR 0.0 6 = FREEZING RAIN OR DRIZZLE
GRTST DEPTH: 0 7 = DUSTSTORM OR SANDSTORM:
VSBY 1/2 MILE OR LESS
8 = SMOKE OR HAZE
[NO. OF DAYS WITH] [WEATHER - DAYS WITH] 9 = BLOWING SNOW
X = TORNADO
MAX 32 OR BELOW: 0 0.01 INCH OR MORE: 11
MAX 90 OR ABOVE: 15 0.10 INCH OR MORE: 10
MIN 32 OR BELOW: 0 0.50 INCH OR MORE: 7
MIN 0 OR BELOW: 0 1.00 INCH OR MORE: 2
[HDD (BASE 65) ]
TOTAL THIS MO. 0 CLEAR (SCALE 0-3) 22
DPTR FM NORMAL 0 PTCLDY (SCALE 4-7) 8
TOTAL FM JUL 1 0 CLOUDY (SCALE 8-10) 0
DPTR FM NORMAL 0
[CDD (BASE 65) ]
TOTAL THIS MO. 428
DPTR FM NORMAL 11 [PRESSURE DATA]
TOTAL FM JAN 1 2432 HIGHEST SLP M ON M
DPTR FM NORMAL 56 LOWEST SLP 29.73 ON 8
[REMARKS]
#FINAL-09-22#