000
CXUS53 KTOP 010810
CF6EMP
PRELIMINARY LOCAL CLIMATOLOGICAL DATA (WS FORM: F-6)
STATION: EMPORIA KS
MONTH: OCTOBER
YEAR: 2022
LATITUDE: 38 19 N
LONGITUDE: 96 12 W
TEMPERATURE IN F: :PCPN: SNOW: WIND :SUNSHINE: SKY :PK WND
================================================================================
1 2 3 4 5 6A 6B 7 8 9 10 11 12 13 14 15 16 17 18
12Z AVG MX 2MIN
DY MAX MIN AVG DEP HDD CDD WTR SNW DPTH SPD SPD DIR MIN PSBL S-S WX SPD DR
================================================================================
1 80 43 62 -1 3 0 0.00 M M 6.4 15 100 M M 0 22 90
2 83 44 64 1 1 0 0.00 M M 4.7 14 120 M M 0 21 70
3 85 43 64 2 1 0 0.00 M M 6.0 15 150 M M 0 22 150
4 86 48 67 5 0 2 0.00 M M 8.3 18 180 M M 0 26 170
5 82 56 69 7 0 4 0.00 M M 7.3 14 290 M M 5 21 280
6 83 51 67 6 0 2 0.00 M M 6.8 17 10 M M 0 25 30
7 61 40 51 -10 14 0 0.01 M M 9.0 18 10 M M 5 27 10
8 67 43 55 -5 10 0 0.00 M M 3.8 10 230 M M 7 14 290
9 78 48 63 3 2 0 0.00 M M 5.4 15 220 M M 6 21 250
10 84 44 64 4 1 0 0.00 M M 7.5 20 170 M M 2 1 29 190
11 82 63 73 14 0 8 T M M 19.4 32 180 M M 5 46 160
12 74 49 62 3 3 0 0.14 M M 12.4 25 180 M M 3 13 37 200
13 69 44 57 -1 8 0 0.00 M M 11.6 30 290 M M 0 45 300
14 83 40 62 4 3 0 0.00 M M 9.6 26 270 M M 0 39 270
15 79 37 58 0 7 0 0.00 M M 4.1 10 130 M M 1 17 140
16 70 43 57 0 8 0 0.00 M M 7.9 18 320 M M 0 29 320
17 54 32 43 -14 22 0 0.00 M M 8.9 20 320 M M 0 31 310
18 48 24 36 -20 29 0 0.00 M M 6.8 16 360 M M 0 25 10
19 64 21 43 -13 22 0 0.00 M M 5.2 13 210 M M 0 19 280
20 80 33 57 1 8 0 0.00 M M 6.9 16 280 M M 0 28 290
21 90 48 69 14 0 4 0.00 M M 13.6 25 190 M M 0 36 200
22 84 61 73 18 0 8 0.00 M M 19.2 31 170 M M 0 43 170
23 84 68 76 22 0 11 0.00 M M 26.5 40 170 M M 0 55 180
24 75 44 60 6 5 0 0.66 M M 12.9 31 180 M M 7 1 45 180
25 62 43 53 -1 12 0 0.00 M M 9.3 24 320 M M 0 35 310
26 67 37 52 -1 13 0 0.00 M M 6.5 13 120 M M 0 18 110
27 65 44 55 2 10 0 0.04 M M 11.3 23 140 M M 2 31 120
28 69 41 55 3 10 0 0.00 M M 6.5 15 50 M M 1 20 20
29 68 37 53 1 12 0 0.00 M M 4.2 13 20 M M 0 19 20
30 67 49 58 6 7 0 0.00 M M 5.4 14 360 M M 2 8 18 360
31 71 44 58 7 7 0 0.00 M M 6.4 12 180 M M 2 16 290
================================================================================
SM 2294 1362 218 39 0.85 M 279.8 M 48
================================================================================
AV 74.0 43.9 9.0 FASTST M M 2 MAX(MPH)
MISC ----> 40 170 55 180
================================================================================
NOTES:
# LAST OF SEVERAL OCCURRENCES
COLUMN 17 PEAK WIND IN M.P.H.
PRELIMINARY LOCAL CLIMATOLOGICAL DATA (WS FORM: F-6) , PAGE 2
STATION: EMPORIA KS
MONTH: OCTOBER
YEAR: 2022
LATITUDE: 38 19 N
LONGITUDE: 96 12 W
[TEMPERATURE DATA] [PRECIPITATION DATA] SYMBOLS USED IN COLUMN 16
AVERAGE MONTHLY: 59.0 TOTAL FOR MONTH: 0.85 1 = FOG OR MIST
DPTR FM NORMAL: 1.8 DPTR FM NORMAL: -2.21 2 = FOG REDUCING VISIBILITY
HIGHEST: 90 ON 21 GRTST 24HR 0.66 ON 24-24 TO 1/4 MILE OR LESS
LOWEST: 21 ON 19 3 = THUNDER
SNOW, ICE PELLETS, HAIL 4 = ICE PELLETS
TOTAL MONTH: M 5 = HAIL
GRTST 24HR M ON M 6 = FREEZING RAIN OR DRIZZLE
GRTST DEPTH: M ON M 7 = DUSTSTORM OR SANDSTORM:
VSBY 1/2 MILE OR LESS
8 = SMOKE OR HAZE
[NO. OF DAYS WITH] [WEATHER - DAYS WITH] 9 = BLOWING SNOW
X = TORNADO
MAX 32 OR BELOW: 0 0.01 INCH OR MORE: 4
MAX 90 OR ABOVE: 1 0.10 INCH OR MORE: 2
MIN 32 OR BELOW: 3 0.50 INCH OR MORE: 1
MIN 0 OR BELOW: 0 1.00 INCH OR MORE: 0
[HDD (BASE 65) ]
TOTAL THIS MO. 218 CLEAR (SCALE 0-3) 24
DPTR FM NORMAL -56 PTCLDY (SCALE 4-7) 7
TOTAL FM JUL 1 228 CLOUDY (SCALE 8-10) 0
DPTR FM NORMAL -95
[CDD (BASE 65) ]
TOTAL THIS MO. 39
DPTR FM NORMAL 6 [PRESSURE DATA]
TOTAL FM JAN 1 1853 HIGHEST SLP M ON M
DPTR FM NORMAL 422 LOWEST SLP 29.46 ON 23
[REMARKS]
#FINAL-10-22#