000
CXUS53 KPAH 010704
CLMEVV

INDCLMEEV 000
TTAA00 KPAH 010659


CLIMATE REPORT
NATIONAL WEATHER SERVICE PADUCAH KY
157 AM CDT TUE APR 1 2014

...................................

...THE EVANSVILLE ASOS CLIMATE SUMMARY FOR THE MONTH OF MARCH 2014...

CLIMATE NORMAL PERIOD 1981 TO 2010
CLIMATE RECORD PERIOD 1896 TO 2014

WEATHER         OBSERVED          NORMAL  DEPART  LAST YEAR`S
                 VALUE   DATE(S)  VALUE   FROM    VALUE  DATE(S)
                                          NORMAL
................................................................
TEMPERATURE (F)
RECORD
 HIGH              87   03/24/1929
 LOW               -9   03/06/1960
HIGHEST            75   03/11        56      19       67  03/15
                                                          03/10
LOWEST             11   03/04        45     -34       20  03/03
AVG. MAXIMUM     53.2              56.7    -3.5     48.2
AVG. MINIMUM     30.3              35.3    -5.0     30.9
MEAN             41.8              46.0    -4.2     39.6
DAYS MAX >= 90      0               0.0     0.0        0
DAYS MAX <= 32      1               0.5     0.5        0
DAYS MIN <= 32     18              12.4     5.6       20
DAYS MIN <= 0       0               0.0     0.0        0

PRECIPITATION (INCHES)
RECORD
 MAXIMUM        12.84   1964
 MINIMUM         0.01   1910
TOTALS           2.85              4.24   -1.39     4.08
DAILY AVG.       0.09              0.14   -0.05     0.13
DAYS >= .01        10              10.6    -0.6       11
DAYS >= .10         6               7.1    -1.1        6
DAYS >= .50         3               3.0     0.0        3
DAYS >= 1.00        0               1.0    -1.0        1
GREATEST
 24 HR. TOTAL    0.78   03/02 TO 03/02
 STORM TOTAL       MM
 (MM/DD(HH))            MM

SNOWFALL (INCHES)
RECORDS
 TOTAL           20.2   1960
TOTALS            2.6               1.0     1.6        T
SINCE 7/1        12.6              11.7     0.9     12.3
SNOWDEPTH AVG.      0                MM      MM        0
DAYS >= TRACE       5
DAYS >= 1.0         1               0.3     0.7        0
GREATEST
 SNOW DEPTH         2   03/04                          0  MM
                        03/03
 24 HR TOTAL      1.7   MM
 STORM TOTAL       MM
 (MM/DD(HH))            MM

DEGREE_DAYS
HEATING TOTAL     713               592     121      781
 SINCE 7/1       4675              4166     509     4144
COOLING TOTAL       0                 3      -3        0
 SINCE 1/1          0                 3      -3        0
.................................................................

WIND (MPH)
AVERAGE WIND SPEED              9.0
HIGHEST WIND SPEED/DIRECTION    35/220    DATE  03/14
HIGHEST GUST SPEED/DIRECTION    48/220    DATE  03/14

SKY COVER
POSSIBLE SUNSHINE (PERCENT)   MM
AVERAGE SKY COVER           0.30
NUMBER OF DAYS FAIR           19
NUMBER OF DAYS PC              6
NUMBER OF DAYS CLOUDY          6

AVERAGE RH (PERCENT)     63

WEATHER CONDITIONS. NUMBER OF DAYS WITH
THUNDERSTORM              0     MIXED PRECIP               0
HEAVY RAIN                3     RAIN                       3
LIGHT RAIN                9     FREEZING RAIN              0
LT FREEZING RAIN          0     HAIL                       0
HEAVY SNOW                0     SNOW                       1
LIGHT SNOW                6     SLEET                      2
FOG                      18     FOG W/VIS <= 1/4 MILE      1
HAZE                     20

-  INDICATES NEGATIVE NUMBERS.
R  INDICATES RECORD WAS SET OR TIED.
MM INDICATES DATA IS MISSING.
T  INDICATES TRACE AMOUNT.

$$
