000
CXUS53 KPAH 010646
CLMEVV

CLIMATE REPORT
NATIONAL WEATHER SERVICE PADUCAH KY
1246 AM CST THU JAN 1 2015

...................................

...THE EVANSVILLE ASOS CLIMATE SUMMARY FOR THE MONTH OF DECEMBER 2014...

CLIMATE NORMAL PERIOD 1981 TO 2010
CLIMATE RECORD PERIOD 1896 TO 2014

WEATHER         OBSERVED          NORMAL  DEPART  LAST YEAR`S
                 VALUE   DATE(S)  VALUE   FROM    VALUE  DATE(S)
                                          NORMAL
................................................................
TEMPERATURE (F)
RECORD
 HIGH              77   12/02/1982
 LOW              -15   12/22/1989
HIGHEST            59   12/05        44      15       70  12/04
LOWEST             18   12/31        27      -9        5  12/12
AVG. MAXIMUM     45.2              44.1     1.1     43.3
AVG. MINIMUM     33.8              27.1     6.7     26.8
MEAN             39.5              35.6     3.9     35.0
DAYS MAX >= 90      0               0.0     0.0        0
DAYS MAX <= 32      1               4.6    -3.6        6
DAYS MIN <= 32     10              21.3   -11.3       22
DAYS MIN <= 0       0               0.5    -0.5        0

PRECIPITATION (INCHES)
RECORD
 MAXIMUM         8.23   1982
 MINIMUM         0.56   1976
TOTALS           3.43              3.76   -0.33     7.33
DAILY AVG.       0.11              0.12   -0.01     0.24
DAYS >= .01        10              10.8    -0.8       12
DAYS >= .10         8               7.2     0.8        6
DAYS >= .50         1               2.6    -1.6        4
DAYS >= 1.00        1               0.9     0.1        2
GREATEST
 24 HR. TOTAL    1.36   12/05 TO 12/06
 STORM TOTAL       MM
 (MM/DD(HH))            MM

SNOWFALL (INCHES)
RECORDS
 TOTAL           25.1   1917
TOTALS              T               3.2    -3.2      7.2
SINCE 7/1         2.4               3.5    -1.1      7.2
SNOWDEPTH AVG.      0                MM      MM        1
DAYS >= TRACE       1
DAYS >= 1.0         0               1.0    -1.0        1
GREATEST
 SNOW DEPTH         0   MM                             6  12/07
 24 HR TOTAL        T   12/20 TO 12/20
 STORM TOTAL       MM
 (MM/DD(HH))            MM

DEGREE_DAYS
HEATING TOTAL     781               911    -130      920
 SINCE 7/1       1784              1772      12     1834
.................................................................

WIND (MPH)
AVERAGE WIND SPEED              6.5
HIGHEST WIND SPEED/DIRECTION    22/240    DATE  12/16
HIGHEST GUST SPEED/DIRECTION    29/360    DATE  12/06

SKY COVER
POSSIBLE SUNSHINE (PERCENT)   MM
AVERAGE SKY COVER           0.70
NUMBER OF DAYS FAIR            5
NUMBER OF DAYS PC              8
NUMBER OF DAYS CLOUDY         18

AVERAGE RH (PERCENT)     76

WEATHER CONDITIONS. NUMBER OF DAYS WITH
THUNDERSTORM              0     MIXED PRECIP               0
HEAVY RAIN                5     RAIN                       8
LIGHT RAIN               11     FREEZING RAIN              0
LT FREEZING RAIN          0     HAIL                       0
HEAVY SNOW                0     SNOW                       0
LIGHT SNOW                1     SLEET                      0
FOG                      19     FOG W/VIS <= 1/4 MILE      3
HAZE                     12

-  INDICATES NEGATIVE NUMBERS.
R  INDICATES RECORD WAS SET OR TIED.
MM INDICATES DATA IS MISSING.
T  INDICATES TRACE AMOUNT.

$$
