000
CXUS53 KPAH 081138
CLMEVV

CLIMATE REPORT
NATIONAL WEATHER SERVICE PADUCAH KY
533 AM CST SAT FEB 8 2014

...................................

...THE EVANSVILLE ASOS CLIMATE SUMMARY FOR THE MONTH OF JANUARY 2014...

CLIMATE NORMAL PERIOD 1981 TO 2010
CLIMATE RECORD PERIOD 1896 TO 2014

WEATHER         OBSERVED          NORMAL  DEPART  LAST YEAR`S
                 VALUE   DATE(S)  VALUE   FROM    VALUE  DATE(S)
                                          NORMAL
................................................................
TEMPERATURE (F)
RECORD
 HIGH              76   01/24/1943
 LOW              -21   01/17/1982
HIGHEST            55   01/26        39      16       69  01/29
                        01/14
LOWEST             -4   01/07        21     -25       13  01/03
AVG. MAXIMUM     38.2              41.0    -2.8     44.2
AVG. MINIMUM     17.7              24.0    -6.3     26.4
MEAN             27.9              32.5    -4.6     35.3
DAYS MAX >= 90      0               0.0     0.0        0
DAYS MAX <= 32      9               6.8     2.2        5
DAYS MIN <= 32     28              24.0     4.0       24
DAYS MIN <= 0       2               0.9     1.1        0

PRECIPITATION (INCHES)
RECORD
 MAXIMUM        14.78   1937
 MINIMUM         0.51   1981
TOTALS           1.69              3.10   -1.41     6.77
DAILY AVG.       0.05              0.10   -0.05     0.22
DAYS >= .01        12               9.8     2.2       11
DAYS >= .10         2               5.6    -3.6        7
DAYS >= .50         2               2.0     0.0        5
DAYS >= 1.00        0               0.6    -0.6        3
GREATEST
 24 HR. TOTAL    0.73   01/05 TO 01/05
 STORM TOTAL       MM
 (MM/DD(HH))            MM

SNOWFALL (INCHES)
RECORDS
 TOTAL           41.0   1918
TOTALS            0.6               3.4    -2.8      0.3
SINCE 7/1         7.8               6.9     0.9     11.0
SNOWDEPTH AVG.      0                 2      -2        0
DAYS >= TRACE       9
DAYS >= 1.0         0               1.2    -1.2        0
GREATEST
 SNOW DEPTH         0   MM                             1  01/05
                                                          01/04
                                                          01/03
 24 HR TOTAL      0.6   MM
 STORM TOTAL       MM
 (MM/DD(HH))            MM

DEGREE_DAYS
HEATING TOTAL    1142              1007     135      912
 SINCE 7/1       2976              2779     197     2565
.................................................................

WIND (MPH)
AVERAGE WIND SPEED              9.4
HIGHEST WIND SPEED/DIRECTION    35/320    DATE  01/26
HIGHEST GUST SPEED/DIRECTION    46/320    DATE  01/26

SKY COVER
POSSIBLE SUNSHINE (PERCENT)   MM
AVERAGE SKY COVER           0.40
NUMBER OF DAYS FAIR           14
NUMBER OF DAYS PC             11
NUMBER OF DAYS CLOUDY          6

AVERAGE RH (PERCENT)     63

WEATHER CONDITIONS. NUMBER OF DAYS WITH
THUNDERSTORM              0     MIXED PRECIP               0
HEAVY RAIN                2     RAIN                       4
LIGHT RAIN               12     FREEZING RAIN              0
LT FREEZING RAIN          0     HAIL                       0
HEAVY SNOW                0     SNOW                       1
LIGHT SNOW               11     SLEET                      0
FOG                       9     FOG W/VIS <= 1/4 MILE      0
HAZE                      5

-  INDICATES NEGATIVE NUMBERS.
R  INDICATES RECORD WAS SET OR TIED.
MM INDICATES DATA IS MISSING.
T  INDICATES TRACE AMOUNT.

$$
