000
CXUS53 KPAH 011354
CLMEVV

INDCLMEEV 000
TTAA00 KPAH 011350


CLIMATE REPORT
NATIONAL WEATHER SERVICE PADUCAH KY
849 AM CDT WED OCT 1 2014

...................................

...THE EVANSVILLE ASOS CLIMATE SUMMARY FOR THE MONTH OF SEPTEMBER 2014...

CLIMATE NORMAL PERIOD 1981 TO 2010
CLIMATE RECORD PERIOD 1896 TO 2014

WEATHER         OBSERVED          NORMAL  DEPART  LAST YEAR`S
                 VALUE   DATE(S)  VALUE   FROM    VALUE  DATE(S)
                                          NORMAL
................................................................
TEMPERATURE (F)
RECORD
 HIGH             104   09/06/1925
 LOW               31   09/29/1942
                        09/28/1942
HIGHEST            92   09/05        81      11       95  09/11
LOWEST             46   09/23        58     -12       47  09/14
                        09/17
AVG. MAXIMUM     80.0              81.3    -1.3     82.7
AVG. MINIMUM     57.8              56.8     1.0     61.0
MEAN             68.9              69.1    -0.2     71.9
DAYS MAX >= 90      2               4.1    -2.1        3
DAYS MAX <= 32      0               0.0     0.0        0
DAYS MIN <= 32      0               0.0     0.0        0
DAYS MIN <= 0       0               0.0     0.0        0

PRECIPITATION (INCHES)
RECORD
 MAXIMUM         9.89   1945
 MINIMUM         0.09   2004
TOTALS           2.55              3.05   -0.50     2.81
DAILY AVG.       0.09              0.10   -0.01     0.09
DAYS >= .01         5               7.4    -2.4        9
DAYS >= .10         5               4.8     0.2        5
DAYS >= .50         2               1.9     0.1        3
DAYS >= 1.00        0               0.9    -0.9        1
GREATEST
 24 HR. TOTAL    1.11   09/01 TO 09/02
 STORM TOTAL       MM
 (MM/DD(HH))            MM

DEGREE_DAYS
HEATING TOTAL      36                46     -10       10
 SINCE 7/1         36                47     -11       10
COOLING TOTAL     163               167      -4      215
 SINCE 1/1       1443              1366      77     1407
.................................................................

WIND (MPH)
AVERAGE WIND SPEED              5.1
HIGHEST WIND SPEED/DIRECTION    26/220    DATE  09/01
HIGHEST GUST SPEED/DIRECTION    35/340    DATE  09/05

SKY COVER
POSSIBLE SUNSHINE (PERCENT)   MM
AVERAGE SKY COVER           0.20
NUMBER OF DAYS FAIR           20
NUMBER OF DAYS PC              7
NUMBER OF DAYS CLOUDY          3

AVERAGE RH (PERCENT)     69

WEATHER CONDITIONS. NUMBER OF DAYS WITH
THUNDERSTORM              0     MIXED PRECIP               0
HEAVY RAIN                4     RAIN                       5
LIGHT RAIN                7     FREEZING RAIN              0
LT FREEZING RAIN          0     HAIL                       0
HEAVY SNOW                0     SNOW                       0
LIGHT SNOW                0     SLEET                      0
FOG                      14     FOG W/VIS <= 1/4 MILE      1
HAZE                      3

-  INDICATES NEGATIVE NUMBERS.
R  INDICATES RECORD WAS SET OR TIED.
MM INDICATES DATA IS MISSING.
T  INDICATES TRACE AMOUNT.

$$
