000
CXUS53 KIND 010600
CF6EYE
PRELIMINARY LOCAL CLIMATOLOGICAL DATA (WS FORM: F-6)
STATION: INDIANAPOLIS EAGLE CREEK IN
MONTH: MARCH
YEAR: 2023
LATITUDE: 39 49 N
LONGITUDE: 86 18 W
TEMPERATURE IN F: :PCPN: SNOW: WIND :SUNSHINE: SKY :PK WND
================================================================================
1 2 3 4 5 6A 6B 7 8 9 10 11 12 13 14 15 16 17 18
12Z AVG MX 2MIN
DY MAX MIN AVG DEP HDD CDD WTR SNW DPTH SPD SPD DIR MIN PSBL S-S WX SPD DR
================================================================================
1 75 36 56 19 9 0 0.00 M M 6.0 16 310 M M 0 28 260
2 55 35 45 8 20 0 0.00 M M 7.6 15 310 M M 0 21 300
3 43 34 39 1 26 0 2.42 M M 16.8 31 330 M M 8 13 49 340
4 55 30 43 5 22 0 0.00 M M 4.9 22 300 M M 2 18 33 300
5 57 34 46 8 19 0 0.00 M M 6.0 15 120 M M 2 1 22 130
6 73 45 59 20 6 0 0.00 M M 8.7 22 320 M M 4 33 310
7 50 38 44 5 21 0 0.00 M M 12.6 25 330 M M 5 35 340
8 51 35 43 3 22 0 0.00 M M 11.4 18 80 M M 2 27 70
9 52 33 43 3 22 0 0.10 M M 11.0 21 120 M M 7 1 31 110
10 42 35 39 -1 26 0 0.10 M M 13.2 25 290 M M 10 1 35 290
11 47 34 41 0 24 0 0.01 M M 7.7 15 90 M M 8 24 110
12 38 33 36 -5 29 0 0.14 M M 6.3 18 300 M M 10 1 28 330
13 35 29 32 -10 33 0 0.01 M M 12.3 21 290 M M 9 18 29 270
14 39 24 32 -10 33 0 0.00 M M 9.8 17 330 M M 5 30 290
15 51 21 36 -6 29 0 T M M 4.0 13 180 M M 0 18 19 180
16 57 35 46 3 19 0 0.18 M M 8.0 23 200 M M 5 18 37 180
17 54 30 42 -1 23 0 0.14 M M 15.3 26 290 M M 9 1 42 190
18 30 19 25 -18 40 0 T M M 13.8 26 300 M M 8 18 37 300
19 37 19 28 -16 37 0 0.00 M M 7.9 17 290 M M 2 24 270
20 51 25 38 -6 27 0 0.00 M M 8.8 21 190 M M 0 31 200
21 54 31 43 -1 22 0 0.03 M M 5.7 18 170 M M 5 1 31 180
22 54 41 48 3 17 0 0.07 M M 8.3 18 170 M M 10 18 33 170
23 64 44 54 9 11 0 0.67 M M 8.3 20 360 M M 9 13 31 210
24 45 41 43 -3 22 0 1.12 M M 9.2 16 50 M M 10 123 23 10
25 54 35 45 -1 20 0 0.29 M M 10.4 29 270 M M 7 1 52 250
26 65 31 48 2 17 0 0.16 M M 4.9 22 300 M M 1 18 28 310
27 50 35 43 -4 22 0 0.30 M M 7.6 15 300 M M 9 1 20 310
28 51 31 41 -6 24 0 0.00 M M 5.6 16 340 M M 1 22 340
29 55 34 45 -2 20 0 0.00 M M M 22 290 M M M 31 250
30 62 30 46 -2 19 0 T M M M 16 130 M M M 26 130
31 70 50 60 12 5 0 0.61 M M 12.2 41 290 M M 9 13 59 280
================================================================================
SM 1616 1027 686 0 6.35 M 264.3 M 157
================================================================================
AV 52.1 33.1 9.1 FASTST M M 5 MAX(MPH)
MISC ----> 41 290 59 280
================================================================================
NOTES:
# LAST OF SEVERAL OCCURRENCES
COLUMN 17 PEAK WIND IN M.P.H.
PRELIMINARY LOCAL CLIMATOLOGICAL DATA (WS FORM: F-6) , PAGE 2
STATION: INDIANAPOLIS EAGLE CREEK IN
MONTH: MARCH
YEAR: 2023
LATITUDE: 39 49 N
LONGITUDE: 86 18 W
[TEMPERATURE DATA] [PRECIPITATION DATA] SYMBOLS USED IN COLUMN 16
AVERAGE MONTHLY: 42.6 TOTAL FOR MONTH: 6.35 1 = FOG OR MIST
DPTR FM NORMAL: 0.0 DPTR FM NORMAL: 3.07 2 = FOG REDUCING VISIBILITY
HIGHEST: 75 ON 1 GRTST 24HR 2.42 ON 3- 3 TO 1/4 MILE OR LESS
LOWEST: 19 ON 19,18 3 = THUNDER
SNOW, ICE PELLETS, HAIL 4 = ICE PELLETS
TOTAL MONTH: M 5 = HAIL
GRTST 24HR M ON M 6 = FREEZING RAIN OR DRIZZLE
GRTST DEPTH: M ON M 7 = DUSTSTORM OR SANDSTORM:
VSBY 1/2 MILE OR LESS
8 = SMOKE OR HAZE
[NO. OF DAYS WITH] [WEATHER - DAYS WITH] 9 = BLOWING SNOW
X = TORNADO
MAX 32 OR BELOW: 1 0.01 INCH OR MORE: 16
MAX 90 OR ABOVE: 0 0.10 INCH OR MORE: 12
MIN 32 OR BELOW: 12 0.50 INCH OR MORE: 4
MIN 0 OR BELOW: 0 1.00 INCH OR MORE: 2
[HDD (BASE 65) ]
TOTAL THIS MO. 686 CLEAR (SCALE 0-3) 10
DPTR FM NORMAL -11 PTCLDY (SCALE 4-7) 10
TOTAL FM JUL 1 4226 CLOUDY (SCALE 8-10) 11
DPTR FM NORMAL -499
[CDD (BASE 65) ]
TOTAL THIS MO. 0
DPTR FM NORMAL -3 [PRESSURE DATA]
TOTAL FM JAN 1 0 HIGHEST SLP M ON M
DPTR FM NORMAL -3 LOWEST SLP 28.92 ON 3
[REMARKS]
#FINAL-03-23#