000
CXUS56 KFGZ 010910
CF6FLG
PRELIMINARY LOCAL CLIMATOLOGICAL DATA (WS FORM: F-6)
STATION: FLAGSTAFF AZ AIRPORT
MONTH: FEBRUARY
YEAR: 2023
LATITUDE: 35 7 N
LONGITUDE: 111 40 W
TEMPERATURE IN F: :PCPN: SNOW: WIND :SUNSHINE: SKY :PK WND
================================================================================
1 2 3 4 5 6A 6B 7 8 9 10 11 12 13 14 15 16 17 18
12Z AVG MX 2MIN
DY MAX MIN AVG DEP HDD CDD WTR SNW DPTH SPD SPD DIR MIN PSBL S-S WX SPD DR
================================================================================
1 36 7 22 -9 43 0 0.00 0.0 20 6.2 17 80 M M 0 21 90
2 43 0 22 -9 43 0 0.00 0.0 18 3.5 15 60 M M 0 20 60
3 49 14 32 0 33 0 0.00 0.0 18 3.4 15 220 M M 0 17 230
4 50 17 34 2 31 0 0.00 0.0 16 3.4 15 220 M M 1 19 210
5 47 18 33 1 32 0 0.00 0.0 16 12.5 29 220 M M 1 37 230
6 36 17 27 -5 38 0 0.02 0.2 15 8.6 22 40 M M 4 29 40
7 38 15 27 -5 38 0 0.00 0.0 14 10.3 23 30 M M 0 30 40
8 50 6 28 -4 37 0 0.00 0.0 14 3.5 13 70 M M 0 17 60
9 36 23 30 -2 35 0 0.00 0.0 14 19.8 37 60 M M 0 48 60
10 42 16 29 -3 36 0 0.00 0.0 13 7.2 18 50 M M 0 25 80
11 46 14 30 -2 35 0 0.00 0.0 13 5.3 21 210 M M 1 30 200
12 46 11 29 -3 36 0 0.00 0.0 13 6.0 17 70 M M 1 22 70
13 38 18 28 -4 37 0 0.01 T 12 7.7 23 200 M M 6 123 28 200
14 29 16 23 -9 42 0 0.82 10.0 12 16.8 31 210 M M 10 12 39 220
15 24 1 13 -19 52 0 T 0.1 22 6.8 15 260 M M 7 8 22 270
16 27 -9 9 -24 56 0 0.00 0.0 20 11.6 32 60 M M 0 8 44 60
17 30 13 22 -11 43 0 0.00 0.0 20 9.4 21 50 M M 0 8 26 70
18 44 13 29 -4 36 0 0.00 0.0 19 6.4 25 230 M M 3 33 220
19 47 21 34 1 31 0 T 0.0 18 5.8 20 220 M M 4 27 200
20 51 22 37 4 28 0 0.00 0.0 16 3.9 20 210 M M 3 22 210
21 45 21 33 0 32 0 0.19 1.0 14 13.5 39 220 M M 6 1 58 220
22 34 19 27 -7 38 0 0.51 4.4 17 22.7 52 220 M M 10 12389 74 230
23 28 19 24 -10 41 0 0.75 5.4 22 17.0 29 210 M M 10 128 40 200
24 39 19 29 -5 36 0 0.09 1.5 22 11.2 38 220 M M 5 18 50 220
25 48 18 33 -1 32 0 0.00 0.0 20 9.1 24 210 M M 0 35 220
26 36 18 27 -7 38 0 0.68 10.3 25 11.0 26 240 M M 9 128 34 230
27 35 12 24 -10 41 0 0.00 0.0 25 11.2 23 220 M M 5 8 30 220
28 35 26 31 -4 34 0 0.05 0.5 20 16.4 26 220 M M 9 1 34 220
================================================================================
SM 1109 405 1054 0 3.12 33.4 270.2 M 95
================================================================================
AV 39.6 14.5 9.6 FASTST M M 3 MAX(MPH)
MISC ----> 52 220 74 230
================================================================================
NOTES:
# LAST OF SEVERAL OCCURRENCES
COLUMN 17 PEAK WIND IN M.P.H.
PRELIMINARY LOCAL CLIMATOLOGICAL DATA (WS FORM: F-6) , PAGE 2
STATION: FLAGSTAFF AZ AIRPORT
MONTH: FEBRUARY
YEAR: 2023
LATITUDE: 35 7 N
LONGITUDE: 111 40 W
[TEMPERATURE DATA] [PRECIPITATION DATA] SYMBOLS USED IN COLUMN 16
AVERAGE MONTHLY: 27.0 TOTAL FOR MONTH: 3.12 1 = FOG OR MIST
DPTR FM NORMAL: -5.6 DPTR FM NORMAL: 0.95 2 = FOG REDUCING VISIBILITY
HIGHEST: 51 ON 20 GRTST 24HR 0.82 ON 14-14 TO 1/4 MILE OR LESS
LOWEST: -9 ON 16 3 = THUNDER
SNOW, ICE PELLETS, HAIL 4 = ICE PELLETS
TOTAL MONTH: 33.4 INCHES 5 = HAIL
GRTST 24HR 10.3 ON 26-26 6 = FREEZING RAIN OR DRIZZLE
GRTST DEPTH: 25 ON 27,26 7 = DUSTSTORM OR SANDSTORM:
VSBY 1/2 MILE OR LESS
8 = SMOKE OR HAZE
[NO. OF DAYS WITH] [WEATHER - DAYS WITH] 9 = BLOWING SNOW
X = TORNADO
MAX 32 OR BELOW: 5 0.01 INCH OR MORE: 9
MAX 90 OR ABOVE: 0 0.10 INCH OR MORE: 5
MIN 32 OR BELOW: 28 0.50 INCH OR MORE: 4
MIN 0 OR BELOW: 2 1.00 INCH OR MORE: 0
[HDD (BASE 65) ]
TOTAL THIS MO. 1054 CLEAR (SCALE 0-3) 16
DPTR FM NORMAL 148 PTCLDY (SCALE 4-7) 7
TOTAL FM JUL 1 4816 CLOUDY (SCALE 8-10) 5
DPTR FM NORMAL 118
[CDD (BASE 65) ]
TOTAL THIS MO. 0
DPTR FM NORMAL 0 [PRESSURE DATA]
TOTAL FM JAN 1 0 HIGHEST SLP M ON M
DPTR FM NORMAL 0 LOWEST SLP 29.07 ON 22
[REMARKS]
#FINAL-02-23#