000
CXUS53 KAPX 010730
CF6GLR
PRELIMINARY LOCAL CLIMATOLOGICAL DATA (WS FORM: F-6)
STATION: GAYLORD
MONTH: MAY
YEAR: 2023
LATITUDE: 45 0 N
LONGITUDE: 84 42 W
TEMPERATURE IN F: :PCPN: SNOW: WIND :SUNSHINE: SKY :PK WND
================================================================================
1 2 3 4 5 6A 6B 7 8 9 10 11 12 13 14 15 16 17 18
12Z AVG MX 2MIN
DY MAX MIN AVG DEP HDD CDD WTR SNW DPTH SPD SPD DIR MIN PSBL S-S WX SPD DR
================================================================================
1 41 33 37 -10 28 0 0.32 M M 9.7 17 250 M M 10 128 27 290
2 41 34 38 -10 27 0 0.12 M M 8.5 17 310 M M 10 1 32 310
3 55 38 47 -1 18 0 0.00 M M 7.3 14 290 M M 6 21 290
4 62 32 47 -1 18 0 0.00 M M 2.8 12 140 M M 4 15 140
5 53 45 49 0 16 0 0.19 M M 8.3 14 120 M M 10 1 22 140
6 70 48 59 10 6 0 T M M 10.0 17 140 M M 9 26 130
7 55 47 51 1 14 0 0.59 M M 7.0 17 120 M M 10 138 24 110
8 68 38 53 3 12 0 0.00 M M 4.2 13 50 M M 1 12 18 70
9 71 37 54 3 11 0 0.00 M M 2.7 12 250 M M 0 20 260
10 77 39 58 7 7 0 T M M 3.1 13 280 M M 2 23 280
11 80 52 66 15 0 1 0.00 M M 4.3 14 250 M M 3 21 260
12 82 50 66 14 0 1 0.00 M M 3.1 14 40 M M 1 20 30
13 75 53 64 12 1 0 0.00 M M 7.1 15 40 M M 0 24 70
14 64 38 51 -2 14 0 0.00 M M 5.4 14 50 M M 0 20 50
15 71 30 51 -2 14 0 0.00 M M 6.6 17 260 M M 0 26 300
16 70 44 57 4 8 0 0.00 M M 7.7 16 270 M M 2 26 280
17 59 34 47 -7 18 0 0.00 M M 5.5 10 30 M M 0 16 30
18 67 37 52 -2 13 0 0.00 M M 10.2 16 180 M M 0 M M
19 67 47 57 3 8 0 0.09 M M 8.7 17 260 M M M 8 24 170
20 65 44 55 0 10 0 0.07 M M 6.9 16 300 M M 6 18 32 280
21 73 44 59 4 6 0 0.00 M M 5.3 13 270 M M 0 19 330
22 76 43 60 4 5 0 0.00 M M 4.0 10 170 M M 2 14 200
23 79 46 63 7 2 0 0.00 M M 5.2 14 250 M M 0 19 260
24 62 40 51 -5 14 0 0.00 M M 8.8 18 50 M M 3 18 28 40
25 67 38 53 -4 12 0 0.00 M M 5.4 14 50 M M 0 8 22 110
26 76 32 54 -3 11 0 0.00 M M 2.1 10 330 M M 0 16 10
27 82 37 60 3 5 0 0.00 M M 2.6 14 210 M M 0 18 210
28 84 42 63 5 2 0 0.00 M M 3.0 13 30 M M 0 19 40
29 89 41 65 7 0 0 0.00 M M 3.4 12 120 M M 0 18 130
30 90 49 70 12 0 5 0.00 M M 5.2 15 200 M M 1 22 180
31 93 58 76 18 0 11 0.00 M M 5.4 17 270 M M 1 3 28 290
================================================================================
SM 2164 1290 300 18 1.38 M 179.5 M 81
================================================================================
AV 69.8 41.6 5.8 FASTST M M 3 MAX(MPH)
MISC ----> 18 50 # 32 310
================================================================================
NOTES:
# LAST OF SEVERAL OCCURRENCES
COLUMN 17 PEAK WIND IN M.P.H.
PRELIMINARY LOCAL CLIMATOLOGICAL DATA (WS FORM: F-6) , PAGE 2
STATION: GAYLORD
MONTH: MAY
YEAR: 2023
LATITUDE: 45 0 N
LONGITUDE: 84 42 W
[TEMPERATURE DATA] [PRECIPITATION DATA] SYMBOLS USED IN COLUMN 16
AVERAGE MONTHLY: 55.7 TOTAL FOR MONTH: 1.38 1 = FOG OR MIST
DPTR FM NORMAL: 2.6 DPTR FM NORMAL: -1.63 2 = FOG REDUCING VISIBILITY
HIGHEST: 93 ON 31 GRTST 24HR 0.59 ON 6- 7 TO 1/4 MILE OR LESS
LOWEST: 30 ON 15 3 = THUNDER
SNOW, ICE PELLETS, HAIL 4 = ICE PELLETS
TOTAL MONTH: M 5 = HAIL
GRTST 24HR M ON M 6 = FREEZING RAIN OR DRIZZLE
GRTST DEPTH: M ON M 7 = DUSTSTORM OR SANDSTORM:
VSBY 1/2 MILE OR LESS
8 = SMOKE OR HAZE
[NO. OF DAYS WITH] [WEATHER - DAYS WITH] 9 = BLOWING SNOW
X = TORNADO
MAX 32 OR BELOW: 0 0.01 INCH OR MORE: 6
MAX 90 OR ABOVE: 2 0.10 INCH OR MORE: 4
MIN 32 OR BELOW: 3 0.50 INCH OR MORE: 1
MIN 0 OR BELOW: 0 1.00 INCH OR MORE: 0
[HDD (BASE 65) ]
TOTAL THIS MO. 300 CLEAR (SCALE 0-3) 21
DPTR FM NORMAL -83 PTCLDY (SCALE 4-7) 4
TOTAL FM JUL 1 6918 CLOUDY (SCALE 8-10) 6
DPTR FM NORMAL -1310
[CDD (BASE 65) ]
TOTAL THIS MO. 18
DPTR FM NORMAL 2 [PRESSURE DATA]
TOTAL FM JAN 1 29 HIGHEST SLP 30.51 ON 14
DPTR FM NORMAL 12 LOWEST SLP 29.13 ON 1
[REMARKS]
#FINAL-05-23#