000
CXUS53 KAPX 010831
CF6GLR
PRELIMINARY LOCAL CLIMATOLOGICAL DATA (WS FORM: F-6)
STATION: GAYLORD
MONTH: DECEMBER
YEAR: 2021
LATITUDE: 45 0 N
LONGITUDE: 84 42 W
TEMPERATURE IN F: :PCPN: SNOW: WIND :SUNSHINE: SKY :PK WND
================================================================================
1 2 3 4 5 6A 6B 7 8 9 10 11 12 13 14 15 16 17 18
12Z AVG MX 2MIN
DY MAX MIN AVG DEP HDD CDD WTR SNW DPTH SPD SPD DIR MIN PSBL S-S WX SPD DR
================================================================================
1 40 22 31 2 34 0 T M M 9.1 18 210 M M 7 168 26 230
2 43 29 36 8 29 0 0.19 M M 12.0 21 240 M M 10 8 33 230
3 34 29 32 4 33 0 0.02 M M 3.6 17 250 M M 10 18 24 240
4 35 26 31 3 34 0 0.02 M M 10.6 20 270 M M 9 1 35 300
5 30 22 26 -1 39 0 0.47 M M 4.6 15 150 M M 9 128 24 110
6 33 18 26 -1 39 0 0.09 M M 14.0 26 250 M M 10 128 45 300
7 18 9 14 -13 51 0 T M M 7.9 17 240 M M 9 8 25 270
8 25 13 19 -7 46 0 0.01 M M 5.6 13 280 M M 10 18 21 270
9 31 15 23 -3 42 0 0.03 M M 9.2 17 140 M M 9 18 25 150
10 37 31 34 8 31 0 0.15 M M 6.0 15 80 M M 9 18 27 100
11 47 29 38 13 27 0 0.59 M M 10.8 32 230 M M 9 1238 44 230
12 42 26 34 9 31 0 0.00 M M 16.9 29 240 M M 0 40 230
13 46 25 36 11 29 0 0.00 M M 10.4 26 250 M M 0 1 34 260
14 39 25 32 8 33 0 0.00 M M 7.5 21 150 M M 1 18 31 140
15 52 37 45 21 20 0 0.03 M M 11.2 18 160 M M 10 12 26 160
16 60 30 45 21 20 0 T M M 27.9 45 230 M M 9 12 69 250
17 30 23 27 3 38 0 T M M 10.1 32 250 M M 10 42 260
18 29 22 26 3 39 0 0.00 M M 4.8 10 30 M M 10 8 16 70
19 28 16 22 -1 43 0 0.00 M M 6.4 21 190 M M 9 8 32 200
20 34 25 30 7 35 0 0.00 M M 16.8 28 240 M M 10 8 38 220
21 30 18 24 1 41 0 0.02 M M 9.4 26 250 M M 9 18 38 270
22 23 17 20 -2 45 0 T M M 9.4 23 270 M M 10 8 33 300
23 27 10 19 -3 46 0 T M M 7.4 15 160 M M 9 18 22 180
24 41 27 34 12 31 0 T M M 8.9 18 160 M M 10 128 28 140
25 43 27 35 13 30 0 0.00 M M 6.4 12 310 M M 10 12 21 310
26 32 24 28 7 37 0 0.00 M M 4.6 10 50 M M 4 17 310
27 35 25 30 9 35 0 0.01 M M 11.4 28 260 M M 10 128 40 250
28 32 24 28 7 37 0 0.00 M M 7.2 28 250 M M 9 8 40 250
29 32 20 26 5 39 0 0.00 M M 8.8 23 250 M M 8 18 31 260
30 27 9 18 -2 47 0 0.00 M M 3.4 12 160 M M 9 18 16 160
31 33 27 30 10 35 0 0.00 M M 5.7 16 250 M M 10 18 22 280
================================================================================
SM 1088 700 1116 0 1.63 M 288.0 M 258
================================================================================
AV 35.1 22.6 9.3 FASTST M M 8 MAX(MPH)
MISC ----> 45 230 69 250
================================================================================
NOTES:
# LAST OF SEVERAL OCCURRENCES
COLUMN 17 PEAK WIND IN M.P.H.
PRELIMINARY LOCAL CLIMATOLOGICAL DATA (WS FORM: F-6) , PAGE 2
STATION: GAYLORD
MONTH: DECEMBER
YEAR: 2021
LATITUDE: 45 0 N
LONGITUDE: 84 42 W
[TEMPERATURE DATA] [PRECIPITATION DATA] SYMBOLS USED IN COLUMN 16
AVERAGE MONTHLY: 28.8 TOTAL FOR MONTH: 1.63 1 = FOG OR MIST
DPTR FM NORMAL: 4.7 DPTR FM NORMAL: 0.01 2 = FOG REDUCING VISIBILITY
HIGHEST: 60 ON 16 GRTST 24HR 0.74 ON 10-11 TO 1/4 MILE OR LESS
LOWEST: 9 ON 30, 7 3 = THUNDER
SNOW, ICE PELLETS, HAIL 4 = ICE PELLETS
TOTAL MONTH: M 5 = HAIL
GRTST 24HR M ON M 6 = FREEZING RAIN OR DRIZZLE
GRTST DEPTH: M ON M 7 = DUSTSTORM OR SANDSTORM:
VSBY 1/2 MILE OR LESS
8 = SMOKE OR HAZE
[NO. OF DAYS WITH] [WEATHER - DAYS WITH] 9 = BLOWING SNOW
X = TORNADO
MAX 32 OR BELOW: 14 0.01 INCH OR MORE: 12
MAX 90 OR ABOVE: 0 0.10 INCH OR MORE: 4
MIN 32 OR BELOW: 30 0.50 INCH OR MORE: 1
MIN 0 OR BELOW: 0 1.00 INCH OR MORE: 0
[HDD (BASE 65) ]
TOTAL THIS MO. 1116 CLEAR (SCALE 0-3) 3
DPTR FM NORMAL -152 PTCLDY (SCALE 4-7) 2
TOTAL FM JUL 1 2475 CLOUDY (SCALE 8-10) 26
DPTR FM NORMAL -698
[CDD (BASE 65) ]
TOTAL THIS MO. 0
DPTR FM NORMAL 0 [PRESSURE DATA]
TOTAL FM JAN 1 596 HIGHEST SLP 30.55 ON 14
DPTR FM NORMAL 321 LOWEST SLP 28.97 ON 11
[REMARKS]
#FINAL-12-21#