000
CXUS54 KBRO 010800
CF6HRL
PRELIMINARY LOCAL CLIMATOLOGICAL DATA (WS FORM: F-6)
STATION: HARLINGEN
MONTH: MARCH
YEAR: 2022
LATITUDE: 26 13 N
LONGITUDE: 97 40 W
TEMPERATURE IN F: :PCPN: SNOW: WIND :SUNSHINE: SKY :PK WND
================================================================================
1 2 3 4 5 6A 6B 7 8 9 10 11 12 13 14 15 16 17 18
12Z AVG MX 2MIN
DY MAX MIN AVG DEP HDD CDD WTR SNW DPTH SPD SPD DIR MIN PSBL S-S WX SPD DR
================================================================================
1 74 38 56 -11 9 0 0.00 0.0 0 5.6 15 80 M M 0 1 21 90
2 79 46 63 -5 2 0 0.00 0.0 0 6.1 17 90 M M 2 1 27 50
3 80 60 70 2 0 5 T 0.0 0 8.1 18 150 M M 10 23 150
4 85 63 74 6 0 9 0.00 0.0 0 12.8 24 140 M M 5 32 130
5 86 65 76 8 0 11 0.00 0.0 0 18.7 35 170 M M 5 45 160
6 84 71 78 10 0 13 0.00 0.0 0 20.9 30 170 M M 8 40 170
7 73 52 63 -5 2 0 0.17 0.0 0 14.3 32 10 M M 9 1 42 20
8 53 49 51 -18 14 0 0.00 0.0 0 10.7 17 360 M M 10 18 22 10
9 62 48 55 -14 10 0 0.03 0.0 0 9.3 16 350 M M 9 1 20 350
10 71 47 59 -10 6 0 T 0.0 0 6.9 14 60 M M 9 1 17 60
11 85 47 66 -3 0 1 0.00 0.0 0 12.1 33 10 M M 9 12 45 20
12 60 40 50 -19 15 0 0.00 0.0 0 14.7 33 340 M M 1 42 340
13 71 39 55 -15 10 0 0.00 0.0 0 11.5 24 130 M M 4 31 130
14 83 53 68 -2 0 3 T 0.0 0 10.3 23 160 M M 6 12 35 130
15 87 52 70 0 0 5 0.00 0.0 0 10.9 23 350 M M 3 12 36 340
16 83 44 64 -6 1 0 0.00 0.0 0 9.2 21 150 M M 0 12 31 140
17 87 59 73 3 0 8 T 0.0 0 18.2 37 170 M M 3 18 46 170
18 84 54 69 -1 0 4 0.00 0.0 0 11.4 26 350 M M 4 18 33 350
19 78 50 64 -7 1 0 0.00 0.0 0 9.2 21 70 M M 4 30 60
20 79 48 64 -7 1 0 0.00 0.0 0 12.2 24 140 M M 4 34 120
21 87 70 79 8 0 14 T 0.0 0 29.7 47 170 M M 7 1 65 170
22 89 60 75 4 0 10 0.00 0.0 0 16.9 30 190 M M 2 42 200
23 78 44 61 -11 4 0 0.00 0.0 0 9.3 17 110 M M 0 24 330
24 85 47 66 -6 0 1 0.00 0.0 0 10.8 25 280 M M 0 33 270
25 91 52 72 0 0 7 0.00 0.0 0 9.8 20 90 M M 0 25 120
26 89 47 68 -4 0 3 0.00 0.0 0 10.5 21 200 M M 1 12 28 220
27 84 51 68 -4 0 3 0.00 0.0 0 14.6 28 170 M M 0 38 170
28 85 61 73 1 0 8 0.00 0.0 0 16.4 30 160 M M 1 38 180
29 87 71 79 6 0 14 0.00 0.0 0 27.0 40 160 M M 7 53 170
30 96 59 78 5 0 13 0.00 0.0 0 17.7 37 180 M M 4 50 160
31 84 53 69 -4 0 4 0.00 0.0 0 9.6 17 70 M M 0 25 60
================================================================================
SM 2499 1640 75 136 0.20 0.0 405.4 M 127
================================================================================
AV 80.6 52.9 13.1 FASTST M M 4 MAX(MPH)
MISC ----> 47 170 65 170
================================================================================
NOTES:
# LAST OF SEVERAL OCCURRENCES
COLUMN 17 PEAK WIND IN M.P.H.
PRELIMINARY LOCAL CLIMATOLOGICAL DATA (WS FORM: F-6) , PAGE 2
STATION: HARLINGEN
MONTH: MARCH
YEAR: 2022
LATITUDE: 26 13 N
LONGITUDE: 97 40 W
[TEMPERATURE DATA] [PRECIPITATION DATA] SYMBOLS USED IN COLUMN 16
AVERAGE MONTHLY: 66.8 TOTAL FOR MONTH: 0.20 1 = FOG OR MIST
DPTR FM NORMAL: -3.4 DPTR FM NORMAL: -1.11 2 = FOG REDUCING VISIBILITY
HIGHEST: 96 ON 30 GRTST 24HR 0.17 ON 7- 7 TO 1/4 MILE OR LESS
LOWEST: 38 ON 1 3 = THUNDER
SNOW, ICE PELLETS, HAIL 4 = ICE PELLETS
TOTAL MONTH: 0.0 INCH 5 = HAIL
GRTST 24HR 0.0 6 = FREEZING RAIN OR DRIZZLE
GRTST DEPTH: 0 7 = DUSTSTORM OR SANDSTORM:
VSBY 1/2 MILE OR LESS
8 = SMOKE OR HAZE
[NO. OF DAYS WITH] [WEATHER - DAYS WITH] 9 = BLOWING SNOW
X = TORNADO
MAX 32 OR BELOW: 0 0.01 INCH OR MORE: 2
MAX 90 OR ABOVE: 2 0.10 INCH OR MORE: 1
MIN 32 OR BELOW: 0 0.50 INCH OR MORE: 0
MIN 0 OR BELOW: 0 1.00 INCH OR MORE: 0
[HDD (BASE 65) ]
TOTAL THIS MO. 75 CLEAR (SCALE 0-3) 14
DPTR FM NORMAL 35 PTCLDY (SCALE 4-7) 11
TOTAL FM JUL 1 622 CLOUDY (SCALE 8-10) 6
DPTR FM NORMAL 59
[CDD (BASE 65) ]
TOTAL THIS MO. 136
DPTR FM NORMAL -65 [PRESSURE DATA]
TOTAL FM JAN 1 226 HIGHEST SLP M ON M
DPTR FM NORMAL -135 LOWEST SLP 29.46 ON 30
[REMARKS]
#FINAL-03-22#