000
CXAK56 PAFG 011400
CF6MCG
PRELIMINARY LOCAL CLIMATOLOGICAL DATA (WS FORM: F-6)
STATION: MCGRATH AK
MONTH: OCTOBER
YEAR: 2020
LATITUDE: 62 57 N
LONGITUDE: 155 36 W
TEMPERATURE IN F: :PCPN: SNOW: WIND :SUNSHINE: SKY :PK WND
================================================================================
1 2 3 4 5 6A 6B 7 8 9 10 11 12 13 14 15 16 17 18
12Z AVG MX 2MIN
DY MAX MIN AVG DEP HDD CDD WTR SNW DPTH SPD SPD DIR MIN PSBL S-S WX SPD DR
================================================================================
1 61 36 49 13 16 0 T M M 3.3 16 100 M M 5 22 100
2 56 41 49 13 16 0 T M M 5.3 16 80 M M 5 22 60
3 53 39 46 11 19 0 0.13 M M 5.6 23 210 M M 9 1 35 210
4 56 41 49 15 16 0 0.00 M M 3.8 9 350 M M 6 13 350
5 52 32 42 9 23 0 T M M 2.3 10 350 M M 4 1 15 20
6 46 34 40 7 25 0 0.05 M M 2.5 10 270 M M 8 1 14 290
7 45 36 41 9 24 0 T M M 5.2 14 140 M M 9 19 140
8 51 34 43 12 22 0 T M M 5.7 18 100 M M 7 24 110
9 52 30 41 10 24 0 0.00 M M 2.3 9 100 M M 1 12 100
10 47 27 37 7 28 0 0.00 M M 0.9 5 10 M M 3 7 90
11 40 20 30 1 35 0 0.00 M M 2.7 9 40 M M 1 12 40
12 36 17 27 -1 38 0 0.00 M M 3.3 8 350 M M 1 10 350
13 31 20 26 -2 39 0 0.00 M M 0.9 7 140 M M 10 8 120
14 33 13 23 -4 42 0 0.00 M M 3.4 8 10 M M 5 11 20
15 28 9 19 -7 46 0 0.00 M M 1.5 6 120 M M 4 10 110
16 29 15 22 -3 43 0 0.00 M M 2.1 8 90 M M 4 12 110
17 25 16 21 -3 44 0 0.19 M M 2.0 10 140 M M 7 1 12 140
18 28 23 26 2 39 0 0.09 M M 0.7 6 140 M M 10 1 6 140
19 32 26 29 6 36 0 0.00 M M 0.1 9 240 M M 10 1 11 240
20 38 24 31 9 34 0 0.00 M M 1.1 8 300 M M 9 1 12 300
21 34 19 27 6 38 0 0.00 M M 2.6 10 40 M M 6 12 16 40
22 31 12 22 1 43 0 0.00 M M 4.9 13 310 M M 0 15 100
23 31 17 24 4 41 0 T M M 2.1 10 310 M M 8 1 13 310
24 35 28 32 13 33 0 0.23 M M 2.5 9 290 M M 10 1 11 320
25 39 32 36 18 29 0 0.17 M M 4.4 13 40 M M 10 1 18 40
26 34 30 32 14 33 0 0.24 M M 7.6 15 330 M M 10 1 24 320
27 33 17 25 8 40 0 T M M 3.4 14 310 M M 7 1 19 320
28 29 18 24 8 41 0 0.01 M M 2.3 9 320 M M 10 1 11 320
29 23 15 19 4 46 0 0.00 M M 2.7 13 40 M M 10 15 30
30 19 9 14 -1 51 0 T M M 5.1 12 30 M M 10 1 16 30
31 10 3 7 -7 58 0 0.00 M M 3.0 5 99 M M 8 1 M M
================================================================================
SM 1157 733 1062 0 1.11 M 95.3 M 207
================================================================================
AV 37.3 23.6 3.1 FASTST M M 7 MAX(MPH)
MISC ----> 23 210 35 210
================================================================================
NOTES:
# LAST OF SEVERAL OCCURRENCES
COLUMN 17 PEAK WIND IN M.P.H.
PRELIMINARY LOCAL CLIMATOLOGICAL DATA (WS FORM: F-6) , PAGE 2
STATION: MCGRATH AK
MONTH: OCTOBER
YEAR: 2020
LATITUDE: 62 57 N
LONGITUDE: 155 36 W
[TEMPERATURE DATA] [PRECIPITATION DATA] SYMBOLS USED IN COLUMN 16
AVERAGE MONTHLY: 30.5 TOTAL FOR MONTH: 1.11 1 = FOG OR MIST
DPTR FM NORMAL: 5.4 DPTR FM NORMAL: -0.33 2 = FOG REDUCING VISIBILITY
HIGHEST: 61 ON 1 GRTST 24HR 0.28 ON 17-18 TO 1/4 MILE OR LESS
LOWEST: 3 ON 31 3 = THUNDER
SNOW, ICE PELLETS, HAIL 4 = ICE PELLETS
TOTAL MONTH: M 5 = HAIL
GRTST 24HR M ON M 6 = FREEZING RAIN OR DRIZZLE
GRTST DEPTH: M ON M 7 = DUSTSTORM OR SANDSTORM:
VSBY 1/2 MILE OR LESS
8 = SMOKE OR HAZE
[NO. OF DAYS WITH] [WEATHER - DAYS WITH] 9 = BLOWING SNOW
X = TORNADO
MAX 32 OR BELOW: 12 0.01 INCH OR MORE: 8
MAX 90 OR ABOVE: 0 0.10 INCH OR MORE: 5
MIN 32 OR BELOW: 24 0.50 INCH OR MORE: 0
MIN 0 OR BELOW: 0 1.00 INCH OR MORE: 0
[HDD (BASE 65) ]
TOTAL THIS MO. 1062 CLEAR (SCALE 0-3) 5
DPTR FM NORMAL -175 PTCLDY (SCALE 4-7) 11
TOTAL FM JUL 1 2011 CLOUDY (SCALE 8-10) 15
DPTR FM NORMAL -330
[CDD (BASE 65) ]
TOTAL THIS MO. 0
DPTR FM NORMAL 0 [PRESSURE DATA]
TOTAL FM JAN 1 1 HIGHEST SLP M ON M
DPTR FM NORMAL -19 LOWEST SLP 29.12 ON 2
[REMARKS]
#FINAL-10-20#