761
CXUS56 KSTO 060122
CF6MOD
PRELIMINARY LOCAL CLIMATOLOGICAL DATA (WS FORM: F-6)
STATION: MODESTO CA
MONTH: MAY
YEAR: 2020
LATITUDE: 37 37 N
LONGITUDE: 120 57 W
TEMPERATURE IN F: :PCPN: SNOW: WIND :SUNSHINE: SKY :PK WND
================================================================================
1 2 3 4 5 6A 6B 7 8 9 10 11 12 13 14 15 16 17 18
12Z AVG MX 2MIN
DY MAX MIN AVG DEP HDD CDD WTR SNW DPTH SPD SPD DIR MIN PSBL S-S WX SPD DR
================================================================================
1 84 53 69 3 0 4 0.00 0.0 0 11.4 22 320 M M 0 29 300
2 79 55 67 1 0 2 0.00 0.0 0 11.0 22 300 M M 0 32 350
3 78 56 67 1 0 2 0.00 0.0 0 10.9 21 300 M M 0 25 300
4 85 51 68 2 0 3 0.00 0.0 0 9.3 17 300 M M 0 25 330
5 87 49 68 1 0 3 0.00 0.0 0 9.2 23 300 M M 0 27 300
6 86 55 71 4 0 6 0.00 0.0 0 14.8 24 310 M M 0 33 300
7 91 59 75 8 0 10 0.00 0.0 0 7.2 13 330 M M 0 18 310
8 95 53 74 7 0 9 0.00 0.0 0 4.6 13 340 M M 0 8 17 320
9 94 57 76 8 0 11 0.00 0.0 0 6.8 18 300 M M 0 22 300
10 86 57 72 4 0 7 0.00 0.0 0 8.7 22 320 M M 0 28 320
11 83 53 68 0 0 3 0.00 0.0 0 8.7 17 330 M M 3 24 150
12 74 57 66 -2 0 1 0.00 0.0 0 9.6 23 300 M M 6 29 300
13 75 52 64 -4 1 0 0.00 0.0 0 8.4 20 320 M M 4 24 310
14 77 54 66 -3 0 1 0.00 0.0 0 9.2 17 310 M M 3 23 310
15 80 56 68 -1 0 3 0.00 0.0 0 11.0 21 290 M M 0 27 320
16 85 55 70 1 0 5 0.00 0.0 0 8.0 20 330 M M 0 24 330
17 80 59 70 1 0 5 T 0.0 0 6.1 17 240 M M 7 26 230
18 71 55 63 -6 2 0 0.01 0.0 0 7.4 20 310 M M 5 3 24 310
19 74 50 62 -8 3 0 0.00 0.0 0 6.3 16 310 M M 3 20 310
20 78 49 64 -6 1 0 0.00 0.0 0 6.1 17 320 M M 0 1 20 320
21 85 55 70 0 0 5 0.00 0.0 0 6.3 21 310 M M 0 8 26 310
22 81 56 69 -1 0 4 0.00 0.0 0 12.4 22 310 M M 0 8 27 310
23 86 58 72 2 0 7 0.00 0.0 0 11.0 20 320 M M 0 24 310
24 91 54 73 3 0 8 0.00 0.0 0 7.0 16 350 M M 0 21 320
25 98 61 80 9 0 15 0.00 0.0 0 4.1 12 320 M M 0 16 350
26 101 64 83 12 0 18 0.00 0.0 0 4.9 12 340 M M 0 15 320
27 104 68 86 15 0 21 0.00 0.0 0 7.2 16 320 M M 0 20 310
28 103 68 86 15 0 21 0.00 0.0 0 8.1 20 320 M M 0 25 320
29 92 63 78 7 0 13 0.00 0.0 0 8.7 21 320 M M 0 23 330
30 79 60 70 -2 0 5 0.01 0.0 0 8.0 14 330 M M 4 3 20 210
31 78 59 69 -3 0 4 0.00 0.0 0 7.2 15 320 M M 1 19 330
================================================================================
SM 2640 1751 7 196 0.02 0.0 259.6 M 36
================================================================================
AV 85.2 56.5 8.4 FASTST M M 1 MAX(MPH)
MISC ----> # 24 310 # 33 300
================================================================================
NOTES:
# LAST OF SEVERAL OCCURRENCES
COLUMN 17 PEAK WIND IN M.P.H.
PRELIMINARY LOCAL CLIMATOLOGICAL DATA (WS FORM: F-6) , PAGE 2
STATION: MODESTO CA
MONTH: MAY
YEAR: 2020
LATITUDE: 37 37 N
LONGITUDE: 120 57 W
[TEMPERATURE DATA] [PRECIPITATION DATA] SYMBOLS USED IN COLUMN 16
AVERAGE MONTHLY: 70.8 TOTAL FOR MONTH: 0.02 1 = FOG OR MIST
DPTR FM NORMAL: 1.9 DPTR FM NORMAL: -0.61 2 = FOG REDUCING VISIBILITY
HIGHEST: 104 ON 27 GRTST 24HR 0.01 ON 30-30 TO 1/4 MILE OR LESS
LOWEST: 49 ON 20, 5 3 = THUNDER
SNOW, ICE PELLETS, HAIL 4 = ICE PELLETS
TOTAL MONTH: 0.0 INCH 5 = HAIL
GRTST 24HR 0.0 6 = FREEZING RAIN OR DRIZZLE
GRTST DEPTH: 0 7 = DUSTSTORM OR SANDSTORM:
VSBY 1/2 MILE OR LESS
8 = SMOKE OR HAZE
[NO. OF DAYS WITH] [WEATHER - DAYS WITH] 9 = BLOWING SNOW
X = TORNADO
MAX 32 OR BELOW: 0 0.01 INCH OR MORE: 2
MAX 90 OR ABOVE: 9 0.10 INCH OR MORE: 0
MIN 32 OR BELOW: 0 0.50 INCH OR MORE: 0
MIN 0 OR BELOW: 0 1.00 INCH OR MORE: 0
[HDD (BASE 65) ]
TOTAL THIS MO. 7 CLEAR (SCALE 0-3) 25
DPTR FM NORMAL -27 PTCLDY (SCALE 4-7) 6
TOTAL FM JUL 1 2037 CLOUDY (SCALE 8-10) 0
DPTR FM NORMAL -131
[CDD (BASE 65) ]
TOTAL THIS MO. 196
DPTR FM NORMAL 41 [PRESSURE DATA]
TOTAL FM JAN 1 266 HIGHEST SLP 30.16 ON 6
DPTR FM NORMAL 67 LOWEST SLP 29.71 ON 29
[REMARKS]
#FINAL-05-20#