000
CXAK56 PAFG 021750
CF6OME
PRELIMINARY LOCAL CLIMATOLOGICAL DATA (WS FORM: F-6)
STATION: NOME AK
MONTH: JANUARY
YEAR: 2022
LATITUDE: 64 30 N
LONGITUDE: 165 26 W
TEMPERATURE IN F: :PCPN: SNOW: WIND :SUNSHINE: SKY :PK WND
================================================================================
1 2 3 4 5 6A 6B 7 8 9 10 11 12 13 14 15 16 17 18
12Z AVG MX 2MIN
DY MAX MIN AVG DEP HDD CDD WTR SNW DPTH SPD SPD DIR MIN PSBL S-S WX SPD DR
================================================================================
1 4 -13 -4 -10 69 0 0.00 M M 5.8 22 350 M M 0 8 27 350
2 -10 -17 -13 -19 78 0 0.00 M M 1.8 8 10 M M 0 9 40
3 8 -18 -5 -11 70 0 0.00 M M 3.5 16 10 M M 0 19 10
4 20 2 11 6 54 0 0.00 M M 14.9 43 40 M M 0 9 52 40
5 24 -1 12 7 53 0 0.00 M M 4.4 20 30 M M 0 8 28 40
6 4 -4 0 -5 65 0 0.00 M M 0.9 8 320 M M 0 10 50
7 23 -1 11 6 54 0 0.00 M M 11.6 30 40 M M 0 35 40
8 10 2 6 1 59 0 0.00 M M 17.3 36 40 M M 0 89 44 40
9 8 2 5 0 60 0 0.00 M M 29.1 48 30 M M 0 89 59 20
10 7 -9 -1 -6 66 0 0.00 M M 10.1 28 40 M M 0 33 40
11 19 -8 6 1 59 0 0.00 M M 13.8 32 40 M M 5 37 30
12 5 -8 -1 -6 66 0 0.00 M M 9.4 23 360 M M 1 29 350
13 22 4 13 8 52 0 T M M 12.8 24 10 M M 8 8 29 360
14 19 9 14 9 51 0 0.00 M M 11.5 30 20 M M 5 8 34 20
15 16 4 10 5 55 0 0.05 M M 3.2 12 350 M M 10 1 14 60
16 9 3 6 1 59 0 T M M 1.8 13 350 M M 10 18 15 350
17 5 -20 -7 -12 72 0 T M M 8.0 20 340 M M 4 22 340
18 -7 -24 -15 -20 80 0 0.00 M M 2.1 14 350 M M 0 8 16 340
19 -1 -17 -9 -14 74 0 0.00 M M 5.0 16 330 M M 1 20 300
20 11 -9 1 -4 64 0 0.06 M M 13.3 26 30 M M 10 189 32 40
21 26 11 19 13 46 0 0.13 M M 17.3 24 40 M M 10 1 30 50
22 22 -4 9 3 56 0 0.02 M M 10.2 21 90 M M 7 16 24 90
23 20 -4 8 2 57 0 0.02 M M 8.4 21 350 M M 5 1 24 350
24 26 6 16 10 49 0 0.17 M M 18.0 31 300 M M 10 189 35 300
25 6 -19 -6 -12 71 0 0.01 M M 6.2 23 270 M M 6 18 26 270
26 -12 -22 -17 -23 82 0 0.00 M M 0.8 5 290 M M 0 18 7 320
27 -4 -24 -14 -20 79 0 0.00 M M 2.6 12 330 M M 0 8 13 350
28 -4 -21 -12 -19 77 0 0.00 M M 1.7 10 330 M M 0 10 340
29 0 -16 -8 -15 73 0 0.00 M M 1.9 10 220 M M 0 11 200
30 3 -15 -6 -13 71 0 0.00 M M 0.7 7 30 M M 0 10 40
31 24 -11 7 0 58 0 0.00 M M 9.4 22 40 M M 0 28 40
================================================================================
SM 303 -242 1979 0 0.46 M 257.5 M 92
================================================================================
AV 9.8 -7.8 8.3 FASTST M M 3 MAX(MPH)
MISC ----> 48 30 59 20
================================================================================
NOTES:
# LAST OF SEVERAL OCCURRENCES
COLUMN 17 PEAK WIND IN M.P.H.
PRELIMINARY LOCAL CLIMATOLOGICAL DATA (WS FORM: F-6) , PAGE 2
STATION: NOME AK
MONTH: JANUARY
YEAR: 2022
LATITUDE: 64 30 N
LONGITUDE: 165 26 W
[TEMPERATURE DATA] [PRECIPITATION DATA] SYMBOLS USED IN COLUMN 16
AVERAGE MONTHLY: 1.0 TOTAL FOR MONTH: 0.46 1 = FOG OR MIST
DPTR FM NORMAL: -4.6 DPTR FM NORMAL: -0.48 2 = FOG REDUCING VISIBILITY
HIGHEST: 26 ON 24,21 GRTST 24HR 0.30 ON 24-25 TO 1/4 MILE OR LESS
LOWEST: -24 ON 27,18 3 = THUNDER
SNOW, ICE PELLETS, HAIL 4 = ICE PELLETS
TOTAL MONTH: M 5 = HAIL
GRTST 24HR M ON M 6 = FREEZING RAIN OR DRIZZLE
GRTST DEPTH: M ON M 7 = DUSTSTORM OR SANDSTORM:
VSBY 1/2 MILE OR LESS
8 = SMOKE OR HAZE
[NO. OF DAYS WITH] [WEATHER - DAYS WITH] 9 = BLOWING SNOW
X = TORNADO
MAX 32 OR BELOW: 31 0.01 INCH OR MORE: 7
MAX 90 OR ABOVE: 0 0.10 INCH OR MORE: 2
MIN 32 OR BELOW: 31 0.50 INCH OR MORE: 0
MIN 0 OR BELOW: 22 1.00 INCH OR MORE: 0
[HDD (BASE 65) ]
TOTAL THIS MO. 1979 CLEAR (SCALE 0-3) 19
DPTR FM NORMAL 138 PTCLDY (SCALE 4-7) 6
TOTAL FM JUL 1 8225 CLOUDY (SCALE 8-10) 6
DPTR FM NORMAL 655
[CDD (BASE 65) ]
TOTAL THIS MO. 0
DPTR FM NORMAL 0 [PRESSURE DATA]
TOTAL FM JAN 1 0 HIGHEST SLP 30.89 ON 2
DPTR FM NORMAL 0 LOWEST SLP 29.01 ON 21
[REMARKS]
#FINAL-01-22#