000
CXUS56 KBOI 011002
CF6ONO
PRELIMINARY LOCAL CLIMATOLOGICAL DATA (WS FORM: F-6)
STATION: ONTARIO OR
MONTH: JULY
YEAR: 2023
LATITUDE: 44 1 N
LONGITUDE: 117 1 W
TEMPERATURE IN F: :PCPN: SNOW: WIND :SUNSHINE: SKY :PK WND
================================================================================
1 2 3 4 5 6A 6B 7 8 9 10 11 12 13 14 15 16 17 18
12Z AVG MX 2MIN
DY MAX MIN AVG DEP HDD CDD WTR SNW DPTH SPD SPD DIR MIN PSBL S-S WX SPD DR
================================================================================
1 100 63 82 8 0 17 0.00 M M 6.3 16 340 M M 0 22 330
2 98 59 79 4 0 14 0.00 M M 5.9 15 340 M M 0 20 330
3 96 68 82 7 0 17 0.00 M M 10.0 20 330 M M 0 28 350
4 92 57 75 0 0 10 0.00 M M 6.3 16 320 M M 0 23 320
5 92 53 73 -3 0 8 0.00 M M 3.3 9 160 M M 0 13 340
6 97 52 75 -1 0 10 0.00 M M 2.8 9 180 M M 0 12 180
7 98 59 79 3 0 14 0.00 M M 3.8 10 140 M M 0 14 350
8 97 64 81 4 0 16 0.00 M M 2.9 13 180 M M 0 18 20
9 102 66 84 7 0 19 0.00 M M 4.7 20 320 M M 0 27 320
10 97 71 84 7 0 19 T M M 10.3 22 330 M M 0 31 330
11 96 67 82 4 0 17 0.00 M M 8.1 21 320 M M 0 27 320
12 97 61 79 1 0 14 0.00 M M 4.8 18 330 M M 0 27 340
13 96 73 85 7 0 20 0.00 M M 10.5 24 320 M M 1 34 330
14 97 64 81 3 0 16 0.00 M M 5.0 13 250 M M 0 17 250
15 102 63 83 4 0 18 0.00 M M 2.8 8 260 M M 0 11 40
16 105 62 84 5 0 19 0.00 M M 2.7 8 20 M M 0 12 40
17 98 73 86 7 0 21 0.00 M M 10.3 22 340 M M 0 29 330
18 98 64 81 2 0 16 0.00 M M 8.1 24 320 M M 0 31 320
19 102 63 83 3 0 18 0.00 M M 3.9 12 340 M M 0 14 330
20 103 62 83 3 0 18 0.00 M M 3.4 8 20 M M 0 11 190
21 105 63 84 4 0 19 0.00 M M 3.4 13 170 M M 0 19 160
22 106 74 90 10 0 25 0.00 M M 6.0 16 330 M M 0 25 340
23 100 69 85 5 0 20 0.00 M M 2.9 15 320 M M 0 20 330
24 101 68 85 5 0 20 0.00 M M 7.5 28 330 M M 0 36 320
25 94 68 81 1 0 16 0.00 M M 9.2 25 310 M M 0 36 330
26 96 68 82 2 0 17 0.00 M M 8.0 18 340 M M 0 26 340
27 98 68 83 3 0 18 0.00 M M 7.4 21 330 M M 0 29 330
28 99 67 83 3 0 18 0.00 M M 5.3 20 330 M M 0 24 340
29 98 57 78 -2 0 13 0.00 M M 3.6 14 260 M M 0 20 260
30 99 70 85 5 0 20 0.00 M M 4.1 13 300 M M 0 19 300
31 97 68 83 3 0 18 0.00 M M 5.0 21 330 M M 0 27 330
================================================================================
SM 3056 2004 0 525 T M 178.3 M 1
================================================================================
AV 98.6 64.6 5.8 FASTST M M 0 MAX(MPH)
MISC ----> 28 330 # 36 320
================================================================================
NOTES:
# LAST OF SEVERAL OCCURRENCES
COLUMN 17 PEAK WIND IN M.P.H.
PRELIMINARY LOCAL CLIMATOLOGICAL DATA (WS FORM: F-6) , PAGE 2
STATION: ONTARIO OR
MONTH: JULY
YEAR: 2023
LATITUDE: 44 1 N
LONGITUDE: 117 1 W
[TEMPERATURE DATA] [PRECIPITATION DATA] SYMBOLS USED IN COLUMN 16
AVERAGE MONTHLY: 81.6 TOTAL FOR MONTH: T 1 = FOG OR MIST
DPTR FM NORMAL: 3.3 DPTR FM NORMAL: -0.26 2 = FOG REDUCING VISIBILITY
HIGHEST: 106 ON 22 GRTST 24HR T ON 10-10 TO 1/4 MILE OR LESS
LOWEST: 52 ON 6 3 = THUNDER
SNOW, ICE PELLETS, HAIL 4 = ICE PELLETS
TOTAL MONTH: M 5 = HAIL
GRTST 24HR M ON M 6 = FREEZING RAIN OR DRIZZLE
GRTST DEPTH: M ON M 7 = DUSTSTORM OR SANDSTORM:
VSBY 1/2 MILE OR LESS
8 = SMOKE OR HAZE
[NO. OF DAYS WITH] [WEATHER - DAYS WITH] 9 = BLOWING SNOW
X = TORNADO
MAX 32 OR BELOW: 0 0.01 INCH OR MORE: 0
MAX 90 OR ABOVE: 31 0.10 INCH OR MORE: 0
MIN 32 OR BELOW: 0 0.50 INCH OR MORE: 0
MIN 0 OR BELOW: 0 1.00 INCH OR MORE: 0
[HDD (BASE 65) ]
TOTAL THIS MO. 0 CLEAR (SCALE 0-3) 31
DPTR FM NORMAL -2 PTCLDY (SCALE 4-7) 0
TOTAL FM JUL 1 0 CLOUDY (SCALE 8-10) 0
DPTR FM NORMAL 0
[CDD (BASE 65) ]
TOTAL THIS MO. 525
DPTR FM NORMAL 111 [PRESSURE DATA]
TOTAL FM JAN 1 816 HIGHEST SLP M ON M
DPTR FM NORMAL 167 LOWEST SLP 29.62 ON 9
[REMARKS]
#FINAL-07-23#