000
CXUS53 KUNR 010930
CF6PHP
PRELIMINARY LOCAL CLIMATOLOGICAL DATA (WS FORM: F-6)
STATION: PHILIP SD
MONTH: MARCH
YEAR: 2022
LATITUDE: 44 3 N
LONGITUDE: 101 36 W
TEMPERATURE IN F: :PCPN: SNOW: WIND :SUNSHINE: SKY :PK WND
================================================================================
1 2 3 4 5 6A 6B 7 8 9 10 11 12 13 14 15 16 17 18
12Z AVG MX 2MIN
DY MAX MIN AVG DEP HDD CDD WTR SNW DPTH SPD SPD DIR MIN PSBL S-S WX SPD DR
================================================================================
1 65 32 49 20 16 0 0.00 M M 7.6 15 310 M M 6 20 300
2 62 25 44 14 21 0 0.00 M M 13.6 26 60 M M 5 32 70
3 32 20 26 -4 39 0 0.00 M M 12.9 22 140 M M 8 28 120
4 50 26 38 7 27 0 0.00 M M 11.8 22 330 M M 2 1 27 340
5 30 15 23 -8 42 0 M M M 19.0 32 330 M M 10 126 42 330
6 28 8 18 -13 47 0 0.00 M M 13.7 26 320 M M 3 33 320
7 36 6 21 -11 44 0 0.00 M M 10.4 18 240 M M 0 24 250
8 31 12 22 -10 43 0 0.01 M M 17.4 30 320 M M 7 1 41 310
9 21 4 13 -20 52 0 0.00 M M 10.4 18 300 M M 6 29 310
10 30 1 16 -17 49 0 0.00 M M 13.2 24 230 M M 2 34 230
11 22 4 13 -21 52 0 T M M 10.6 24 330 M M 3 32 330
12 60 8 34 0 31 0 0.00 M M 8.4 26 300 M M 5 37 300
13 60 18 39 5 26 0 0.00 M M 11.5 26 70 M M 1 33 70
14 55 29 42 7 23 0 0.00 M M 8.2 16 360 M M 4 23 10
15 72 26 49 14 16 0 0.00 M M 8.5 24 230 M M 0 31 230
16 64 34 49 13 16 0 0.00 M M 13.7 26 330 M M 5 34 330
17 57 22 40 4 25 0 0.00 M M 7.4 16 320 M M 2 22 360
18 60 17 39 3 26 0 0.00 M M 6.3 13 290 M M 0 18 250
19 65 28 47 10 18 0 0.00 M M 5.8 15 230 M M 0 22 140
20 77 31 54 17 11 0 0.00 M M 11.7 35 320 M M 0 46 310
21 55 24 40 2 25 0 0.00 M M 23.9 47 330 M M 2 8 58 340
22 57 20 39 1 26 0 0.00 M M 16.0 39 350 M M 2 51 360
23 56 20 38 0 27 0 0.00 M M 15.7 29 340 M M 0 36 360
24 72 14 43 4 22 0 0.00 M M 13.8 37 340 M M 1 47 330
25 55 24 40 1 25 0 0.00 M M 13.5 31 330 M M 0 40 340
26 44 15 30 -10 35 0 0.00 M M 8.6 20 80 M M 2 25 80
27 58 25 42 2 23 0 0.00 M M 15.2 24 140 M M 3 34 110
28 70 30 50 10 15 0 0.00 M M 13.2 22 110 M M 0 29 130
29 54 30 42 2 23 0 T M M 21.4 46 340 M M 4 18 58 340
30 30 13 22 -19 43 0 0.01 M M 18.9 37 330 M M 8 1 50 330
31 53 11 32 -9 33 0 0.00 M M 5.0 10 150 M M 1 1 14 120
================================================================================
SM 1581 592 921 0 0.02 M 387.3 M 92
================================================================================
AV 51.0 19.1 12.5 FASTST M M 3 MAX(MPH)
MISC ----> 47 330 # 58 340
================================================================================
NOTES:
# LAST OF SEVERAL OCCURRENCES
COLUMN 17 PEAK WIND IN M.P.H.
PRELIMINARY LOCAL CLIMATOLOGICAL DATA (WS FORM: F-6) , PAGE 2
STATION: PHILIP SD
MONTH: MARCH
YEAR: 2022
LATITUDE: 44 3 N
LONGITUDE: 101 36 W
[TEMPERATURE DATA] [PRECIPITATION DATA] SYMBOLS USED IN COLUMN 16
AVERAGE MONTHLY: 35.0 TOTAL FOR MONTH: 0.02 1 = FOG OR MIST
DPTR FM NORMAL: -0.5 DPTR FM NORMAL: -0.87 2 = FOG REDUCING VISIBILITY
HIGHEST: 77 ON 20 GRTST 24HR 2.13 ON 5- 5 TO 1/4 MILE OR LESS
LOWEST: 1 ON 10 3 = THUNDER
SNOW, ICE PELLETS, HAIL 4 = ICE PELLETS
TOTAL MONTH: M 5 = HAIL
GRTST 24HR M ON M 6 = FREEZING RAIN OR DRIZZLE
GRTST DEPTH: M ON M 7 = DUSTSTORM OR SANDSTORM:
VSBY 1/2 MILE OR LESS
8 = SMOKE OR HAZE
[NO. OF DAYS WITH] [WEATHER - DAYS WITH] 9 = BLOWING SNOW
X = TORNADO
MAX 32 OR BELOW: 8 0.01 INCH OR MORE: 2
MAX 90 OR ABOVE: 0 0.10 INCH OR MORE: 0
MIN 32 OR BELOW: 30 0.50 INCH OR MORE: 0
MIN 0 OR BELOW: 0 1.00 INCH OR MORE: 0
[HDD (BASE 65) ]
TOTAL THIS MO. 921 CLEAR (SCALE 0-3) 19
DPTR FM NORMAL 6 PTCLDY (SCALE 4-7) 9
TOTAL FM JUL 1 5728 CLOUDY (SCALE 8-10) 3
DPTR FM NORMAL -476
[CDD (BASE 65) ]
TOTAL THIS MO. 0
DPTR FM NORMAL 0 [PRESSURE DATA]
TOTAL FM JAN 1 0 HIGHEST SLP 30.45 ON 11
DPTR FM NORMAL 0 LOWEST SLP 29.39 ON 29
[REMARKS]
#FINAL-03-22#