000
CXUS51 KGYX 021840
CF6PWM
PRELIMINARY LOCAL CLIMATOLOGICAL DATA (WS FORM: F-6)
STATION: PORTLAND ME
MONTH: MARCH
YEAR: 2023
LATITUDE: 43 39 N
LONGITUDE: 70 19 W
TEMPERATURE IN F: :PCPN: SNOW: WIND :SUNSHINE: SKY :PK WND
================================================================================
1 2 3 4 5 6A 6B 7 8 9 10 11 12 13 14 15 16 17 18
12Z AVG MX 2MIN
DY MAX MIN AVG DEP HDD CDD WTR SNW DPTH SPD SPD DIR MIN PSBL S-S WX SPD DR
================================================================================
1 40 18 29 -1 36 0 0.01 0.2 10 3.1 12 170 M M 7 1 15 180
2 37 30 34 4 31 0 0.37 0.9 9 5.9 15 290 M M 9 1 18 290
3 43 28 36 6 29 0 0.00 0.0 8 7.1 16 350 M M 4 22 320
4 37 28 33 2 32 0 1.11 8.5 11 14.0 26 50 M M 10 12 35 50
5 43 24 34 3 31 0 T T 15 9.2 18 290 M M 6 23 340
6 44 30 37 6 28 0 0.00 0.0 12 17.3 35 310 M M 1 45 330
7 37 27 32 1 33 0 T T 11 12.5 23 320 M M 7 31 330
8 46 30 38 6 27 0 T T 10 13.9 23 360 M M 9 29 330
9 43 31 37 5 28 0 0.00 0.0 8 11.9 20 350 M M 5 23 340
10 44 25 35 3 30 0 0.00 0.0 6 4.4 13 300 M M 3 17 310
11 39 29 34 1 31 0 0.00 0.0 5 7.8 14 30 M M 7 17 30
12 42 29 36 3 29 0 0.00 0.0 5 7.8 18 30 M M 1 24 20
13 41 26 34 1 31 0 0.00 0.0 4 6.2 15 70 M M 8 19 80
14 38 32 35 1 30 0 0.64 3.9 2 19.5 36 360 M M 10 12 48 10
15 41 32 37 3 28 0 T 0.2 6 19.1 32 340 M M 8 1 42 350
16 50 31 41 7 24 0 0.00 0.0 4 10.9 20 310 M M 3 26 320
17 43 29 36 2 29 0 0.00 0.0 3 5.1 16 130 M M 8 1 20 120
18 51 32 42 7 23 0 T 0.0 1 5.8 17 290 M M 6 1 23 270
19 36 23 30 -5 35 0 0.00 0.0 T 15.8 28 300 M M 4 38 270
20 49 23 36 1 29 0 0.00 0.0 T 8.8 18 260 M M 0 28 260
21 54 26 40 4 25 0 0.00 0.0 0 8.1 23 270 M M 3 29 280
22 44 29 37 1 28 0 0.00 0.0 0 5.9 15 170 M M 4 19 150
23 44 35 40 4 25 0 0.02 0.0 0 4.9 10 310 M M 9 12 12 40
24 50 27 39 3 26 0 0.00 0.0 0 7.6 18 300 M M 5 1 25 300
25 39 24 32 -5 33 0 0.36 0.3 0 8.2 17 90 M M 7 14 22 110
26 49 34 42 5 23 0 0.11 T 0 11.7 24 280 M M 8 1 31 270
27 51 27 39 1 26 0 0.00 0.0 0 4.1 15 190 M M 5 19 200
28 48 30 39 1 26 0 T 0.0 0 9.5 18 300 M M 8 23 290
29 46 23 35 -3 30 0 0.00 0.0 0 7.0 16 180 M M 0 23 160
30 41 26 34 -4 31 0 T T 0 14.3 28 290 M M 3 36 300
31 43 24 34 -5 31 0 0.22 T 0 6.9 16 160 M M 6 1 20 150
================================================================================
SM 1353 862 898 0 2.84 14.0 294.3 M 174
================================================================================
AV 43.6 27.8 9.5 FASTST M M 6 MAX(MPH)
MISC ----> 36 360 48 10
================================================================================
NOTES:
# LAST OF SEVERAL OCCURRENCES
COLUMN 17 PEAK WIND IN M.P.H.
PRELIMINARY LOCAL CLIMATOLOGICAL DATA (WS FORM: F-6) , PAGE 2
STATION: PORTLAND ME
MONTH: MARCH
YEAR: 2023
LATITUDE: 43 39 N
LONGITUDE: 70 19 W
[TEMPERATURE DATA] [PRECIPITATION DATA] SYMBOLS USED IN COLUMN 16
AVERAGE MONTHLY: 35.7 TOTAL FOR MONTH: 2.84 1 = FOG OR MIST
DPTR FM NORMAL: 1.6 DPTR FM NORMAL: -1.24 2 = FOG REDUCING VISIBILITY
HIGHEST: 54 ON 21 GRTST 24HR 1.11 ON 4- 4 TO 1/4 MILE OR LESS
LOWEST: 18 ON 1 3 = THUNDER
SNOW, ICE PELLETS, HAIL 4 = ICE PELLETS
TOTAL MONTH: 20.2 INCHES 5 = HAIL
GRTST 24HR 8.5 ON 4- 4 6 = FREEZING RAIN OR DRIZZLE
GRTST DEPTH: 15 ON 5 7 = DUSTSTORM OR SANDSTORM:
VSBY 1/2 MILE OR LESS
8 = SMOKE OR HAZE
[NO. OF DAYS WITH] [WEATHER - DAYS WITH] 9 = BLOWING SNOW
X = TORNADO
MAX 32 OR BELOW: 0 0.01 INCH OR MORE: 8
MAX 90 OR ABOVE: 0 0.10 INCH OR MORE: 6
MIN 32 OR BELOW: 29 0.50 INCH OR MORE: 2
MIN 0 OR BELOW: 0 1.00 INCH OR MORE: 1
[HDD (BASE 65) ]
TOTAL THIS MO. 898 CLEAR (SCALE 0-3) 8
DPTR FM NORMAL -58 PTCLDY (SCALE 4-7) 17
TOTAL FM JUL 1 5235 CLOUDY (SCALE 8-10) 6
DPTR FM NORMAL -532
[CDD (BASE 65) ]
TOTAL THIS MO. 0
DPTR FM NORMAL 0 [PRESSURE DATA]
TOTAL FM JAN 1 0 HIGHEST SLP 30.47 ON 22
DPTR FM NORMAL 0 LOWEST SLP 29.17 ON 14
[REMARKS]
#FINAL-03-23#