000
CXUS56 KSLC 011236
CF6CDC
PRELIMINARY LOCAL CLIMATOLOGICAL DATA (WS FORM: F-6)

                                          STATION:   CEDAR CITY UT
                                          MONTH:     AUGUST
                                          YEAR:      2015
                                          LATITUDE:   37 42 N
                                          LONGITUDE: 113  6 W

  TEMPERATURE IN F:       :PCPN:    SNOW:  WIND      :SUNSHINE: SKY     :PK WND
================================================================================
1   2   3   4   5  6A  6B    7    8   9   10  11  12  13   14  15   16   17  18
                                     12Z  AVG MX 2MIN
DY MAX MIN AVG DEP HDD CDD  WTR  SNW DPTH SPD SPD DIR MIN PSBL S-S WX    SPD DR
================================================================================

 1  87  59  73  -1   0   8 0.00  0.0    0  6.1 21 230   M    M   1 3      25 220
 2  84  57  71  -2   0   6    T  0.0    0  8.0 21  40   M    M   3        27  40
 3  91  53  72  -1   0   7 0.00  0.0    0  6.7 24 210   M    M   2 8      31 200
 4  92  49  71  -2   0   6 0.00  0.0    0  8.1 23 210   M    M   0        31 230
 5  91  59  75   2   0  10 0.00  0.0    0 12.5 30 210   M    M   0        38 190
 6  92  57  75   2   0  10 0.05  0.0    0  9.6 36 200   M    M   1        46 200
 7  73  57  65  -8   0   0 0.61  0.0    0 11.1 25 210   M    M   5 13     33 220
 8  82  53  68  -5   0   3 0.00  0.0    0  9.8 28 190   M    M   0 3      36 200
 9  86  50  68  -5   0   3 0.00  0.0    0  7.0 20 230   M    M   0        26 220
10  88  58  73   1   0   8 0.00  0.0    0  8.6 24 170   M    M   0        31 170
11  80  60  70  -2   0   5 0.02  0.0    0  9.4 24 120   M    M   3 38     35 110
12  82  61  72   0   0   7    T  0.0    0  8.4 20 180   M    M   6        27 180
13  90  57  74   2   0   9 0.02  0.0    0  7.2 24 150   M    M   1 3      32 150
14  93  56  75   3   0  10 0.00  0.0    0  9.8 30 200   M    M   1        40 210
15  93  60  77   5   0  12 0.00  0.0    0  6.2 20 200   M    M   0        25 220
16  95  58  77   6   0  12 0.00  0.0    0  6.1 20 210   M    M   1        30 240
17  95  56  76   5   0  11 0.00  0.0    0  7.0 20 270   M    M   0        25 270
18  90  50  70  -1   0   5 0.00  0.0    0  4.9 12  20   M    M   0        16  20
19  91  48  70  -1   0   5 0.00  0.0    0  4.5 14 290   M    M   0        18 280
20  92  51  72   1   0   7 0.00  0.0    0  8.1 22 210   M    M   0        29 200
21  88  63  76   6   0  11 0.00  0.0    0 12.6 25 200   M    M   0        32 210
22  89  59  74   4   0   9 0.03  0.0    0  7.8 22 230   M    M   2 3      30 220
23  90  54  72   2   0   7 0.00  0.0    0  6.5 20 230   M    M   0        29 210
24  93  54  74   4   0   9 0.00  0.0    0  7.1 20 230   M    M   1        26 230
25  88  57  73   3   0   8 0.03  0.0    0  7.0 22 130   M    M   3        27 130
26  80  57  69   0   0   4 0.22  0.0    0  3.5 24 260   M    M   8 13     37 260
27  85  52  69   0   0   4 0.00  0.0    0  4.1 10  20   M    M   0        13  40
28  90  50  70   1   0   5 0.00  0.0    0  5.0 17 230   M    M   1 8      22 230
29  91  61  76   8   0  11 0.00  0.0    0 10.4 24 210   M    M   1        32 240
30  88  60  74   6   0   9 0.00  0.0    0 11.8 31 190   M    M   1        37 180
31  86  59  73   5   0   8 0.00  0.0    0 10.0 25 210   M    M   1 3      35 210
================================================================================
SM 2735 1735         0 229  0.98     0.0 244.9          M       42
================================================================================
AV 88.2 56.0                               7.9 FASTST   M    M   1    MAX(MPH)
                                 MISC ---->  # 36 200               # 46  200
================================================================================
NOTES:
# LAST OF SEVERAL OCCURRENCES

COLUMN 17 PEAK WIND IN M.P.H.

PRELIMINARY LOCAL CLIMATOLOGICAL DATA (WS FORM: F-6) , PAGE 2

                                          STATION:  CEDAR CITY UT
                                          MONTH:    AUGUST
                                          YEAR:     2015
                                          LATITUDE:   37 42 N
                                          LONGITUDE: 113  6 W

[TEMPERATURE DATA]      [PRECIPITATION DATA]       SYMBOLS USED IN COLUMN 16

AVERAGE MONTHLY: 72.1   TOTAL FOR MONTH:   0.98    1 = FOG OR MIST
DPTR FM NORMAL:   0.9   DPTR FM NORMAL:   -0.15    2 = FOG REDUCING VISIBILITY
HIGHEST:    95 ON 17,16 GRTST 24HR  0.66 ON  6- 7      TO 1/4 MILE OR LESS
LOWEST:     48 ON 19                               3 = THUNDER
                        SNOW, ICE PELLETS, HAIL    4 = ICE PELLETS
                        TOTAL MONTH:   0.0 INCH    5 = HAIL
                        GRTST 24HR     0.0         6 = FREEZING RAIN OR DRIZZLE
                        GRTST DEPTH:   0           7 = DUSTSTORM OR SANDSTORM:
                                                       VSBY 1/2 MILE OR LESS
                                                   8 = SMOKE OR HAZE
[NO. OF DAYS WITH]      [WEATHER - DAYS WITH]      9 = BLOWING SNOW
                                                   X = TORNADO
MAX 32 OR BELOW:   0    0.01 INCH OR MORE:   7
MAX 90 OR ABOVE:  16    0.10 INCH OR MORE:   2
MIN 32 OR BELOW:   0    0.50 INCH OR MORE:   1
MIN  0 OR BELOW:   0    1.00 INCH OR MORE:   0

[HDD (BASE 65) ]
TOTAL THIS MO.     0    CLEAR  (SCALE 0-3)  27
DPTR FM NORMAL    -6    PTCLDY (SCALE 4-7)   4
TOTAL FM JUL 1     1    CLOUDY (SCALE 8-10)  0
DPTR FM NORMAL    -8

[CDD (BASE 65) ]
TOTAL THIS MO.   229
DPTR FM NORMAL    33    [PRESSURE DATA]
TOTAL FM JAN 1   623    HIGHEST SLP 30.20 ON 26
DPTR FM NORMAL    74    LOWEST  SLP 29.71 ON 17

[REMARKS]
#FINAL-08-15#
