000
CXUS56 KLKN 291001
CF6P68
PRELIMINARY LOCAL CLIMATOLOGICAL DATA (WS FORM: F-6)

                                          STATION:   EUREKA AIRPORT NV
                                          MONTH:     OCTOBER
                                          YEAR:      2014
                                          LATITUDE:   39 30 N
                                          LONGITUDE: 115 58 W

  TEMPERATURE IN F:       :PCPN:    SNOW:  WIND      :SUNSHINE: SKY     :PK WND
================================================================================
1   2   3   4   5  6A  6B    7    8   9   10  11  12  13   14  15   16   17  18
                                     12Z  AVG MX 2MIN
DY MAX MIN AVG DEP HDD CDD  WTR  SNW DPTH SPD SPD DIR MIN PSBL S-S WX    SPD DR
================================================================================

 1  58  27  43  -9  22   0 0.00    M    M  4.7 15  20   M    M   M        20  20
 2  70  26  48  -4  17   0 0.00    M    M  5.5 10  20   M    M   M        13  40
 3  75  33  54   3  11   0 0.00    M    M  4.2 10  30   M    M   M        15  30
 4  75  36  56   5   9   0 0.00    M    M  5.9 14  50   M    M   M        20  40
 5  76  36  56   6   9   0 0.00    M    M  5.2 12 210   M    M   M        16 360
 6  79  38  59   9   6   0 0.00    M    M  5.9 13 360   M    M   M        22  10
 7  80  39  60  10   5   0 0.00    M    M  5.6 13  40   M    M   M        15  30
 8  80  37  59  10   6   0 0.00    M    M  6.2 13  40   M    M   M        15  50
 9  77  38  58   9   7   0 0.00    M    M  6.2 15 360   M    M   M        23  30
10  73  35  54   6  11   0 0.00    M    M  6.2 14  40   M    M   M        17  20
11  74  33  54   6  11   0 0.00    M    M  7.5 16 260   M    M   M        21 280
12  60  31  46  -2  19   0 0.00    M    M 11.4 22 330   M    M   M        28 350
13  72  26  49   2  16   0 0.00    M    M  5.9 15 150   M    M   M        18 150
14  76  38  57  10   8   0 0.00    M    M 12.7 31 160   M    M   M        39 160
15  74  46  60  14   5   0 0.00    M    M 11.2 31 190   M    M   M        38 190
16  68  36  52   6  13   0 0.00    M    M  3.3 12 150   M    M   M        13 340
17  70  36  53   7  12   0 0.00    M    M  6.5 20 170   M    M   M        24 160
18  72  34  53   8  12   0 0.00    M    M  3.9 13 140   M    M   M        16 150
19  74  34  54   9  11   0 0.00    M    M  6.4 17 160   M    M   M        24 160
20  74  36  55  10  10   0 0.00    M    M 12.8 29 180   M    M   M        37 190
21  62  30  46   2  19   0 0.00    M    M  6.9 18 320   M    M   M        24 320
22  68  26  47   3  18   0 0.00    M    M  4.4  9 180   M    M   M        12  30
23  73  37  55  11  10   0 0.00    M    M  6.0 24 160   M    M   M        29 170
24  78  31  55  12  10   0 0.00    M    M  9.7 25 180   M    M   M        32 170
25  73  36  55  12  10   0 0.00    M    M 15.5 33 180   M    M   M        40 170
26  57  23  40  -2  25   0 0.00    M    M  6.3 18 310   M    M   M        24 260
27  53  20  37  -5  28   0 0.00    M    M  3.6  8 200   M    M   M        12 340
28  64  22  43   1  22   0 0.00    M    M  4.5 10 200   M    M   M        13 360
================================================================================
SM 1985  920       362   0  0.00    M    194.1          M        M
================================================================================
AV 70.9 32.9                               6.9 FASTST   M    M   0    MAX(MPH)
                                 MISC ---->  # 33 180               # 40  170
================================================================================
NOTES:
# LAST OF SEVERAL OCCURRENCES

COLUMN 17 PEAK WIND IN M.P.H.

PRELIMINARY LOCAL CLIMATOLOGICAL DATA (WS FORM: F-6) , PAGE 2

                                          STATION:  EUREKA AIRPORT NV
                                          MONTH:    OCTOBER
                                          YEAR:     2014
                                          LATITUDE:   39 30 N
                                          LONGITUDE: 115 58 W

[TEMPERATURE DATA]      [PRECIPITATION DATA]       SYMBOLS USED IN COLUMN 16

AVERAGE MONTHLY: 51.9   TOTAL FOR MONTH:   0.00    1 = FOG OR MIST
DPTR FM NORMAL:   5.1   DPTR FM NORMAL:   -0.65    2 = FOG REDUCING VISIBILITY
HIGHEST:    80 ON  8, 7 GRTST 24HR  0.00 ON 28-28      TO 1/4 MILE OR LESS
LOWEST:     20 ON 27                               3 = THUNDER
                        SNOW, ICE PELLETS, HAIL    4 = ICE PELLETS
                        TOTAL MONTH:    M          5 = HAIL
                        GRTST 24HR    M  ON   M    6 = FREEZING RAIN OR DRIZZLE
                        GRTST DEPTH:  M  ON   M    7 = DUSTSTORM OR SANDSTORM:
                                                       VSBY 1/2 MILE OR LESS
                                                   8 = SMOKE OR HAZE
[NO. OF DAYS WITH]      [WEATHER - DAYS WITH]      9 = BLOWING SNOW
                                                   X = TORNADO
MAX 32 OR BELOW:   0    0.01 INCH OR MORE:   0
MAX 90 OR ABOVE:   0    0.10 INCH OR MORE:   0
MIN 32 OR BELOW:  10    0.50 INCH OR MORE:   0
MIN  0 OR BELOW:   0    1.00 INCH OR MORE:   0

[HDD (BASE 65) ]
TOTAL THIS MO.   362    CLEAR  (SCALE 0-3)   0
DPTR FM NORMAL  -149    PTCLDY (SCALE 4-7)   0
TOTAL FM JUL 1   480    CLOUDY (SCALE 8-10)  0
DPTR FM NORMAL  -295

[CDD (BASE 65) ]
TOTAL THIS MO.     0
DPTR FM NORMAL     0    [PRESSURE DATA]
TOTAL FM JAN 1   436    HIGHEST SLP M ON M
DPTR FM NORMAL   148    LOWEST  SLP 29.64 ON 15

[REMARKS]
