000
CXUS56 KLKN 261210
CF6P68
PRELIMINARY LOCAL CLIMATOLOGICAL DATA (WS FORM: F-6)
STATION: EUREKA AIRPORT NV
MONTH: APRIL
YEAR: 2024
LATITUDE: 39 30 N
LONGITUDE: 115 58 W
TEMPERATURE IN F: :PCPN: SNOW: WIND :SUNSHINE: SKY :PK WND
================================================================================
1 2 3 4 5 6A 6B 7 8 9 10 11 12 13 14 15 16 17 18
12Z AVG MX 2MIN
DY MAX MIN AVG DEP HDD CDD WTR SNW DPTH SPD SPD DIR MIN PSBL S-S WX SPD DR
================================================================================
1 48 20 34 -7 31 0 0.00 M M 7.9 21 10 M M M 30 10
2 63 23 43 2 22 0 0.00 M M 4.2 13 20 M M M 16 20
3 70 30 50 9 15 0 0.00 M M 9.9 26 180 M M M 36 170
4 61 29 45 4 20 0 0.00 M M 24.6 48 180 M M M 71 190
5 40 23 32 -10 33 0 0.00 M M 7.5 21 260 M M M 30 280
6 43 19 31 -11 34 0 0.00 M M 9.2 22 270 M M M 29 250
7 47 14 31 -11 34 0 0.00 M M 5.5 18 360 M M M 27 350
8 49 14 32 -10 33 0 0.00 M M 8.7 20 20 M M M 32 360
9 60 17 39 -3 26 0 0.00 M M 6.9 16 50 M M M 23 20
10 67 26 47 5 18 0 0.00 M M 5.6 14 290 M M M 18 290
11 72 28 50 8 15 0 0.00 M M 6.4 21 180 M M M 31 160
12 72 33 53 11 12 0 0.00 M M 14.1 35 190 M M M 46 190
13 68 39 54 11 11 0 0.00 M M 16.2 32 160 M M M 44 160
14 56 27 42 -1 23 0 0.00 M M 10.7 31 180 M M M 40 180
15 59 22 41 -2 24 0 0.00 M M 7.4 20 320 M M M 29 360
16 67 26 47 4 18 0 0.00 M M 5.8 17 250 M M M 25 240
17 65 32 49 6 16 0 0.00 M M 8.0 21 310 M M M 28 260
18 68 26 47 3 18 0 0.00 M M 5.3 16 20 M M M 25 20
19 69 28 49 5 16 0 0.00 M M 3.5 9 320 M M M 16 20
20 72 34 53 9 12 0 0.00 M M 7.0 16 330 M M M 24 280
21 78 34 56 12 9 0 0.00 M M 7.5 22 280 M M M 30 260
22 76 30 53 8 12 0 0.00 M M 4.7 13 340 M M M 31 270
23 75 35 55 10 10 0 0.00 M M 7.4 26 170 M M M 41 160
24 71 30 51 6 14 0 0.00 M M 8.4 28 260 M M M 37 270
25 61 30 46 1 19 0 0.35 M M 7.9 23 330 M M M 33 310
================================================================================
SM 1577 669 495 0 0.35 M 210.3 M M
================================================================================
AV 63.1 26.8 8.4 FASTST M M M MAX(MPH)
MISC ----> 48 180 71 190
================================================================================
NOTES:
# LAST OF SEVERAL OCCURRENCES
COLUMN 17 PEAK WIND IN M.P.H.
PRELIMINARY LOCAL CLIMATOLOGICAL DATA (WS FORM: F-6) , PAGE 2
STATION: EUREKA AIRPORT NV
MONTH: APRIL
YEAR: 2024
LATITUDE: 39 30 N
LONGITUDE: 115 58 W
[TEMPERATURE DATA] [PRECIPITATION DATA] SYMBOLS USED IN COLUMN 16
AVERAGE MONTHLY: 44.9 TOTAL FOR MONTH: 0.35 1 = FOG OR MIST
DPTR FM NORMAL: 2.1 DPTR FM NORMAL: -0.55 2 = FOG REDUCING VISIBILITY
HIGHEST: 78 ON 21 GRTST 24HR 0.35 ON 25-25 TO 1/4 MILE OR LESS
LOWEST: 14 ON 8, 7 3 = THUNDER
SNOW, ICE PELLETS, HAIL 4 = ICE PELLETS
TOTAL MONTH: M 5 = HAIL
GRTST 24HR M ON M 6 = FREEZING RAIN OR DRIZZLE
GRTST DEPTH: M ON M 7 = DUSTSTORM OR SANDSTORM:
VSBY 1/2 MILE OR LESS
8 = SMOKE OR HAZE
[NO. OF DAYS WITH] [WEATHER - DAYS WITH] 9 = BLOWING SNOW
X = TORNADO
MAX 32 OR BELOW: 0 0.01 INCH OR MORE: 1
MAX 90 OR ABOVE: 0 0.10 INCH OR MORE: 1
MIN 32 OR BELOW: 20 0.50 INCH OR MORE: 0
MIN 0 OR BELOW: 0 1.00 INCH OR MORE: 0
[HDD (BASE 65) ]
TOTAL THIS MO. 495 CLEAR (SCALE 0-3) 0
DPTR FM NORMAL -58 PTCLDY (SCALE 4-7) 0
TOTAL FM JUL 1 5934 CLOUDY (SCALE 8-10) 25
DPTR FM NORMAL -579
[CDD (BASE 65) ]
TOTAL THIS MO. 0
DPTR FM NORMAL 0 [PRESSURE DATA]
TOTAL FM JAN 1 0 HIGHEST SLP M ON M
DPTR FM NORMAL 0 LOWEST SLP 29.27 ON 4
[REMARKS]