000
CXUS51 KALY 011134
CLMDDH


CLIMATE REPORT
NATIONAL WEATHER SERVICE ALBANY NY
730 AM EDT SAT NOV 1 2014

...................................

...THE BENNINGTON VT CLIMATE SUMMARY FOR THE MONTH OF OCTOBER 2014...

CLIMATE NORMAL PERIOD 1981 TO 2010
CLIMATE RECORD PERIOD 9999 TO 9999

WEATHER         OBSERVED          NORMAL  DEPART  LAST YEAR`S
                 VALUE   DATE(S)  VALUE   FROM    VALUE  DATE(S)
                                          NORMAL
................................................................
TEMPERATURE (F)
HIGHEST            78   10/15                         75  10/07
                                                          10/01
LOWEST             25   10/20                         19  10/29
AVG. MAXIMUM     61.4              58.7     2.7     61.4
AVG. MINIMUM     42.9              36.4     6.5     39.3
MEAN             52.1              47.5     4.6     50.3
DAYS MAX >= 90      0               0.0     0.0        0
DAYS MAX <= 32      0               0.0     0.0        0
DAYS MIN <= 32      6              11.1    -5.1        8
DAYS MIN <= 0       0               0.0     0.0        0

PRECIPITATION (INCHES)
TOTALS           3.83              3.69    0.14     3.54
DAILY AVG.       0.12              0.12    0.00     0.11
DAYS >= .01        15                                 12
DAYS >= .10        10                                  7
DAYS >= .50         2                                  4
DAYS >= 1.00        1                                  1
GREATEST
 24 HR. TOTAL    1.31   10/23 TO 10/23

DEGREE_DAYS
HEATING TOTAL     403               543    -140      432
 SINCE 7/1        650               821    -171      754
COOLING TOTAL      11                 2       9        0
 SINCE 1/1        308               313      -5      503

FREEZE DATES
EARLIEST      10/06             10/01
LATEST                          05/10
.................................................................

WIND (MPH)
AVERAGE WIND SPEED              5.6
HIGHEST WIND SPEED/DIRECTION    25/160    DATE  10/16
HIGHEST GUST SPEED/DIRECTION    37/140    DATE  10/16

SKY COVER
AVERAGE SKY COVER           0.70

AVERAGE RH (PERCENT)     72

WEATHER CONDITIONS. NUMBER OF DAYS WITH
THUNDERSTORM              0     MIXED PRECIP               0
HEAVY RAIN                1     RAIN                       4
LIGHT RAIN               14     FREEZING RAIN              0
LT FREEZING RAIN          0     HAIL                       0
HEAVY SNOW                0     SNOW                       0
LIGHT SNOW                0     SLEET                      0
FOG                      17     FOG W/VIS <= 1/4 MILE      2
HAZE                      2

-  INDICATES NEGATIVE NUMBERS.
R  INDICATES RECORD WAS SET OR TIED.
MM INDICATES DATA IS MISSING.
T  INDICATES TRACE AMOUNT.

$$
