000
CXUS54 KMEG 030202
CLMMEG


CLIMATE REPORT
NATIONAL WEATHER SERVICE MEMPHIS TN
853 PM CDT SAT JUL 2 2016

...................................

...THE MEMPHIS/GERMANTOWN WFO CLIMATE SUMMARY FOR THE MONTH OF JUNE 2016...

CLIMATE NORMAL PERIOD 1981 TO 2010
CLIMATE RECORD PERIOD 1988 TO 2016

WEATHER         OBSERVED          NORMAL  DEPART  LAST YEAR`S
                 VALUE   DATE(S)  VALUE   FROM    VALUE  DATE(S)
                                          NORMAL
................................................................
TEMPERATURE (F)
RECORD
 HIGH             102   06/29/2012
 LOW               48   06/07/2000
HIGHEST            97   06/16        MM      MM       97  06/24
LOWEST             59   06/08        MM      MM       57  06/03
AVG. MAXIMUM     91.1              87.9     3.2     89.8
AVG. MINIMUM     70.2              67.4     2.8     69.8
MEAN             80.6              77.7     2.9     79.8
DAYS MAX >= 90     19              12.9     6.1       21
DAYS MAX <= 32      0               0.0     0.0        0
DAYS MIN <= 32      0               0.0     0.0        0
DAYS MIN <= 0       0               0.0     0.0        0

PRECIPITATION (INCHES)
RECORD
 MAXIMUM           MM   MM
 MINIMUM           MM   MM
TOTALS           4.11              3.68    0.43     2.94
DAILY AVG.       0.14              0.12    0.02     0.10
DAYS >= .01         8               9.0    -1.0        9
DAYS >= .10         7               5.9     1.1        6
DAYS >= .50         4               2.5     1.5        3
DAYS >= 1.00        1               1.2    -0.2        1
GREATEST
 24 HR. TOTAL    1.28   06/27 TO 06/27

SNOWFALL (INCHES)
RECORDS
 TOTAL             MM   5
TOTALS            0.0               0.0     0.0      0.0
SINCE 7/1         0.9               2.4    -1.5      6.3
SNOWDEPTH AVG.      0                MM      MM        0
DAYS >= 1.0         0               0.0     0.0        0
GREATEST
 SNOW DEPTH         0   MM                             0  MM
 24 HR TOTAL      0.0   06/30 TO 06/30

DEGREE_DAYS
HEATING TOTAL       0                 2      -2        0
 SINCE 7/1       2485              3414    -929     3459
COOLING TOTAL     475               381      94      452
 SINCE 1/1        720               632      88      752
.................................................................



-  INDICATES NEGATIVE NUMBERS.
R  INDICATES RECORD WAS SET OR TIED.
MM INDICATES DATA IS MISSING.
T  INDICATES TRACE AMOUNT.

$$
