000
CXUS54 KEPZ 011130
CF6ALM
PRELIMINARY LOCAL CLIMATOLOGICAL DATA (WS FORM: F-6)
STATION: ALAMOGORDO
MONTH: FEBRUARY
YEAR: 2023
LATITUDE: 32 49 N
LONGITUDE: 106 0 W
TEMPERATURE IN F: :PCPN: SNOW: WIND :SUNSHINE: SKY :PK WND
================================================================================
1 2 3 4 5 6A 6B 7 8 9 10 11 12 13 14 15 16 17 18
12Z AVG MX 2MIN
DY MAX MIN AVG DEP HDD CDD WTR SNW DPTH SPD SPD DIR MIN PSBL S-S WX SPD DR
================================================================================
1 52 23 38 M 27 0 0.00 M M 5.2 10 190 M M 3 16 190
2 59 28 44 M 21 0 0.00 M M 8.4 15 350 M M 2 21 330
3 59 21 40 M 25 0 0.00 M M 5.6 10 200 M M 2 16 200
4 63 28 46 M 19 0 0.00 M M 5.6 9 70 M M 1 12 300
5 70 27 49 M 16 0 0.00 M M 8.3 16 160 M M 2 23 160
6 70 37 54 M 11 0 0.00 M M 10.6 17 230 M M 2 25 230
7 54 32 43 M 22 0 0.00 M M 6.9 13 330 M M 5 17 90
8 54 21 38 M 27 0 0.00 M M 5.8 12 340 M M 3 16 340
9 50 25 38 M 27 0 0.00 M M 12.0 28 350 M M 2 36 10
10 48 19 34 M 31 0 0.00 M M 6.7 12 320 M M 3 17 340
11 57 18 38 M 27 0 0.00 M M 4.7 10 50 M M 3 12 99
12 63 30 47 M 18 0 0.00 M M 5.1 9 330 M M 3 15 350
13 68 34 51 M 14 0 0.34 M M 7.9 28 160 M M 6 18 56 180
14 54 36 45 M 20 0 0.00 M M 15.2 23 220 M M 5 29 220
15 46 30 38 M 27 0 T M M 11.7 22 170 M M 8 31 270
16 45 21 33 M 32 0 0.00 M M 10.5 16 340 M M 4 22 360
17 46 14 30 M 35 0 0.00 M M 4.1 8 M M M 3 M M
18 55 28 42 M 23 0 0.00 M M 4.6 10 210 M M 5 14 170
19 55 36 46 M 19 0 0.02 M M 8.9 20 M M M 8 1 25 M
20 64 50 57 M 8 0 0.00 M M 7.9 15 210 M M 7 20 210
21 64 46 55 M 10 0 0.00 M M 10.5 21 200 M M 8 29 200
22 63 43 53 M 12 0 0.00 M M 19.3 32 230 M M 7 8 44 220
23 61 30 46 M 19 0 0.00 M M 11.0 21 190 M M 4 30 210
24 70 36 53 M 12 0 0.00 M M 6.2 14 200 M M 2 21 200
25 68 39 54 M 11 0 0.00 M M 4.2 9 150 M M 3 M M
26 70 34 52 M 13 0 0.00 M M 16.7 33 270 M M 2 8 46 270
27 59 34 47 M 18 0 0.00 M M 7.7 17 360 M M 1 22 360
28 68 37 53 M 12 0 0.00 M M 10.9 21 260 M M 1 37 260
================================================================================
SM 1655 857 556 0 0.36 M 242.3 M 105
================================================================================
AV 59.1 30.6 8.7 FASTST M M 4 MAX(MPH)
MISC ----> 33 270 56 180
================================================================================
NOTES:
# LAST OF SEVERAL OCCURRENCES
COLUMN 17 PEAK WIND IN M.P.H.
PRELIMINARY LOCAL CLIMATOLOGICAL DATA (WS FORM: F-6) , PAGE 2
STATION: ALAMOGORDO
MONTH: FEBRUARY
YEAR: 2023
LATITUDE: 32 49 N
LONGITUDE: 106 0 W
[TEMPERATURE DATA] [PRECIPITATION DATA] SYMBOLS USED IN COLUMN 16
AVERAGE MONTHLY: 44.9 TOTAL FOR MONTH: 0.36 1 = FOG OR MIST
DPTR FM NORMAL: 0.0 DPTR FM NORMAL: 0.36 2 = FOG REDUCING VISIBILITY
HIGHEST: 70 ON 26,24 GRTST 24HR 0.34 ON 13-13 TO 1/4 MILE OR LESS
LOWEST: 14 ON 17 3 = THUNDER
SNOW, ICE PELLETS, HAIL 4 = ICE PELLETS
TOTAL MONTH: M 5 = HAIL
GRTST 24HR M ON M 6 = FREEZING RAIN OR DRIZZLE
GRTST DEPTH: M ON M 7 = DUSTSTORM OR SANDSTORM:
VSBY 1/2 MILE OR LESS
8 = SMOKE OR HAZE
[NO. OF DAYS WITH] [WEATHER - DAYS WITH] 9 = BLOWING SNOW
X = TORNADO
MAX 32 OR BELOW: 0 0.01 INCH OR MORE: 2
MAX 90 OR ABOVE: 0 0.10 INCH OR MORE: 1
MIN 32 OR BELOW: 16 0.50 INCH OR MORE: 0
MIN 0 OR BELOW: 0 1.00 INCH OR MORE: 0
[HDD (BASE 65) ]
TOTAL THIS MO. 556 CLEAR (SCALE 0-3) 14
DPTR FM NORMAL M PTCLDY (SCALE 4-7) 14
TOTAL FM JUL 1 2614 CLOUDY (SCALE 8-10) 0
DPTR FM NORMAL M
[CDD (BASE 65) ]
TOTAL THIS MO. 0
DPTR FM NORMAL M [PRESSURE DATA]
TOTAL FM JAN 1 0 HIGHEST SLP M ON M
DPTR FM NORMAL M LOWEST SLP M ON M
[REMARKS]
#FINAL-02-23#