000
CXUS55 KBOU 011000
CF6APA
PRELIMINARY LOCAL CLIMATOLOGICAL DATA (WS FORM: F-6)
STATION: CENTENNIAL CO
MONTH: FEBRUARY
YEAR: 2023
LATITUDE: 39 33 N
LONGITUDE: 104 51 W
TEMPERATURE IN F: :PCPN: SNOW: WIND :SUNSHINE: SKY :PK WND
================================================================================
1 2 3 4 5 6A 6B 7 8 9 10 11 12 13 14 15 16 17 18
12Z AVG MX 2MIN
DY MAX MIN AVG DEP HDD CDD WTR SNW DPTH SPD SPD DIR MIN PSBL S-S WX SPD DR
================================================================================
1 42 5 24 -8 41 0 0.00 M M 5.4 14 160 M M 1 17 160
2 43 16 30 -2 35 0 0.00 M M 7.3 15 170 M M 1 20 160
3 53 24 39 7 26 0 0.00 M M 6.9 18 230 M M 4 21 230
4 51 28 40 8 25 0 0.00 M M 8.3 25 320 M M 5 33 310
5 54 27 41 9 24 0 0.00 M M 7.9 23 170 M M 5 33 170
6 42 24 33 1 32 0 T M M 9.2 25 310 M M 4 32 310
7 42 21 32 0 33 0 0.00 M M 6.4 14 180 M M 1 18 170
8 48 20 34 2 31 0 T M M 9.2 23 330 M M 3 1 34 340
9 31 15 23 -9 42 0 0.00 M M 12.8 30 350 M M 7 40 10
10 46 12 29 -3 36 0 0.00 M M 7.7 16 150 M M 1 21 150
11 60 24 42 10 23 0 0.00 M M 5.1 14 170 M M 4 17 160
12 53 29 41 9 24 0 0.00 M M 7.4 17 90 M M 4 23 50
13 60 27 44 12 21 0 0.00 M M 10.8 25 240 M M 3 34 220
14 44 21 33 1 32 0 0.02 M M 8.9 22 100 M M 8 1 30 100
15 21 8 15 -18 50 0 0.04 M M 9.5 18 20 M M 10 1 23 10
16 26 -1 13 -20 52 0 T M M 4.6 12 160 M M 4 1 15 150
17 54 14 34 1 31 0 0.00 M M 5.9 15 220 M M 2 19 220
18 50 30 40 7 25 0 0.00 M M 7.0 22 230 M M 6 30 220
19 49 29 39 6 26 0 0.00 M M 10.3 30 280 M M 3 44 270
20 52 31 42 8 23 0 0.00 M M 8.2 18 110 M M 5 22 160
21 60 33 47 13 18 0 0.00 M M 10.4 26 200 M M 5 35 200
22 36 -4 16 -18 49 0 0.03 M M 8.4 18 10 M M 10 1 28 20
23 13 -10 2 -32 63 0 T M M 4.3 10 10 M M 5 18 13 350
24 38 1 20 -15 45 0 0.00 M M 6.1 20 160 M M 3 24 160
25 60 26 43 8 22 0 0.00 M M 11.2 25 220 M M 3 32 260
26 59 35 47 12 18 0 0.00 M M 13.8 31 330 M M 3 42 330
27 50 29 40 4 25 0 0.00 M M 8.6 20 90 M M 1 26 60
28 49 24 37 1 28 0 0.00 M M 14.9 29 230 M M 4 41 230
================================================================================
SM 1286 538 900 0 0.09 M 236.5 M 115
================================================================================
AV 45.9 19.2 8.4 FASTST M M 4 MAX(MPH)
MISC ----> 31 330 44 270
================================================================================
NOTES:
# LAST OF SEVERAL OCCURRENCES
COLUMN 17 PEAK WIND IN M.P.H.
PRELIMINARY LOCAL CLIMATOLOGICAL DATA (WS FORM: F-6) , PAGE 2
STATION: CENTENNIAL CO
MONTH: FEBRUARY
YEAR: 2023
LATITUDE: 39 33 N
LONGITUDE: 104 51 W
[TEMPERATURE DATA] [PRECIPITATION DATA] SYMBOLS USED IN COLUMN 16
AVERAGE MONTHLY: 32.6 TOTAL FOR MONTH: 0.09 1 = FOG OR MIST
DPTR FM NORMAL: -0.4 DPTR FM NORMAL: -0.34 2 = FOG REDUCING VISIBILITY
HIGHEST: 60 ON 11,13 GRTST 24HR 0.06 ON 14-15 TO 1/4 MILE OR LESS
LOWEST: -10 ON 23 3 = THUNDER
SNOW, ICE PELLETS, HAIL 4 = ICE PELLETS
TOTAL MONTH: M 5 = HAIL
GRTST 24HR M ON M 6 = FREEZING RAIN OR DRIZZLE
GRTST DEPTH: M ON M 7 = DUSTSTORM OR SANDSTORM:
VSBY 1/2 MILE OR LESS
8 = SMOKE OR HAZE
[NO. OF DAYS WITH] [WEATHER - DAYS WITH] 9 = BLOWING SNOW
X = TORNADO
MAX 32 OR BELOW: 4 0.01 INCH OR MORE: 3
MAX 90 OR ABOVE: 0 0.10 INCH OR MORE: 0
MIN 32 OR BELOW: 26 0.50 INCH OR MORE: 0
MIN 0 OR BELOW: 3 1.00 INCH OR MORE: 0
[HDD (BASE 65) ]
TOTAL THIS MO. 900 CLEAR (SCALE 0-3) 9
DPTR FM NORMAL 4 PTCLDY (SCALE 4-7) 17
TOTAL FM JUL 1 4327 CLOUDY (SCALE 8-10) 2
DPTR FM NORMAL -21
[CDD (BASE 65) ]
TOTAL THIS MO. 0
DPTR FM NORMAL 0 [PRESSURE DATA]
TOTAL FM JAN 1 0 HIGHEST SLP 30.60 ON 9
DPTR FM NORMAL 0 LOWEST SLP 29.14 ON 14
[REMARKS]
#FINAL-02-23#