000
CXAK56 PAFG 011036
CF6BTT
PRELIMINARY LOCAL CLIMATOLOGICAL DATA (WS FORM: F-6)
STATION: BETTLES AK
MONTH: MAY
YEAR: 2023
LATITUDE: 66 55 N
LONGITUDE: 151 31 W
TEMPERATURE IN F: :PCPN: SNOW: WIND :SUNSHINE: SKY :PK WND
================================================================================
1 2 3 4 5 6A 6B 7 8 9 10 11 12 13 14 15 16 17 18
12Z AVG MX 2MIN
DY MAX MIN AVG DEP HDD CDD WTR SNW DPTH SPD SPD DIR MIN PSBL S-S WX SPD DR
================================================================================
1 43 29 36 -1 29 0 0.03 M 26 2.7 10 130 M M 8 15 140
2 45 30 38 1 27 0 T M 24 3.8 9 210 M M 6 12 210
3 45 26 36 -2 29 0 0.08 M 24 4.8 17 260 M M 5 15 23 200
4 40 26 33 -6 32 0 T M 19 5.8 13 180 M M 5 16 170
5 48 27 38 -1 27 0 0.00 0.0 18 8.4 13 40 M M 5 18 99
6 49 35 42 2 23 0 0.00 0.0 M 5.6 10 300 M M 9 M M
7 47 26 37 -3 28 0 0.00 0.0 15 3.1 8 140 M M 3 M M
8 52 30 41 0 24 0 0.00 M 13 4.7 8 40 M M 7 M M
9 52 36 44 2 21 0 0.08 M 11 5.6 16 160 M M 6 22 150
10 55 37 46 4 19 0 0.00 M 11 6.6 12 40 M M 6 16 50
11 52 39 46 4 19 0 T M 8 4.9 9 150 M M 9 13 150
12 53 30 42 -1 23 0 0.00 M 6 3.4 10 140 M M 2 14 150
13 60 32 46 2 19 0 0.00 M 4 4.2 8 210 M M 4 17 210
14 59 35 47 3 18 0 0.00 M 3 6.9 16 250 M M 6 24 210
15 49 37 43 -2 22 0 0.08 M 1 3.0 12 220 M M 9 1 16 220
16 58 39 49 4 16 0 0.26 M M 6.2 14 40 M M 9 1 21 160
17 54 36 45 -1 20 0 T M M 6.3 13 250 M M 7 12 16 270
18 60 29 45 -1 20 0 0.00 M M 2.9 10 290 M M 2 15 300
19 66 39 53 6 12 0 0.00 M M 6.7 16 40 M M 2 23 40
20 69 41 55 8 10 0 0.00 M M 6.1 16 220 M M 2 21 220
21 69 43 56 8 9 0 0.00 M M 5.2 10 230 M M 0 14 200
22 71 37 54 6 11 0 0.00 M M 5.1 16 260 M M 2 21 250
23 69 46 58 9 7 0 T M M 4.4 12 240 M M 6 15 360
24 66 48 57 8 8 0 T M M 6.9 15 130 M M 8 20 20
25 65 45 55 5 10 0 0.12 M M 6.2 13 50 M M 9 1 21 50
26 53 45 49 -1 16 0 0.33 M M 4.1 14 40 M M 9 1 23 40
27 65 40 53 2 12 0 0.14 M M 2.8 13 190 M M 7 12 19 200
28 66 45 56 5 9 0 0.09 M M 2.9 16 130 M M 7 24 120
29 69 46 58 6 7 0 T M M 3.5 15 320 M M 7 19 320
30 63 45 54 2 11 0 T M M 8.0 21 240 M M 5 3 25 230
31 49 36 43 -10 22 0 T 0.0 0 10.8 21 230 M M 5 29 240
================================================================================
SM 1761 1135 560 0 1.21 0.0 161.6 M 177
================================================================================
AV 56.8 36.6 5.2 FASTST M M 6 MAX(MPH)
MISC ----> # 21 240 29 240
================================================================================
NOTES:
# LAST OF SEVERAL OCCURRENCES
COLUMN 17 PEAK WIND IN M.P.H.
PRELIMINARY LOCAL CLIMATOLOGICAL DATA (WS FORM: F-6) , PAGE 2
STATION: BETTLES AK
MONTH: MAY
YEAR: 2023
LATITUDE: 66 55 N
LONGITUDE: 151 31 W
[TEMPERATURE DATA] [PRECIPITATION DATA] SYMBOLS USED IN COLUMN 16
AVERAGE MONTHLY: 46.7 TOTAL FOR MONTH: 1.21 1 = FOG OR MIST
DPTR FM NORMAL: 1.7 DPTR FM NORMAL: 0.32 2 = FOG REDUCING VISIBILITY
HIGHEST: 71 ON 22 GRTST 24HR 0.34 ON 26-27 TO 1/4 MILE OR LESS
LOWEST: 26 ON 7, 4 3 = THUNDER
SNOW, ICE PELLETS, HAIL 4 = ICE PELLETS
TOTAL MONTH: 0.0 INCH 5 = HAIL
GRTST 24HR 0.0 6 = FREEZING RAIN OR DRIZZLE
GRTST DEPTH: 29 ON M 7 = DUSTSTORM OR SANDSTORM:
VSBY 1/2 MILE OR LESS
8 = SMOKE OR HAZE
[NO. OF DAYS WITH] [WEATHER - DAYS WITH] 9 = BLOWING SNOW
X = TORNADO
MAX 32 OR BELOW: 0 0.01 INCH OR MORE: 9
MAX 90 OR ABOVE: 0 0.10 INCH OR MORE: 4
MIN 32 OR BELOW: 10 0.50 INCH OR MORE: 0
MIN 0 OR BELOW: 0 1.00 INCH OR MORE: 0
[HDD (BASE 65) ]
TOTAL THIS MO. 560 CLEAR (SCALE 0-3) 7
DPTR FM NORMAL -62 PTCLDY (SCALE 4-7) 17
TOTAL FM JUL 1 14660 CLOUDY (SCALE 8-10) 7
DPTR FM NORMAL -106
[CDD (BASE 65) ]
TOTAL THIS MO. 0
DPTR FM NORMAL 0 [PRESSURE DATA]
TOTAL FM JAN 1 0 HIGHEST SLP M ON M
DPTR FM NORMAL 0 LOWEST SLP 28.96 ON 31
[REMARKS]
#FINAL-05-23#