000
CXUS51 KCLE 041935
CLSCLE
CLIMATE REPORT
NATIONAL WEATHER SERVICE CLEVELAND, OH
235 PM EST SAT DEC 04 2021
...................................
...THE CLEVELAND OH CLIMATE SUMMARY FOR THE SEASON, FROM
9/1/2021 TO 11/30/2021...
CLIMATE NORMAL PERIOD 1991 TO 2020
CLIMATE RECORD PERIOD 1871 TO 2021
WEATHER OBSERVED NORMAL DEPART
VALUE DATE(S) VALUE FROM
NORMAL
................................................
TEMPERATURE (F)
RECORD
HIGH 101 09/03/1953
09/02/1953
09/01/1953
LOW 0 11/22/1880
HIGHEST 89 09/14
LOWEST 25 11/23
AVG. MAXIMUM 65.0 63.5 1.5
AVG. MINIMUM 48.5 46.7 1.8
MEAN 56.7 55.1 1.6
DAYS MAX >= 90 0 1.4
DAYS MAX <= 32 0 1.1
DAYS MIN <= 32 16 12.6
DAYS MIN <= 0 0 0.0
PRECIPITATION (INCHES)
RECORD
MAXIMUM 20.73 1996
MINIMUM 2.37 1908
TOTALS 9.89 10.90 -1.01
DAYS >= .01 39 35.3
DAYS >= .10 20 21.9
DAYS >= .50 5 7.0
DAYS >= 1.00 2 2.4
SNOWFALL (INCHES)
RECORDS
TOTAL 23.4 1996
TOTALS 4.4 4.6
DAYS >= TRACE 12
DAYS >= 1.0 2 1.5
DEGREE DAYS
HEATING TOTAL 922 1026 -104
COOLING TOTAL 191 129 62
................................................
WIND (MPH)
HIGHEST GUST SPEED/DIRECTION 43/230 DATE 11/12
SKY COVER
POSSIBLE SUNSHINE (PERCENT) MM
AVERAGE SKY COVER 0.63
NUMBER OF DAYS FAIR 21
NUMBER OF DAYS PC 27
NUMBER OF DAYS CLOUDY 43
WEATHER CONDITIONS. NUMBER OF DAYS WITH
THUNDERSTORM 6 MIXED PRECIP 0
HEAVY RAIN 6 RAIN 7
LIGHT RAIN 41 FREEZING RAIN 0
LT FREEZING RAIN 0 HAIL 0
HEAVY SNOW 0 SNOW 3
LIGHT SNOW 12 SLEET 0
FOG 37 FOG W/VIS <= 1/4 MILE 2
HAZE 12
- INDICATES NEGATIVE NUMBERS.
R INDICATES RECORD WAS SET OR TIED.
MM INDICATES DATA IS MISSING.
T INDICATES TRACE AMOUNT.
$$