000
CXUS54 KFWD 251720
CF6CRS
PRELIMINARY LOCAL CLIMATOLOGICAL DATA (WS FORM: F-6)
STATION: CORSICANA
MONTH: MARCH
YEAR: 2021
LATITUDE: 32 1 N
LONGITUDE: 96 24 W
TEMPERATURE IN F: :PCPN: SNOW: WIND :SUNSHINE: SKY :PK WND
================================================================================
1 2 3 4 5 6A 6B 7 8 9 10 11 12 13 14 15 16 17 18
12Z AVG MX 2MIN
DY MAX MIN AVG DEP HDD CDD WTR SNW DPTH SPD SPD DIR MIN PSBL S-S WX SPD DR
================================================================================
1 55 45 50 -5 15 0 0.39 0.0 0 11.6 23 10 M M 10 13 38 20
2 63 41 52 -3 13 0 T M M 6.9 14 350 M M 3 22 40
3 68 40 54 -2 11 0 0.00 0.0 0 6.6 13 200 M M 0 21 200
4 73 44 59 3 6 0 0.00 M M 9.0 16 140 M M 0 28 170
5 75 52 64 8 1 0 0.00 M M 9.2 20 30 M M 6 28 30
6 65 43 54 -2 11 0 0.00 M M 7.4 15 20 M M 0 21 30
7 67 42 55 -2 10 0 0.00 M M 7.6 15 150 M M 0 28 140
8 71 42 57 0 8 0 0.00 M M 9.9 20 150 M M 0 26 150
9 73 56 65 8 0 0 0.00 M M 15.8 25 170 M M 7 1 35 180
10 78 61 70 12 0 5 0.00 M M 18.0 30 170 M M 7 41 170
11 81 67 74 16 0 9 0.00 M M 15.3 25 180 M M 7 37 160
12 80 66 73 15 0 8 T M M 12.6 22 170 M M 9 18 29 170
13 81 64 73 15 0 8 0.00 M M 13.5 25 160 M M 7 33 150
14 69 51 60 2 5 0 0.14 M M 8.9 22 150 M M 7 1 29 160
15 83 44 64 5 1 0 0.00 M M 9.0 22 220 M M 1 12 30 240
16 80 58 69 10 0 4 0.00 M M 9.7 21 140 M M 5 1 26 140
17 73 49 61 2 4 0 0.34 M M 18.6 35 290 M M 5 138 48 260
18 62 43 53 -7 12 0 0.00 M M 14.2 28 310 M M 1 41 310
19 62 42 52 -8 13 0 0.00 M M 7.9 16 350 M M 2 25 350
20 68 40 54 -6 11 0 0.00 M M 5.5 15 120 M M 0 1 21 120
21 69 42 56 -4 9 0 0.00 M M 10.1 16 150 M M 0 21 130
22 70 54 62 1 3 0 0.70 M M 13.1 26 300 M M 5 13 36 130
23 73 48 61 0 4 0 0.00 M M 8.7 18 280 M M 2 22 270
24 77 47 62 1 3 0 0.27 M M 7.7 20 170 M M 5 13 28 80
25 69 53 61 0 4 0 0.21 M M 9.1 31 300 M M 5 138 42 300
26 80 50 65 3 0 0 0.00 M M 8.9 17 150 M M 0 24 140
27 80 60 70 8 0 5 0.00 M M 7.8 24 350 M M 5 18 35 360
28 72 52 62 0 3 0 0.00 M M 10.4 22 360 M M 0 33 10
29 76 43 60 -2 5 0 0.00 M M 8.6 14 170 M M 0 23 180
30 75 59 67 5 0 2 M M M 12.9 17 180 M M 8 25 170
31 69 48 59 -4 6 0 0.00 M M 12.8 25 30 M M 1 41 360
================================================================================
SM 2237 1546 158 41 2.05 0.0 327.3 M 108
================================================================================
AV 72.2 49.9 10.6 FASTST M M 3 MAX(MPH)
MISC ----> 35 290 48 260
================================================================================
NOTES:
# LAST OF SEVERAL OCCURRENCES
COLUMN 17 PEAK WIND IN M.P.H.
PRELIMINARY LOCAL CLIMATOLOGICAL DATA (WS FORM: F-6) , PAGE 2
STATION: CORSICANA
MONTH: MARCH
YEAR: 2021
LATITUDE: 32 1 N
LONGITUDE: 96 24 W
[TEMPERATURE DATA] [PRECIPITATION DATA] SYMBOLS USED IN COLUMN 16
AVERAGE MONTHLY: 61.0 TOTAL FOR MONTH: 2.05 1 = FOG OR MIST
DPTR FM NORMAL: 2.0 DPTR FM NORMAL: -1.53 2 = FOG REDUCING VISIBILITY
HIGHEST: 83 ON 15 GRTST 24HR 0.70 ON 22-22 TO 1/4 MILE OR LESS
LOWEST: 40 ON 20, 3 3 = THUNDER
SNOW, ICE PELLETS, HAIL 4 = ICE PELLETS
TOTAL MONTH: 0.0 INCH 5 = HAIL
GRTST 24HR 0.0 6 = FREEZING RAIN OR DRIZZLE
GRTST DEPTH: 0 7 = DUSTSTORM OR SANDSTORM:
VSBY 1/2 MILE OR LESS
8 = SMOKE OR HAZE
[NO. OF DAYS WITH] [WEATHER - DAYS WITH] 9 = BLOWING SNOW
X = TORNADO
MAX 32 OR BELOW: 0 0.01 INCH OR MORE: 6
MAX 90 OR ABOVE: 0 0.10 INCH OR MORE: 6
MIN 32 OR BELOW: 0 0.50 INCH OR MORE: 1
MIN 0 OR BELOW: 0 1.00 INCH OR MORE: 0
[HDD (BASE 65) ]
TOTAL THIS MO. 158 CLEAR (SCALE 0-3) 16
DPTR FM NORMAL -66 PTCLDY (SCALE 4-7) 12
TOTAL FM JUL 1 1926 CLOUDY (SCALE 8-10) 3
DPTR FM NORMAL -14
[CDD (BASE 65) ]
TOTAL THIS MO. 41
DPTR FM NORMAL 3 [PRESSURE DATA]
TOTAL FM JAN 1 44 HIGHEST SLP 30.47 ON 31
DPTR FM NORMAL -10 LOWEST SLP 29.59 ON 17
[REMARKS]
#FINAL-03-21#