000
CXUS53 KDMX 011704
CF6EST
PRELIMINARY LOCAL CLIMATOLOGICAL DATA (WS FORM: F-6)
STATION: ESTHERVILLE IA
MONTH: SEPTEMBER
YEAR: 2022
LATITUDE: 43 24 N
LONGITUDE: 94 45 W
TEMPERATURE IN F: :PCPN: SNOW: WIND :SUNSHINE: SKY :PK WND
================================================================================
1 2 3 4 5 6A 6B 7 8 9 10 11 12 13 14 15 16 17 18
12Z AVG MX 2MIN
DY MAX MIN AVG DEP HDD CDD WTR SNW DPTH SPD SPD DIR MIN PSBL S-S WX SPD DR
================================================================================
1 87 60 74 9 0 9 0.00 0.0 0 6.4 13 230 M M 0 20 240
2 87 59 73 8 0 8 0.00 0.0 0 8.6 16 180 M M 0 23 360
3 74 54 64 -1 1 0 0.00 0.0 0 9.7 18 10 M M 0 26 10
4 75 50 63 -1 2 0 0.00 0.0 0 5.9 12 110 M M 1 19 80
5 75 51 63 -1 2 0 0.00 0.0 0 6.0 12 120 M M 4 12 17 140
6 82 60 71 7 0 6 0.00 0.0 0 7.8 15 150 M M 2 12 19 170
7 83 59 71 7 0 6 0.00 0.0 0 6.3 9 180 M M 1 12 15 190
8 85 61 73 10 0 8 0.00 0.0 0 12.1 25 180 M M 0 37 180
9 67 57 62 -1 3 0 0.16 0.0 0 9.7 22 20 M M 7 1 29 20
10 70 48 59 -4 6 0 0.22 0.0 0 6.9 16 350 M M 4 1 23 360
11 73 45 59 -3 6 0 0.00 0.0 0 6.6 14 340 M M 0 18 300
12 74 43 59 -3 6 0 0.00 0.0 0 5.2 13 340 M M 0 16 350
13 76 44 60 -2 5 0 0.00 0.0 0 5.5 10 130 M M 0 15 130
14 84 51 68 6 0 3 0.00 0.0 0 8.0 15 160 M M 0 21 150
15 84 62 73 12 0 8 T 0.0 0 12.6 21 180 M M 2 28 180
16 76 63 70 9 0 5 0.05 0.0 0 8.9 16 160 M M 6 1 25 180
17 82 62 72 12 0 7 0.00 0.0 0 8.8 15 210 M M 2 21 230
18 78 53 66 6 0 1 0.00 0.0 0 5.0 13 20 M M 2 12 16 20
19 84 49 67 7 0 2 0.04 0.0 0 8.8 18 160 M M 3 123 28 170
20 96 63 80 21 0 15 0.00 0.0 0 8.6 20 340 M M 0 1 27 340
21 71 43 57 -2 8 0 0.00 0.0 0 12.5 23 10 M M 1 30 350
22 68 42 55 -3 10 0 0.00 0.0 0 5.7 12 30 M M 0 18 50
23 61 52 57 -1 8 0 0.16 0.0 0 13.0 25 170 M M 9 18 38 170
24 75 51 63 5 2 0 0.00 0.0 0 11.5 24 310 M M 4 1 35 280
25 72 44 58 1 7 0 0.00 0.0 0 14.5 28 340 M M 0 45 310
26 70 43 57 0 8 0 0.00 0.0 0 11.4 24 350 M M 1 37 340
27 66 33 50 -6 15 0 0.00 0.0 0 5.9 17 20 M M 2 8 23 20
28 64 29 47 -9 18 0 0.00 0.0 0 5.1 13 150 M M 0 18 20 150
29 70 34 52 -3 13 0 0.00 0.0 0 12.2 23 180 M M 0 31 180
30 76 48 62 7 3 0 0.00 0.0 0 10.4 22 160 M M 1 32 170
================================================================================
SM 2285 1513 123 78 0.63 0.0 259.6 M 52
================================================================================
AV 76.2 50.4 8.7 FASTST M M 2 MAX(MPH)
MISC ----> 28 340 45 310
================================================================================
NOTES:
# LAST OF SEVERAL OCCURRENCES
COLUMN 17 PEAK WIND IN M.P.H.
PRELIMINARY LOCAL CLIMATOLOGICAL DATA (WS FORM: F-6) , PAGE 2
STATION: ESTHERVILLE IA
MONTH: SEPTEMBER
YEAR: 2022
LATITUDE: 43 24 N
LONGITUDE: 94 45 W
[TEMPERATURE DATA] [PRECIPITATION DATA] SYMBOLS USED IN COLUMN 16
AVERAGE MONTHLY: 63.3 TOTAL FOR MONTH: 0.63 1 = FOG OR MIST
DPTR FM NORMAL: 2.7 DPTR FM NORMAL: -2.51 2 = FOG REDUCING VISIBILITY
HIGHEST: 96 ON 20 GRTST 24HR 0.38 ON 9-10 TO 1/4 MILE OR LESS
LOWEST: 29 ON 28 3 = THUNDER
SNOW, ICE PELLETS, HAIL 4 = ICE PELLETS
TOTAL MONTH: 0.0 INCH 5 = HAIL
GRTST 24HR 0.0 6 = FREEZING RAIN OR DRIZZLE
GRTST DEPTH: 0 7 = DUSTSTORM OR SANDSTORM:
VSBY 1/2 MILE OR LESS
8 = SMOKE OR HAZE
[NO. OF DAYS WITH] [WEATHER - DAYS WITH] 9 = BLOWING SNOW
X = TORNADO
MAX 32 OR BELOW: 0 0.01 INCH OR MORE: 5
MAX 90 OR ABOVE: 1 0.10 INCH OR MORE: 3
MIN 32 OR BELOW: 1 0.50 INCH OR MORE: 0
MIN 0 OR BELOW: 0 1.00 INCH OR MORE: 0
[HDD (BASE 65) ]
TOTAL THIS MO. 123 CLEAR (SCALE 0-3) 23
DPTR FM NORMAL -55 PTCLDY (SCALE 4-7) 6
TOTAL FM JUL 1 124 CLOUDY (SCALE 8-10) 1
DPTR FM NORMAL -101
[CDD (BASE 65) ]
TOTAL THIS MO. 78
DPTR FM NORMAL 30 [PRESSURE DATA]
TOTAL FM JAN 1 812 HIGHEST SLP 30.55 ON 28
DPTR FM NORMAL 290 LOWEST SLP 29.66 ON 8
[REMARKS]
#FINAL-09-22#