000
CXUS54 KLCH 011422
CF6LCH
PRELIMINARY LOCAL CLIMATOLOGICAL DATA (WS FORM: F-6)
STATION: LAKE CHARLES
MONTH: JULY
YEAR: 2020
LATITUDE: 30 7 N
LONGITUDE: 93 13 W
TEMPERATURE IN F: :PCPN: SNOW: WIND :SUNSHINE: SKY :PK WND
================================================================================
1 2 3 4 5 6A 6B 7 8 9 10 11 12 13 14 15 16 17 18
12Z AVG MX 2MIN
DY MAX MIN AVG DEP HDD CDD WTR SNW DPTH SPD SPD DIR MIN PSBL S-S WX SPD DR
================================================================================
1 89 77 83 1 0 18 0.00 0.0 0 7.7 16 220 M M 3 26 200
2 92 77 85 3 0 20 0.00 0.0 0 5.8 13 240 M M 2 8 19 240
3 92 71 82 0 0 17 1.65 0.0 0 6.0 28 120 M M 5 138 34 120
4 93 70 82 0 0 17 0.00 0.0 0 3.9 9 320 M M 2 12 13 330
5 88 76 82 -1 0 17 0.00 0.0 0 6.2 17 150 M M 3 21 320
6 88 74 81 -2 0 16 0.40 0.0 0 4.3 23 130 M M 4 13 28 120
7 85 76 81 -2 0 16 0.24 0.0 0 5.1 20 230 M M 2 13 31 240
8 89 77 83 0 0 18 0.07 0.0 0 7.7 14 180 M M 3 13 24 200
9 90 78 84 1 0 19 0.00 0.0 0 6.5 13 220 M M 1 22 180
10 93 77 85 2 0 20 0.00 0.0 0 5.1 9 210 M M 1 M M
11 95 78 87 4 0 22 0.00 0.0 0 3.9 10 210 M M 1 1 17 190
12 92 77 85 2 0 20 0.00 0.0 0 6.0 14 240 M M 1 23 250
13 93 80 87 4 0 22 0.00 0.0 0 6.9 13 180 M M 2 21 190
14 91 78 85 2 0 20 0.00 0.0 0 5.6 13 190 M M 2 21 170
15 91 78 85 2 0 20 0.00 0.0 0 5.7 13 190 M M 2 22 220
16 96 76 86 3 0 21 0.00 0.0 0 4.2 26 130 M M 2 37 110
17 89 74 82 -1 0 17 T 0.0 0 7.8 22 150 M M 3 3 28 150
18 92 75 84 1 0 19 0.00 0.0 0 5.7 15 210 M M 1 3 24 210
19 94 76 85 2 0 20 0.00 0.0 0 7.4 21 130 M M 1 3 25 130
20 84 76 80 -3 0 15 0.00 0.0 0 9.2 18 120 M M 3 24 120
21 90 74 82 -1 0 17 0.43 0.0 0 8.5 25 150 M M 3 138 34 150
22 92 76 84 1 0 19 0.11 0.0 0 5.2 20 110 M M 1 13 26 130
23 94 75 85 2 0 20 0.00 0.0 0 10.4 22 80 M M 2 31 70
24 86 76 81 -2 0 16 0.08 0.0 0 12.2 24 110 M M 4 13 31 110
25 89 74 82 -1 0 17 0.53 0.0 0 9.5 24 140 M M 6 138 32 140
26 83 74 79 -4 0 14 0.15 0.0 0 9.0 21 100 M M M 1 27 110
27 87 73 80 -3 0 15 0.02 0.0 0 4.9 14 170 M M 7 13 18 160
28 87 75 81 -2 0 16 T 0.0 0 5.6 14 230 M M 5 22 230
29 87 73 80 -3 0 15 1.08 0.0 0 4.6 23 250 M M 3 123 36 240
30 89 78 84 1 0 19 0.02 0.0 0 7.6 15 190 M M 2 1 24 190
31 91 72 82 -1 0 17 0.17 0.0 0 7.5 17 360 M M 3 13 28 220
================================================================================
SM 2791 2341 0 559 4.95 0.0 205.7 M 80
================================================================================
AV 90.0 75.5 6.6 FASTST M M 3 MAX(MPH)
MISC ----> # 28 120 # 37 110
================================================================================
NOTES:
# LAST OF SEVERAL OCCURRENCES
COLUMN 17 PEAK WIND IN M.P.H.
PRELIMINARY LOCAL CLIMATOLOGICAL DATA (WS FORM: F-6) , PAGE 2
STATION: LAKE CHARLES
MONTH: JULY
YEAR: 2020
LATITUDE: 30 7 N
LONGITUDE: 93 13 W
[TEMPERATURE DATA] [PRECIPITATION DATA] SYMBOLS USED IN COLUMN 16
AVERAGE MONTHLY: 82.8 TOTAL FOR MONTH: 4.95 1 = FOG OR MIST
DPTR FM NORMAL: -0.1 DPTR FM NORMAL: -0.68 2 = FOG REDUCING VISIBILITY
HIGHEST: 96 ON 16 GRTST 24HR 1.65 ON 3- 3 TO 1/4 MILE OR LESS
LOWEST: 70 ON 4 3 = THUNDER
SNOW, ICE PELLETS, HAIL 4 = ICE PELLETS
TOTAL MONTH: 0.0 INCH 5 = HAIL
GRTST 24HR 0.0 6 = FREEZING RAIN OR DRIZZLE
GRTST DEPTH: 0 7 = DUSTSTORM OR SANDSTORM:
VSBY 1/2 MILE OR LESS
8 = SMOKE OR HAZE
[NO. OF DAYS WITH] [WEATHER - DAYS WITH] 9 = BLOWING SNOW
X = TORNADO
MAX 32 OR BELOW: 0 0.01 INCH OR MORE: 13
MAX 90 OR ABOVE: 17 0.10 INCH OR MORE: 9
MIN 32 OR BELOW: 0 0.50 INCH OR MORE: 3
MIN 0 OR BELOW: 0 1.00 INCH OR MORE: 2
[HDD (BASE 65) ]
TOTAL THIS MO. 0 CLEAR (SCALE 0-3) 23
DPTR FM NORMAL 0 PTCLDY (SCALE 4-7) 7
TOTAL FM JUL 1 0 CLOUDY (SCALE 8-10) 0
DPTR FM NORMAL 0
[CDD (BASE 65) ]
TOTAL THIS MO. 559
DPTR FM NORMAL 6 [PRESSURE DATA]
TOTAL FM JAN 1 1723 HIGHEST SLP 30.13 ON 17
DPTR FM NORMAL 152 LOWEST SLP 29.85 ON 5
[REMARKS]
#FINAL-07-20#