000
CXUS53 KABR 011407
CLMMBG
CLIMATE REPORT
NATIONAL WEATHER SERVICE ABERDEEN SD
907 AM CDT TUE AUG 01 2023
...................................
...THE MOBRIDGE SD CLIMATE SUMMARY FOR THE MONTH OF JULY 2023...
CLIMATE NORMAL PERIOD 1991 TO 2020
CLIMATE RECORD PERIOD 1911 TO 2023
WEATHER OBSERVED NORMAL DEPART LAST YEAR`S
VALUE DATE(S) VALUE FROM VALUE DATE(S)
NORMAL
................................................................
TEMPERATURE (F)
RECORD
HIGH 116 07/15/2006
07/16/1936
LOW 38 07/05/1915
HIGHEST 101 07/26 MM MM 101 07/18
LOWEST 48 07/05 MM MM 50 07/28
AVG. MAXIMUM 84.7 87.4 -2.7 88.5
AVG. MINIMUM 58.1 61.6 -3.5 62.8
MEAN 71.4 74.5 -3.1 75.6
DAYS MAX >= 90 8 12.0 -4.0 10
DAYS MAX <= 32 0 0.0 0.0 0
DAYS MIN <= 32 0 0.0 0.0 0
DAYS MIN <= 0 0 0.0 0.0 0
PRECIPITATION (INCHES)
RECORD
MAXIMUM 5.25 2019
MINIMUM 0.05 1998
TOTALS 2.28 2.33 -0.05 2.48
DAYS >= .01 5 8.9 -3.9 7
DAYS >= .10 3 4.4 -1.4 3
DAYS >= .50 2 1.3 0.7 1
DAYS >= 1.00 2 0.4 1.6 1
SNOWFALL (INCHES)
RECORDS
TOTAL MM 0
SNOW DEPTH 0 MM
TOTALS T 0.0 0.0 0.0
SINCE 7/1 T 0.0 0.0 MM
SNOWDEPTH AVG. 0 0
DAYS >= TRACE 1 0.0 1.0 0
DAYS >= 1.0 0 0.0 0.0 0
GREATEST
SNOW DEPTH 0 0 MM
DEGREE DAYS
HEATING TOTAL 10 6 4 0
SINCE 7/1 10 0 10 MM
COOLING TOTAL 219 300 -81 335
SINCE 1/1 513 467 46 MM
FREEZE DATES
RECORD
EARLIEST MM
LATEST MM
EARLIEST 10/07
LATEST 05/22
................................................................
WIND (MPH)
AVERAGE WIND SPEED 8.1
RESULTANT WIND SPEED/DIRECTION 2/090
HIGHEST WIND SPEED/DIRECTION 39/070 DATE 07/30
HIGHEST GUST SPEED/DIRECTION 56/080 DATE 07/30
SKY COVER
POSSIBLE SUNSHINE (PERCENT) MM
AVERAGE SKY COVER 0.16
NUMBER OF DAYS FAIR 27
NUMBER OF DAYS PC 3
NUMBER OF DAYS CLOUDY 1
AVERAGE RH (PERCENT) 65
WEATHER CONDITIONS. NUMBER OF DAYS WITH
THUNDERSTORM 9 MIXED PRECIP 0
HEAVY RAIN 3 RAIN 1
LIGHT RAIN 6 FREEZING RAIN 0
LT FREEZING RAIN 0 HAIL 1
HEAVY SNOW 0 SNOW 0
LIGHT SNOW 0 SLEET 0
FOG 10 FOG W/VIS <= 1/4 MILE 2
HAZE 4
- INDICATES NEGATIVE NUMBERS.
R INDICATES RECORD WAS SET OR TIED.
MM INDICATES DATA IS MISSING.
T INDICATES TRACE AMOUNT.
$$