000
CXUS54 KOUN 280810
CF6OKC
PRELIMINARY LOCAL CLIMATOLOGICAL DATA (WS FORM: F-6)
STATION: OKLAHOMA CITY
MONTH: APRIL
YEAR: 2024
LATITUDE: 35 24 N
LONGITUDE: 97 36 W
TEMPERATURE IN F: :PCPN: SNOW: WIND :SUNSHINE: SKY :PK WND
================================================================================
1 2 3 4 5 6A 6B 7 8 9 10 11 12 13 14 15 16 17 18
12Z AVG MX 2MIN
DY MAX MIN AVG DEP HDD CDD WTR SNW DPTH SPD SPD DIR MIN PSBL S-S WX SPD DR
================================================================================
1 78 52 65 9 0 0 0.99 0.0 0 13.4 25 320 M M 9 13 33 320
2 59 40 50 -6 15 0 T 0.0 0 17.1 31 340 M M 6 39 330
3 64 40 52 -4 13 0 0.00 0.0 0 12.0 29 340 M M 1 38 350
4 73 38 56 -1 9 0 0.00 0.0 0 6.0 14 50 M M 0 17 40
5 81 49 65 8 0 0 0.00 0.0 0 13.5 23 150 M M 4 8 30 160
6 76 50 63 6 2 0 0.47 0.0 0 17.8 36 180 M M 5 13 49 240
7 71 45 58 1 7 0 0.00 0.0 0 10.8 20 260 M M 1 31 200
8 70 44 57 -1 8 0 0.00 0.0 0 9.7 18 30 M M 7 24 30
9 72 54 63 5 2 0 0.19 0.0 0 13.8 26 340 M M 8 3 33 240
10 67 49 58 0 7 0 0.46 0.0 0 11.8 20 350 M M 8 1 26 350
11 67 45 56 -2 9 0 0.00 0.0 0 14.5 31 330 M M 0 42 320
12 78 40 59 1 6 0 0.00 0.0 0 9.2 23 190 M M 2 35 230
13 81 55 68 9 0 3 0.00 0.0 0 18.8 35 200 M M 1 45 200
14 89 61 75 16 0 10 0.00 0.0 0 17.0 28 200 M M 3 35 200
15 73 63 68 9 0 3 T 0.0 0 19.6 44 140 M M 9 1 57 140
16 82 58 70 11 0 5 T 0.0 0 15.4 30 170 M M 5 43 160
17 87 53 70 10 0 5 0.00 0.0 0 11.7 26 180 M M 5 12 36 170
18 77 52 65 5 0 0 0.00 0.0 0 21.0 31 330 M M 9 39 340
19 65 46 56 -4 9 0 0.00 0.0 0 14.5 23 50 M M 7 34 40
20 61 51 56 -4 9 0 0.00 0.0 0 16.5 26 30 M M 10 35 20
21 63 43 53 -7 12 0 0.00 0.0 0 8.2 17 340 M M 5 25 340
22 71 37 54 -7 11 0 0.00 0.0 M 14.5 29 180 M M 1 39 200
23 79 53 66 5 0 1 0.00 0.0 M 13.2 26 210 M M 4 35 210
24 78 60 69 8 0 4 0.03 0.0 M 11.8 30 80 M M 7 39 80
25 83 65 74 12 0 9 T 0.0 0 17.7 31 180 M M 9 43 180
26 84 60 72 10 0 7 0.34 0.0 0 18.8 30 200 M M 6 13 54 220
27 78 62 70 8 0 5 0.73 0.0 M 20.6 32 160 M M 10 13 46 170
================================================================================
SM 2007 1365 119 52 3.21 0.0 388.9 M 142
================================================================================
AV 74.3 50.6 14.4 FASTST M M 5 MAX(MPH)
MISC ----> 44 140 57 140
================================================================================
NOTES:
# LAST OF SEVERAL OCCURRENCES
COLUMN 17 PEAK WIND IN M.P.H.
PRELIMINARY LOCAL CLIMATOLOGICAL DATA (WS FORM: F-6) , PAGE 2
STATION: OKLAHOMA CITY
MONTH: APRIL
YEAR: 2024
LATITUDE: 35 24 N
LONGITUDE: 97 36 W
[TEMPERATURE DATA] [PRECIPITATION DATA] SYMBOLS USED IN COLUMN 16
AVERAGE MONTHLY: 62.4 TOTAL FOR MONTH: 3.21 1 = FOG OR MIST
DPTR FM NORMAL: 3.5 DPTR FM NORMAL: 0.07 2 = FOG REDUCING VISIBILITY
HIGHEST: 89 ON 14 GRTST 24HR 0.99 ON 1- 1 TO 1/4 MILE OR LESS
LOWEST: 37 ON 22 3 = THUNDER
SNOW, ICE PELLETS, HAIL 4 = ICE PELLETS
TOTAL MONTH: 0.0 INCH 5 = HAIL
GRTST 24HR 0.0 6 = FREEZING RAIN OR DRIZZLE
GRTST DEPTH: 0 7 = DUSTSTORM OR SANDSTORM:
VSBY 1/2 MILE OR LESS
8 = SMOKE OR HAZE
[NO. OF DAYS WITH] [WEATHER - DAYS WITH] 9 = BLOWING SNOW
X = TORNADO
MAX 32 OR BELOW: 0 0.01 INCH OR MORE: 7
MAX 90 OR ABOVE: 0 0.10 INCH OR MORE: 6
MIN 32 OR BELOW: 0 0.50 INCH OR MORE: 2
MIN 0 OR BELOW: 0 1.00 INCH OR MORE: 0
[HDD (BASE 65) ]
TOTAL THIS MO. 119 CLEAR (SCALE 0-3) 7
DPTR FM NORMAL -73 PTCLDY (SCALE 4-7) 12
TOTAL FM JUL 1 3018 CLOUDY (SCALE 8-10) 8
DPTR FM NORMAL -531
[CDD (BASE 65) ]
TOTAL THIS MO. 52
DPTR FM NORMAL 22 [PRESSURE DATA]
TOTAL FM JAN 1 63 HIGHEST SLP M ON M
DPTR FM NORMAL 23 LOWEST SLP 29.47 ON 1
[REMARKS]