000
CXUS53 KGRB 010910
CF6OSH
PRELIMINARY LOCAL CLIMATOLOGICAL DATA (WS FORM: F-6)
STATION: OSHKOSH WI
MONTH: NOVEMBER
YEAR: 2022
LATITUDE: 44 0 N
LONGITUDE: 88 34 W
TEMPERATURE IN F: :PCPN: SNOW: WIND :SUNSHINE: SKY :PK WND
================================================================================
1 2 3 4 5 6A 6B 7 8 9 10 11 12 13 14 15 16 17 18
12Z AVG MX 2MIN
DY MAX MIN AVG DEP HDD CDD WTR SNW DPTH SPD SPD DIR MIN PSBL S-S WX SPD DR
================================================================================
1 71 37 54 12 11 0 0.00 0.0 0 6.5 12 210 M M 0 18 220
2 71 37 54 12 11 0 0.00 0.0 0 10.4 20 190 M M 0 26 190
3 71 51 61 19 4 0 T 0.0 0 16.2 25 210 M M 2 40 200
4 65 48 57 16 8 0 1.07 0.0 0 11.3 22 190 M M 6 13 31 180
5 61 41 51 10 14 0 0.70 0.0 0 13.8 43 200 M M 9 128 60 210
6 56 38 47 7 18 0 0.00 0.0 0 12.0 23 190 M M 1 35 190
7 45 34 40 0 25 0 0.00 0.0 0 8.1 18 300 M M 0 27 300
8 49 41 45 5 20 0 0.00 0.0 0 11.1 21 110 M M 1 26 110
9 66 45 56 17 9 0 0.00 0.0 0 14.1 23 180 M M 6 8 32 180
10 72 48 60 21 5 0 0.45 0.0 0 15.2 28 190 M M 6 13 36 180
11 48 30 39 1 26 0 0.05 0.0 0 13.0 21 290 M M 10 29 290
12 37 28 33 -5 32 0 0.00 0.0 0 11.4 18 360 M M 8 25 360
13 34 26 30 -7 35 0 0.00 0.0 0 6.7 14 320 M M 9 25 340
14 35 21 28 -9 37 0 0.00 0.0 0 3.6 10 120 M M 6 14 180
15 36 32 34 -2 31 0 0.23 1.0 1 8.3 14 90 M M 10 128 19 80
16 34 28 31 -5 34 0 0.01 T 1 7.2 16 360 M M 8 1 19 350
17 30 22 26 -10 39 0 0.04 0.3 1 8.6 17 290 M M 9 18 26 290
18 25 16 21 -14 44 0 T T 1 10.5 20 290 M M 9 8 29 260
19 24 11 18 -17 47 0 T T 1 13.5 28 290 M M 6 8 39 300
20 29 9 19 -15 46 0 0.00 0.0 T 9.2 18 200 M M 2 26 220
21 37 22 30 -4 35 0 0.00 0.0 T 8.8 18 200 M M 0 27 210
22 36 18 27 -7 38 0 0.00 0.0 0 2.8 9 210 M M 1 18 14 260
23 47 22 35 2 30 0 0.00 0.0 0 2.8 9 190 M M 0 18 12 200
24 52 36 44 11 21 0 0.00 0.0 0 9.5 21 310 M M 5 1 32 310
25 49 30 40 8 25 0 0.00 0.0 0 7.0 16 290 M M 0 24 290
26 53 32 43 11 22 0 0.00 0.0 0 10.4 24 200 M M 0 39 200
27 42 25 34 3 31 0 0.00 0.0 0 9.7 24 20 M M 2 35 10
28 44 19 32 1 33 0 0.00 0.0 0 8.0 20 190 M M 2 28 180
29 51 28 40 9 25 0 0.05 0.0 0 15.2 26 290 M M 10 18 40 270
30 28 16 22 -8 43 0 T T 0 14.7 23 290 M M 8 40 280
================================================================================
SM 1398 891 799 0 2.60 1.3 299.6 M 136
================================================================================
AV 46.6 29.7 10.0 FASTST M M 5 MAX(MPH)
MISC ----> 43 200 60 210
================================================================================
NOTES:
# LAST OF SEVERAL OCCURRENCES
COLUMN 17 PEAK WIND IN M.P.H.
PRELIMINARY LOCAL CLIMATOLOGICAL DATA (WS FORM: F-6) , PAGE 2
STATION: OSHKOSH WI
MONTH: NOVEMBER
YEAR: 2022
LATITUDE: 44 0 N
LONGITUDE: 88 34 W
[TEMPERATURE DATA] [PRECIPITATION DATA] SYMBOLS USED IN COLUMN 16
AVERAGE MONTHLY: 38.2 TOTAL FOR MONTH: 2.60 1 = FOG OR MIST
DPTR FM NORMAL: 1.9 DPTR FM NORMAL: 0.78 2 = FOG REDUCING VISIBILITY
HIGHEST: 72 ON 10 GRTST 24HR 1.66 ON 4- 5 TO 1/4 MILE OR LESS
LOWEST: 9 ON 20 3 = THUNDER
SNOW, ICE PELLETS, HAIL 4 = ICE PELLETS
TOTAL MONTH: 1.3 INCHES 5 = HAIL
GRTST 24HR 1.0 ON 15-15 6 = FREEZING RAIN OR DRIZZLE
GRTST DEPTH: 1 ON 19,18 7 = DUSTSTORM OR SANDSTORM:
VSBY 1/2 MILE OR LESS
8 = SMOKE OR HAZE
[NO. OF DAYS WITH] [WEATHER - DAYS WITH] 9 = BLOWING SNOW
X = TORNADO
MAX 32 OR BELOW: 5 0.01 INCH OR MORE: 8
MAX 90 OR ABOVE: 0 0.10 INCH OR MORE: 4
MIN 32 OR BELOW: 19 0.50 INCH OR MORE: 2
MIN 0 OR BELOW: 0 1.00 INCH OR MORE: 1
[HDD (BASE 65) ]
TOTAL THIS MO. 799 CLEAR (SCALE 0-3) 14
DPTR FM NORMAL -62 PTCLDY (SCALE 4-7) 8
TOTAL FM JUL 1 1431 CLOUDY (SCALE 8-10) 8
DPTR FM NORMAL -103
[CDD (BASE 65) ]
TOTAL THIS MO. 0
DPTR FM NORMAL 0 [PRESSURE DATA]
TOTAL FM JAN 1 644 HIGHEST SLP 30.71 ON 8
DPTR FM NORMAL 77 LOWEST SLP 29.19 ON 5
[REMARKS]
#FINAL-11-22#