000
CXUS56 KSTO 080003
CF6RDD
PRELIMINARY LOCAL CLIMATOLOGICAL DATA (WS FORM: F-6)
STATION: REDDING CA AIRPORT AND CITY
MONTH: JUNE
YEAR: 2021
LATITUDE: 40 30 N
LONGITUDE: 122 18 W
TEMPERATURE IN F: :PCPN: SNOW: WIND :SUNSHINE: SKY :PK WND
================================================================================
1 2 3 4 5 6A 6B 7 8 9 10 11 12 13 14 15 16 17 18
12Z AVG MX 2MIN
DY MAX MIN AVG DEP HDD CDD WTR SNW DPTH SPD SPD DIR MIN PSBL S-S WX SPD DR
================================================================================
1 107 67 87 14 0 22 0.00 0.0 M 5.2 13 140 M M 0 M M
2 103 69 86 13 0 21 0.00 0.0 M 3.9 13 150 M M 0 17 170
3 105 66 86 13 0 21 0.00 0.0 M 4.8 14 190 M M 0 M M
4 103 67 85 11 0 20 0.00 M M 5.6 14 150 M M 0 M M
5 100 66 83 9 0 18 0.00 M M 5.4 9 310 M M 0 M M
6 93 69 81 7 0 16 0.00 0.0 M 10.3 17 260 M M 0 31 330
7 86 58 72 -3 0 7 0.00 0.0 M 8.1 20 150 M M 1 32 160
8 76 56 66 -9 0 1 0.00 0.0 M 9.6 16 170 M M 5 24 310
9 77 54 66 -9 0 1 0.00 M M 7.0 16 260 M M 2 27 310
10 76 55 66 -10 0 1 0.00 M M 5.2 9 170 M M 1 M M
11 80 62 71 -5 0 6 T 0.0 M 7.1 14 170 M M 7 21 170
12 90 60 75 -1 0 10 0.00 0.0 M 4.7 10 350 M M 3 M M
13 94 65 80 4 0 15 0.00 0.0 M 10.9 29 160 M M 0 43 150
14 88 68 78 1 0 13 0.00 0.0 M 10.8 21 160 M M 3 30 180
15 90 57 74 -3 0 9 0.00 0.0 M 4.7 12 20 M M 0 M M
16 103 72 88 11 0 23 0.00 M M 7.5 13 350 M M 0 22 350
17 110 70 90 12 0 25 0.00 M M 7.2 14 350 M M 0 25 350
18 110 68 89 11 0 24 0.00 0.0 M 4.9 9 170 M M 0 M M
19 110 72 91 13 0 26 0.00 0.0 M 6.4 12 150 M M 0 17 160
20 108 67 88 10 0 23 0.00 0.0 M 4.9 16 150 M M 0 22 150
21 100 67 84 5 0 19 0.00 0.0 M 6.8 16 170 M M 0 16 160
22 95 69 82 3 0 17 0.00 M M 7.5 13 180 M M 0 16 180
23 96 64 80 1 0 15 0.00 M M 6.3 16 190 M M 0 20 200
24 99 64 82 2 0 17 0.00 M M 5.2 21 180 M M 0 33 180
25 105 68 87 7 0 22 0.00 0.0 M 5.7 15 170 M M 0 21 170
26 114 71 93 13 0 28 0.00 0.0 M 4.3 10 350 M M 0 M M
27 110 75 93 12 0 28 0.00 0.0 M 5.2 14 160 M M 0 M M
28 105 73 89 8 0 24 0.00 0.0 M 5.9 13 160 M M 0 M M
29 108 71 90 9 0 25 0.00 M M 5.8 17 180 M M 0 21 180
30 105 76 91 10 0 26 0.00 M M 6.5 15 160 M M 0 22 200
================================================================================
SM 2946 1986 0 523 T 0.0 193.4 M 22
================================================================================
AV 98.2 66.2 6.4 FASTST M M 1 MAX(MPH)
MISC ----> 29 160 43 150
================================================================================
NOTES:
# LAST OF SEVERAL OCCURRENCES
COLUMN 17 PEAK WIND IN M.P.H.
PRELIMINARY LOCAL CLIMATOLOGICAL DATA (WS FORM: F-6) , PAGE 2
STATION: REDDING CA AIRPORT AND CITY
MONTH: JUNE
YEAR: 2021
LATITUDE: 40 30 N
LONGITUDE: 122 18 W
[TEMPERATURE DATA] [PRECIPITATION DATA] SYMBOLS USED IN COLUMN 16
AVERAGE MONTHLY: 82.2 TOTAL FOR MONTH: T 1 = FOG OR MIST
DPTR FM NORMAL: 5.1 DPTR FM NORMAL: -0.75 2 = FOG REDUCING VISIBILITY
HIGHEST: 114 ON 26 GRTST 24HR T ON 11-11 TO 1/4 MILE OR LESS
LOWEST: 54 ON 9 3 = THUNDER
SNOW, ICE PELLETS, HAIL 4 = ICE PELLETS
TOTAL MONTH: 0.0 INCH 5 = HAIL
GRTST 24HR 0.0 6 = FREEZING RAIN OR DRIZZLE
GRTST DEPTH: M ON M 7 = DUSTSTORM OR SANDSTORM:
VSBY 1/2 MILE OR LESS
8 = SMOKE OR HAZE
[NO. OF DAYS WITH] [WEATHER - DAYS WITH] 9 = BLOWING SNOW
X = TORNADO
MAX 32 OR BELOW: 0 0.01 INCH OR MORE: 0
MAX 90 OR ABOVE: 24 0.10 INCH OR MORE: 0
MIN 32 OR BELOW: 0 0.50 INCH OR MORE: 0
MIN 0 OR BELOW: 0 1.00 INCH OR MORE: 0
[HDD (BASE 65) ]
TOTAL THIS MO. 0 CLEAR (SCALE 0-3) 27
DPTR FM NORMAL -7 PTCLDY (SCALE 4-7) 3
TOTAL FM JUL 1 2309 CLOUDY (SCALE 8-10) 0
DPTR FM NORMAL -262
[CDD (BASE 65) ]
TOTAL THIS MO. 523
DPTR FM NORMAL 151 [PRESSURE DATA]
TOTAL FM JAN 1 812 HIGHEST SLP 30.23 ON 10
DPTR FM NORMAL 251 LOWEST SLP 29.56 ON 18
[REMARKS]
#FINAL-06-21#