000
CXUS56 KOTX 011010
CF6SFF
PRELIMINARY LOCAL CLIMATOLOGICAL DATA (WS FORM: F-6)
STATION: SPOKANE WA FELTS AIRPORT
MONTH: DECEMBER
YEAR: 2023
LATITUDE: 47 40 N
LONGITUDE: 117 20 W
TEMPERATURE IN F: :PCPN: SNOW: WIND :SUNSHINE: SKY :PK WND
================================================================================
1 2 3 4 5 6A 6B 7 8 9 10 11 12 13 14 15 16 17 18
12Z AVG MX 2MIN
DY MAX MIN AVG DEP HDD CDD WTR SNW DPTH SPD SPD DIR MIN PSBL S-S WX SPD DR
================================================================================
1 32 26 29 -4 36 0 0.21 M M 3.3 13 220 M M 10 128 16 220
2 40 26 33 0 32 0 0.25 M M 6.5 21 240 M M 6 18 30 250
3 40 26 33 0 32 0 0.03 M M 2.4 13 250 M M 7 1 18 250
4 39 34 37 4 28 0 0.12 M M 0.2 7 50 M M 10 12 10 60
5 56 38 47 15 18 0 0.39 M M 5.8 18 190 M M 10 1 24 200
6 50 46 48 16 17 0 0.64 M M 2.3 14 230 M M 10 1 18 190
7 46 36 41 9 24 0 0.10 M M 9.3 20 220 M M 8 1 25 240
8 43 26 35 3 30 0 T M M 4.8 13 230 M M 5 1 16 220
9 35 25 30 -2 35 0 0.28 M M 1.6 9 220 M M 6 12 11 210
10 37 33 35 3 30 0 0.37 M M 1.6 6 60 M M 10 1 8 60
11 40 34 37 6 28 0 0.01 M M 0.3 5 50 M M 10 1 7 360
12 40 36 38 7 27 0 0.00 M M 0.2 6 350 M M 10 1 8 350
13 39 27 33 2 32 0 0.00 M M 2.2 12 100 M M 4 15 100
14 38 28 33 2 32 0 0.00 M M 2.4 12 80 M M 6 17 90
15 42 29 36 5 29 0 0.00 M M 0.6 5 70 M M 3 1 6 30
16 35 29 32 1 33 0 0.00 M M 1.6 8 340 M M 9 1 12 320
17 37 31 34 3 31 0 0.00 M M 1.6 9 90 M M 9 1 12 80
18 39 31 35 4 30 0 0.08 M M 1.9 12 90 M M 9 1 14 90
19 42 35 39 8 26 0 0.10 M M 1.0 8 100 M M 10 1 10 80
20 46 36 41 10 24 0 T M M 0.8 5 230 M M 10 1 7 80
21 40 35 38 7 27 0 0.00 M M 2.4 8 100 M M 10 12 10 90
22 37 33 35 5 30 0 0.23 M M 4.9 17 220 M M 10 12 22 220
23 36 25 31 1 34 0 0.00 M M 3.8 14 220 M M 5 12 17 210
24 36 25 31 1 34 0 0.00 M M 2.7 13 90 M M 6 1 17 80
25 38 27 33 3 32 0 0.00 M M 2.9 12 100 M M 6 15 100
26 35 31 33 3 32 0 T M M 0.9 12 80 M M 9 16 17 90
27 39 29 34 4 31 0 0.00 M M 1.6 10 90 M M 4 1 14 80
28 45 30 38 7 27 0 0.00 M M 1.5 7 90 M M 4 1 9 80
29 48 32 40 9 25 0 0.00 M M 1.3 9 80 M M 5 13 90
30 43 29 36 5 29 0 0.00 M M 1.7 9 90 M M 1 12 90
31 43 33 38 7 27 0 0.02 M M 0.8 6 50 M M 9 12 6 50
================================================================================
SM 1256 961 902 0 2.83 M 74.9 M 231
================================================================================
AV 40.5 31.0 2.4 FASTST M M 7 MAX(MPH)
MISC ----> 21 240 30 250
================================================================================
NOTES:
# LAST OF SEVERAL OCCURRENCES
COLUMN 17 PEAK WIND IN M.P.H.
PRELIMINARY LOCAL CLIMATOLOGICAL DATA (WS FORM: F-6) , PAGE 2
STATION: SPOKANE WA FELTS AIRPORT
MONTH: DECEMBER
YEAR: 2023
LATITUDE: 47 40 N
LONGITUDE: 117 20 W
[TEMPERATURE DATA] [PRECIPITATION DATA] SYMBOLS USED IN COLUMN 16
AVERAGE MONTHLY: 35.8 TOTAL FOR MONTH: 2.83 1 = FOG OR MIST
DPTR FM NORMAL: 4.5 DPTR FM NORMAL: 0.65 2 = FOG REDUCING VISIBILITY
HIGHEST: 56 ON 5 GRTST 24HR 0.65 ON 9-10 TO 1/4 MILE OR LESS
LOWEST: 25 ON 24,23 3 = THUNDER
SNOW, ICE PELLETS, HAIL 4 = ICE PELLETS
TOTAL MONTH: M 5 = HAIL
GRTST 24HR M ON M 6 = FREEZING RAIN OR DRIZZLE
GRTST DEPTH: M ON M 7 = DUSTSTORM OR SANDSTORM:
VSBY 1/2 MILE OR LESS
8 = SMOKE OR HAZE
[NO. OF DAYS WITH] [WEATHER - DAYS WITH] 9 = BLOWING SNOW
X = TORNADO
MAX 32 OR BELOW: 1 0.01 INCH OR MORE: 14
MAX 90 OR ABOVE: 0 0.10 INCH OR MORE: 10
MIN 32 OR BELOW: 19 0.50 INCH OR MORE: 1
MIN 0 OR BELOW: 0 1.00 INCH OR MORE: 0
[HDD (BASE 65) ]
TOTAL THIS MO. 902 CLEAR (SCALE 0-3) 1
DPTR FM NORMAL -142 PTCLDY (SCALE 4-7) 13
TOTAL FM JUL 1 2272 CLOUDY (SCALE 8-10) 17
DPTR FM NORMAL -251
[CDD (BASE 65) ]
TOTAL THIS MO. 0
DPTR FM NORMAL 0 [PRESSURE DATA]
TOTAL FM JAN 1 771 HIGHEST SLP M ON M
DPTR FM NORMAL 264 LOWEST SLP 29.52 ON 2
[REMARKS]
#FINAL-12-23#