000
CXUS51 KPHI 210800
CF6ACY
PRELIMINARY LOCAL CLIMATOLOGICAL DATA (WS FORM: F-6)

                                          STATION:   ATLANTIC CITY NJ
                                          MONTH:     DECEMBER
                                          YEAR:      2014
                                          LATITUDE:   39 27 N
                                          LONGITUDE:  74 34 W

  TEMPERATURE IN F:       :PCPN:    SNOW:  WIND      :SUNSHINE: SKY     :PK WND
================================================================================
1   2   3   4   5  6A  6B    7    8   9   10  11  12  13   14  15   16   17  18
                                     12Z  AVG MX 2MIN
DY MAX MIN AVG DEP HDD CDD  WTR  SNW DPTH SPD SPD DIR MIN PSBL S-S WX    SPD DR
================================================================================

 1  72  40  56  14   9   0 0.05  0.0    0  9.7 30 340   M    M   7 1      37 350
 2  50  35  43   2  22   0 0.66    T    0  8.9 18  70   M    M  10 14     22  60
 3  52  39  46   5  19   0 0.02  0.0    0  9.6 22 300   M    M   9 1      26 320
 4  43  28  36  -5  29   0 0.00  0.0    0  4.6 14 320   M    M   1        17 320
 5  52  36  44   4  21   0 0.02  0.0    0  5.0 17  70   M    M  10 1      22  70
 6  55  43  49   9  16   0 0.88  0.0    0  4.6 22  10   M    M   9 1      31  10
 7  46  30  38  -2  27   0 0.07  0.0    0 16.0 29  10   M    M   3 1      37  10
 8  42  28  35  -4  30   0 0.19    T    0 14.9 26  50   M    M   9 1      34  50
 9  45  40  43   4  22   0 2.08  0.0    0 17.3 30  20   M    M  10 1      36  20
10  43  34  39   0  26   0 0.00  0.0    0 17.2 30 310   M    M   9        38 310
11  39  32  36  -2  29   0 0.05  0.4    0 12.1 23 260   M    M  10 1      27 270
12  41  31  36  -2  29   0 0.00  0.0    0 10.3 23 310   M    M   6        28 310
13  44  30  37  -1  28   0 0.00  0.0    0 11.7 24 310   M    M   3        33 320
14  45  31  38   1  27   0 0.00  0.0    0  9.3 16 290   M    M   8        21 300
15  48  27  38   1  27   0 0.00  0.0    0  3.7  9 190   M    M   6 1      11 340
16  52  27  40   3  25   0 0.26  0.0    0  4.3 15 120   M    M   5 128    20 140
17  54  37  46   9  19   0 0.00  0.0    0 12.6 26 310   M    M   4 18     34 320
18  42  33  38   2  27   0 0.00  0.0    0 13.5 26 310   M    M   1        32 300
19  41  25  33  -3  32   0 0.00  0.0    0  9.7 20 310   M    M   6        24 300
20  35  21  28  -8  37   0 0.00  0.0    0  3.8 12 350   M    M   8        14 350
================================================================================
SM  941  647       501   0  4.28     0.4 198.8          M      134
================================================================================
AV 47.0 32.3                               9.9 FASTST   M    M   7    MAX(MPH)
                                 MISC ---->  # 30 340               # 38  310
================================================================================
NOTES:
# LAST OF SEVERAL OCCURRENCES

COLUMN 17 PEAK WIND IN M.P.H.

PRELIMINARY LOCAL CLIMATOLOGICAL DATA (WS FORM: F-6) , PAGE 2

                                          STATION:  ATLANTIC CITY NJ
                                          MONTH:    DECEMBER
                                          YEAR:     2014
                                          LATITUDE:   39 27 N
                                          LONGITUDE:  74 34 W

[TEMPERATURE DATA]      [PRECIPITATION DATA]       SYMBOLS USED IN COLUMN 16

AVERAGE MONTHLY: 39.7   TOTAL FOR MONTH:   4.28    1 = FOG OR MIST
DPTR FM NORMAL:   1.1   DPTR FM NORMAL:    1.82    2 = FOG REDUCING VISIBILITY
HIGHEST:    72 ON  1    GRTST 24HR  2.24 ON  8- 9      TO 1/4 MILE OR LESS
LOWEST:     21 ON 20                               3 = THUNDER
                        SNOW, ICE PELLETS, HAIL    4 = ICE PELLETS
                        TOTAL MONTH:   0.4 INCH    5 = HAIL
                        GRTST 24HR   0.4 ON   M    6 = FREEZING RAIN OR DRIZZLE
                        GRTST DEPTH:   0           7 = DUSTSTORM OR SANDSTORM:
                                                       VSBY 1/2 MILE OR LESS
                                                   8 = SMOKE OR HAZE
[NO. OF DAYS WITH]      [WEATHER - DAYS WITH]      9 = BLOWING SNOW
                                                   X = TORNADO
MAX 32 OR BELOW:   0    0.01 INCH OR MORE:  10
MAX 90 OR ABOVE:   0    0.10 INCH OR MORE:   5
MIN 32 OR BELOW:  11    0.50 INCH OR MORE:   3
MIN  0 OR BELOW:   0    1.00 INCH OR MORE:   1

[HDD (BASE 65) ]
TOTAL THIS MO.   501    CLEAR  (SCALE 0-3)   4
DPTR FM NORMAL   -27    PTCLDY (SCALE 4-7)   8
TOTAL FM JUL 1  1408    CLOUDY (SCALE 8-10)  8
DPTR FM NORMAL   -27

[CDD (BASE 65) ]
TOTAL THIS MO.     0
DPTR FM NORMAL     0    [PRESSURE DATA]
TOTAL FM JAN 1   857    HIGHEST SLP M ON M
DPTR FM NORMAL  -198    LOWEST  SLP 29.66 ON 10

[REMARKS]
