000
CXUS51 KPHI 210800
CF6ACY
PRELIMINARY LOCAL CLIMATOLOGICAL DATA (WS FORM: F-6)

                                          STATION:   ATLANTIC CITY NJ
                                          MONTH:     SEPTEMBER
                                          YEAR:      2014
                                          LATITUDE:   39 27 N
                                          LONGITUDE:  74 34 W

  TEMPERATURE IN F:       :PCPN:    SNOW:  WIND      :SUNSHINE: SKY     :PK WND
================================================================================
1   2   3   4   5  6A  6B    7    8   9   10  11  12  13   14  15   16   17  18
                                     12Z  AVG MX 2MIN
DY MAX MIN AVG DEP HDD CDD  WTR  SNW DPTH SPD SPD DIR MIN PSBL S-S WX    SPD DR
================================================================================

 1  89  71  80   8   0  15 0.15  0.0    0  6.1 15 200   M    M   4 1      24  40
 2  92  71  82  10   0  17 0.15  0.0    0  7.3 32 300   M    M   1 1      40 300
 3  84  66  75   4   0  10 0.00  0.0    0  4.7 13 340   M    M   1        21 160
 4  84  60  72   1   0   7 0.00  0.0    0  4.2 16 150   M    M   2        20 170
 5  86  73  80   9   0  15 0.00  0.0    0  6.9 15 190   M    M   4        19 200
 6  91  72  82  11   0  17 0.22  0.0    0  7.6 20 290   M    M   1 1      26 290
 7  79  63  71   1   0   6    T  0.0    0  6.9 15 350   M    M   5 1      27 320
 8  75  63  69  -1   0   4 0.00  0.0    0 10.5 21  90   M    M   4        30 120
 9  74  66  70   0   0   5 0.10  0.0    0 12.0 21  50   M    M  10 1      26  70
10  77  61  69   0   0   4 0.00  0.0    0  6.3 16  60   M    M   4        20  40
11  85  60  73   4   0   8 0.00  0.0    0  7.4 18 210   M    M   3        25 210
12  77  58  68  -1   0   3 0.00  0.0    0  6.7 17 360   M    M   1        22  10
13  72  56  64  -4   1   0 0.43  0.0    0  8.7 17 340   M    M   7 1      22  90
14  71  51  61  -7   4   0 0.00  0.0    0  4.8 16 350   M    M   3        20  10
15  72  47  60  -8   5   0 0.00  0.0    0  2.5 10 100   M    M   1        14  20
16  76  54  65  -2   0   0    T  0.0    0  6.3 18 320   M    M   6        25 350
17  75  50  63  -4   2   0 0.00  0.0    0  4.2 12 110   M    M   2        18 120
18  75  50  63  -3   2   0 0.00  0.0    0  3.3 10 330   M    M   3        16  10
19  70  53  62  -4   3   0 0.00  0.0    0 10.2 21  50   M    M   5        26  60
20  77  53  65  -1   0   0    T  0.0    0  7.4 16 130   M    M   5 1      21 110
================================================================================
SM 1581 1198        17 111  1.05     0.0 134.0          M       72
================================================================================
AV 79.1 59.9                               6.7 FASTST   M    M   4    MAX(MPH)
                                 MISC ---->  # 32 300               # 40  300
================================================================================
NOTES:
# LAST OF SEVERAL OCCURRENCES

COLUMN 17 PEAK WIND IN M.P.H.

PRELIMINARY LOCAL CLIMATOLOGICAL DATA (WS FORM: F-6) , PAGE 2

                                          STATION:  ATLANTIC CITY NJ
                                          MONTH:    SEPTEMBER
                                          YEAR:     2014
                                          LATITUDE:   39 27 N
                                          LONGITUDE:  74 34 W

[TEMPERATURE DATA]      [PRECIPITATION DATA]       SYMBOLS USED IN COLUMN 16

AVERAGE MONTHLY: 69.5   TOTAL FOR MONTH:   1.05    1 = FOG OR MIST
DPTR FM NORMAL:   0.4   DPTR FM NORMAL:   -0.95    2 = FOG REDUCING VISIBILITY
HIGHEST:    92 ON  2    GRTST 24HR  0.78 ON 31- 1      TO 1/4 MILE OR LESS
LOWEST:     47 ON 15                               3 = THUNDER
                        SNOW, ICE PELLETS, HAIL    4 = ICE PELLETS
                        TOTAL MONTH:   0.0 INCH    5 = HAIL
                        GRTST 24HR     0.0         6 = FREEZING RAIN OR DRIZZLE
                        GRTST DEPTH:   0           7 = DUSTSTORM OR SANDSTORM:
                                                       VSBY 1/2 MILE OR LESS
                                                   8 = SMOKE OR HAZE
[NO. OF DAYS WITH]      [WEATHER - DAYS WITH]      9 = BLOWING SNOW
                                                   X = TORNADO
MAX 32 OR BELOW:   0    0.01 INCH OR MORE:   5
MAX 90 OR ABOVE:   2    0.10 INCH OR MORE:   5
MIN 32 OR BELOW:   0    0.50 INCH OR MORE:   0
MIN  0 OR BELOW:   0    1.00 INCH OR MORE:   0

[HDD (BASE 65) ]
TOTAL THIS MO.    17    CLEAR  (SCALE 0-3)   8
DPTR FM NORMAL    -6    PTCLDY (SCALE 4-7)  11
TOTAL FM JUL 1    17    CLOUDY (SCALE 8-10)  1
DPTR FM NORMAL    -9

[CDD (BASE 65) ]
TOTAL THIS MO.   111
DPTR FM NORMAL     7    [PRESSURE DATA]
TOTAL FM JAN 1   823    HIGHEST SLP M ON M
DPTR FM NORMAL  -190    LOWEST  SLP 29.84 ON  2

[REMARKS]
