491
CXUS51 KPHI 230800
CF6ACY
PRELIMINARY LOCAL CLIMATOLOGICAL DATA (WS FORM: F-6)

                                          STATION:   ATLANTIC CITY NJ
                                          MONTH:     MAY
                                          YEAR:      2017
                                          LATITUDE:   39 27 N
                                          LONGITUDE:  74 34 W

  TEMPERATURE IN F:       :PCPN:    SNOW:  WIND      :SUNSHINE: SKY     :PK WND
================================================================================
1   2   3   4   5  6A  6B    7    8   9   10  11  12  13   14  15   16   17  18
                                     12Z  AVG MX 2MIN
DY MAX MIN AVG DEP HDD CDD  WTR  SNW DPTH SPD SPD DIR MIN PSBL S-S WX    SPD DR
================================================================================

 1  80  54  67  10   0   2 0.00  0.0    0 13.8 29 190   M    M   6 12     41 210
 2  79  56  68  11   0   3 0.12  0.0    0 12.9 29 290   M    M   4 13     40 200
 3  68  46  57   0   8   0 0.00  0.0    0 11.5 28 310   M    M   2        37 300
 4  61  37  49  -9  16   0 0.00  0.0    0 10.4 20 120   M    M   0        27 130
 5  67  56  62   4   3   0 1.83  0.0    0 16.2 25 110   M    M   8 1      38 160
 6  66  52  59   1   6   0 0.03  0.0    0 13.2 24 180   M    M   7 1      37 180
 7  59  44  52  -6  13   0 0.05  0.0    0  8.7 23 280   M    M   6 1      31 280
 8  61  40  51  -8  14   0 0.00  0.0    0  8.6 20 290   M    M   5 12     29 280
 9  66  43  55  -4  10   0 0.00  0.0    0  6.1 15 300   M    M   2        21 320
10  71  49  60   1   5   0 0.00  0.0    0  6.9 20 320   M    M   2 8      26  60
11  59  46  53  -7  12   0 0.00  0.0    0  7.9 17  70   M    M   6        21  70
12  58  43  51  -9  14   0 0.01  0.0    0  8.7 21  90   M    M   8        26  70
13  54  47  51  -9  14   0 2.18  0.0    0 17.1 28  60   M    M  10 1      39  70
14  74  47  61   1   4   0    T  0.0    0 13.7 25 340   M    M   4        32 360
15  72  52  62   1   3   0 0.00  0.0    M 17.8 29 320   M    M   M        38 310
16  80  48  64   3   1   0 0.00  0.0    0  6.9 17 280   M    M   0        24 270
17  89  55  72  11   0   7 0.00  0.0    0  7.1 15 170   M    M   0        20 170
18  91  70  81  19   0  16 0.00  0.0    0 10.2 16 260   M    M   0        22 220
19  93  73  83  21   0  18 0.00  0.0    0 10.4 17 280   M    M   1        25 280
20  75  51  63   1   2   0 0.00  0.0    0 13.5 28  60   M    M   8        35  60
21  65  45  55  -8  10   0 0.00  0.0    0  8.6 18 110   M    M   2        22  80
22  65  57  61  -2   4   0 1.85  0.0    0  4.5 10 130   M    M  10 12     13 130
================================================================================
SM 1553 1111       139  46  6.07     0.0 234.7          M       91
================================================================================
AV 70.6 50.5                              10.7 FASTST   M    M   4    MAX(MPH)
                                 MISC ---->  # 29 190               # 41  210
================================================================================
NOTES:
# LAST OF SEVERAL OCCURRENCES

COLUMN 17 PEAK WIND IN M.P.H.

PRELIMINARY LOCAL CLIMATOLOGICAL DATA (WS FORM: F-6) , PAGE 2

                                          STATION:  ATLANTIC CITY NJ
                                          MONTH:    MAY
                                          YEAR:     2017
                                          LATITUDE:   39 27 N
                                          LONGITUDE:  74 34 W

[TEMPERATURE DATA]      [PRECIPITATION DATA]       SYMBOLS USED IN COLUMN 16

AVERAGE MONTHLY: 60.6   TOTAL FOR MONTH:   6.07    1 = FOG OR MIST
DPTR FM NORMAL:   0.8   DPTR FM NORMAL:    3.77    2 = FOG REDUCING VISIBILITY
HIGHEST:    93 ON 19    GRTST 24HR  2.18 ON 13-13      TO 1/4 MILE OR LESS
LOWEST:     37 ON  4                               3 = THUNDER
                        SNOW, ICE PELLETS, HAIL    4 = ICE PELLETS
                        TOTAL MONTH:   0.0 INCH    5 = HAIL
                        GRTST 24HR     0.0         6 = FREEZING RAIN OR DRIZZLE
                        GRTST DEPTH:   0           7 = DUSTSTORM OR SANDSTORM:
                                                       VSBY 1/2 MILE OR LESS
                                                   8 = SMOKE OR HAZE
[NO. OF DAYS WITH]      [WEATHER - DAYS WITH]      9 = BLOWING SNOW
                                                   X = TORNADO
MAX 32 OR BELOW:   0    0.01 INCH OR MORE:   7
MAX 90 OR ABOVE:   2    0.10 INCH OR MORE:   4
MIN 32 OR BELOW:   0    0.50 INCH OR MORE:   3
MIN  0 OR BELOW:   0    1.00 INCH OR MORE:   3

[HDD (BASE 65) ]
TOTAL THIS MO.   139    CLEAR  (SCALE 0-3)   9
DPTR FM NORMAL    -6    PTCLDY (SCALE 4-7)  10
TOTAL FM JUL 1  4103    CLOUDY (SCALE 8-10)  2
DPTR FM NORMAL  -746

[CDD (BASE 65) ]
TOTAL THIS MO.    46
DPTR FM NORMAL    16    [PRESSURE DATA]
TOTAL FM JAN 1    78    HIGHEST SLP M ON M
DPTR FM NORMAL    39    LOWEST  SLP 29.37 ON  6

[REMARKS]
