000
CXUS54 KLZK 291130
CF6ADF
PRELIMINARY LOCAL CLIMATOLOGICAL DATA (WS FORM: F-6)

                                          STATION:   Arkadelphia Airport
                                          MONTH:     APRIL
                                          YEAR:      2017
                                          LATITUDE:   34  9 N
                                          LONGITUDE:  93  4 W

  TEMPERATURE IN F:       :PCPN:    SNOW:  WIND      :SUNSHINE: SKY     :PK WND
================================================================================
1   2   3   4   5  6A  6B    7    8   9   10  11  12  13   14  15   16   17  18
                                     12Z  AVG MX 2MIN
DY MAX MIN AVG DEP HDD CDD  WTR  SNW DPTH SPD SPD DIR MIN PSBL S-S WX    SPD DR
================================================================================

 1  77  55  66   8   0   1 0.00    M    M  6.4 13  80   M    M   1        16  80
 2  68  57  63   5   2   0 0.08    M    M  4.2  7  40   M    M   5 13      M  M
 3  75  58  67   8   0   2 0.01    M    M  7.9 17 240   M    M   6 18     24 240
 4  84  50  67   8   0   2 0.00    M    M  4.7 13 180   M    M   1        20 180
 5  71  51  61   2   4   0    T    M    M 11.9 22 290   M    M   6 3      33 270
 6  69  41  55  -5  10   0 0.00    M    M  7.1 17 330   M    M   0        23 310
 7  72  37  55  -5  10   0 0.00    M    M  1.3  5 190   M    M   0         M  M
 8  80  45  63   3   2   0 0.00    M    M  5.8 18 210   M    M   0 18     27 200
 9  82  54  68   8   0   3 0.00    M    M  9.7 17 200   M    M   2        24 210
10   M   M   M   M   M   M    T    M    M  7.1 10 180   M    M   9 13     18 190
11  72  61  67   6   0   2 0.02    M    M  3.6 13 190   M    M   7         M  M
12  77  57  67   6   0   2 0.00    M    M  3.3 10  20   M    M   3         M  M
13  81  59  70   9   0   5 0.00    M    M  1.8  7 190   M    M   2 1       M  M
14  83  59  71  10   0   6 0.00    M    M  1.8  8 190   M    M   3 1       M  M
15  82  58  70   8   0   5 0.00    M    M  4.1 12 180   M    M   3 1      17 170
16  82  63  73  11   0   8 0.00  0.0    0  3.4 10 190   M    M   4         M  M
17  74  63  69   7   0   4 0.00  0.0    0  3.2  7 340   M    M   8 3       M  M
18  80  61  71   9   0   6    M  0.0    0  2.3  7 170   M    M   5 1       M  M
19  83  60  72   9   0   7    M  0.0    0  2.7  9 220   M    M   2 1      16 160
20  83  61  72   9   0   7 0.00  0.0    0  3.2 12 210   M    M   3 128     M  M
21  78  61  70   7   0   5    T  0.0    0  3.3  9 180   M    M   6 13      M  M
22  67  54  61  -2   4   0 0.02  0.0    0  8.7 16  30   M    M   9 13     22 330
23  71  51  61  -3   4   0 0.00  0.0    0  6.7 13 340   M    M   4        17  10
24  78  45  62  -2   3   0 0.00  0.0    0  1.8  7 190   M    M   0 18      M  M
25  82  49  66   2   0   1 0.00  0.0    0  7.8 16 180   M    M   0        24 210
26  76  53  65   1   0   0 0.00  0.0    0  6.7 14 290   M    M   4 13     21 290
27  72  47  60  -5   5   0    M    M    0  1.9 10 170   M    M   1         M  M
28  86  56  71   6   0   6    M  0.0    0  4.1 12 200   M    M   8        17 200
================================================================================
SM 2085 1466        44  72  0.13     0.0 136.5          M      102
================================================================================
AV 77.2 54.3                               4.9 FASTST   M    M   4    MAX(MPH)
                                 MISC ---->  # 22 290               # 33  270
================================================================================
NOTES:
# LAST OF SEVERAL OCCURRENCES

COLUMN 17 PEAK WIND IN M.P.H.

PRELIMINARY LOCAL CLIMATOLOGICAL DATA (WS FORM: F-6) , PAGE 2

                                          STATION:  Arkadelphia Airport
                                          MONTH:    APRIL
                                          YEAR:     2017
                                          LATITUDE:   34  9 N
                                          LONGITUDE:  93  4 W

[TEMPERATURE DATA]      [PRECIPITATION DATA]       SYMBOLS USED IN COLUMN 16

AVERAGE MONTHLY: 65.8   TOTAL FOR MONTH:   0.13    1 = FOG OR MIST
DPTR FM NORMAL:   4.2   DPTR FM NORMAL:   -4.13    2 = FOG REDUCING VISIBILITY
HIGHEST:    86 ON 28    GRTST 24HR  0.08 ON  2- 2      TO 1/4 MILE OR LESS
LOWEST:     37 ON  7                               3 = THUNDER
                        SNOW, ICE PELLETS, HAIL    4 = ICE PELLETS
                        TOTAL MONTH:   0.0 INCH    5 = HAIL
                        GRTST 24HR     0.0         6 = FREEZING RAIN OR DRIZZLE
                        GRTST DEPTH:   0           7 = DUSTSTORM OR SANDSTORM:
                                                       VSBY 1/2 MILE OR LESS
                                                   8 = SMOKE OR HAZE
[NO. OF DAYS WITH]      [WEATHER - DAYS WITH]      9 = BLOWING SNOW
                                                   X = TORNADO
MAX 32 OR BELOW:   0    0.01 INCH OR MORE:   4
MAX 90 OR ABOVE:   0    0.10 INCH OR MORE:   0
MIN 32 OR BELOW:   0    0.50 INCH OR MORE:   0
MIN  0 OR BELOW:   0    1.00 INCH OR MORE:   0

[HDD (BASE 65) ]
TOTAL THIS MO.    44    CLEAR  (SCALE 0-3)  14
DPTR FM NORMAL   -95    PTCLDY (SCALE 4-7)  12
TOTAL FM JUL 1  2007    CLOUDY (SCALE 8-10)  2
DPTR FM NORMAL  -994

[CDD (BASE 65) ]
TOTAL THIS MO.    72
DPTR FM NORMAL    28    [PRESSURE DATA]
TOTAL FM JAN 1   115    HIGHEST SLP M ON M
DPTR FM NORMAL    59    LOWEST  SLP M ON M

[REMARKS]
