000
CXUS54 KHUN 291015
CF6MSL
PRELIMINARY LOCAL CLIMATOLOGICAL DATA (WS FORM: F-6)

                                          STATION:   MUSCLE SHOALS
                                          MONTH:     MARCH
                                          YEAR:      2015
                                          LATITUDE:   34 45 N
                                          LONGITUDE:  87 37 W

  TEMPERATURE IN F:       :PCPN:    SNOW:  WIND      :SUNSHINE: SKY     :PK WND
================================================================================
1   2   3   4   5  6A  6B    7    8   9   10  11  12  13   14  15   16   17  18
                                     12Z  AVG MX 2MIN
DY MAX MIN AVG DEP HDD CDD  WTR  SNW DPTH SPD SPD DIR MIN PSBL S-S WX    SPD DR
================================================================================

 1  53  46  50   1  15   0 0.49  0.0    0  4.3 12 160   M    M  10 1      15 160
 2  51  39  45  -4  20   0 0.18  0.0    0  5.0 13  70   M    M  10 128    20  10
 3  67  44  56   6   9   0    T  0.0    0  6.6 18 190   M    M   9 18     24 190
 4  74  34  54   4  11   0 0.74  0.0    0 11.9 25 220   M    M  10 1      32 200
 5  34  22  28 -22  37   0 0.65  0.7    1  9.7 17 340   M    M   7 168    23 350
 6  43  16  30 -20  35   0 0.00  0.0    0  3.4  9  10   M    M   0        14  10
 7  61  25  43  -8  22   0 0.00  0.0    0  3.0 15 250   M    M   0 1      17 260
 8  67  29  48  -3  17   0 0.07    M    0  3.6 15 260   M    M   4        20 260
 9  55  45  50  -1  15   0 0.47  0.0    0  5.1 13 120   M    M  10 1      17 110
10  68  53  61   9   4   0 1.02  0.0    0  6.8 24 140   M    M  10 1      31 140
11  63  55  59   7   6   0 0.20  0.0    0  3.6 10  30   M    M  10 128    15  20
12  67  53  60   8   5   0 0.01  0.0    0  7.9 14 110   M    M   9 18     17 110
13  62  54  58   6   7   0 0.34  0.0    0 11.5 20 130   M    M  10 1      25 110
14  67  53  60   7   5   0 0.19  0.0    0  4.2 10 280   M    M  10 1      15 110
15  74  48  61   8   4   0 0.00  0.0    0  2.0  9  10   M    M   2 18     15  30
16  79  40  60   7   5   0 0.00  0.0    0  2.8 10 250   M    M   1 12     13 240
17  80  54  67  13   0   2 0.00  0.0    0  7.4 17 290   M    M   1 18     22  10
18  68  50  59   5   6   0 0.01  0.0    0  7.1 12  50   M    M   1         M  M
19  66  47  57   3   8   0 0.10  0.0    M  3.0  8 290   M    M   8 8       M  M
20  60  54  57   3   8   0 0.16  0.0    0  3.4  9 330   M    M  10 1      13 350
21  60  50  55   0  10   0 0.00  0.0    0  2.2  9  90   M    M   4 8      12  50
22  58  52  55   0  10   0 0.25  0.0    0  5.2 14  70   M    M  10 18     19  70
23  73  50  62   7   3   0 0.00  0.0    0  4.7 14 100   M    M   2        17  90
24  76  46  61   6   4   0 0.00  0.0    0  5.7 15 170   M    M   1 1      21 160
25  75  54  65   9   0   0 0.00  0.0    0  6.0 13 190   M    M   5 8      17 190
26  72  45  59   3   6   0 0.13  0.0    0  9.7 21 320   M    M   7 1      27  10
27  53  35  44 -12  21   0    T  0.0    0  8.8 21 350   M    M   5 8      30 350
28  48  32  40 -16  25   0 0.00  0.0    0  3.8 13 310   M    M   2        18 340
================================================================================
SM 1774 1225       318   2  5.01     0.7 158.4          M      168
================================================================================
AV 63.4 43.8                               5.7 FASTST   M    M   6    MAX(MPH)
                                 MISC ---->  # 25 220               # 32  200
================================================================================
NOTES:
# LAST OF SEVERAL OCCURRENCES

COLUMN 17 PEAK WIND IN M.P.H.

PRELIMINARY LOCAL CLIMATOLOGICAL DATA (WS FORM: F-6) , PAGE 2

                                          STATION:  MUSCLE SHOALS
                                          MONTH:    MARCH
                                          YEAR:     2015
                                          LATITUDE:   34 45 N
                                          LONGITUDE:  87 37 W

[TEMPERATURE DATA]      [PRECIPITATION DATA]       SYMBOLS USED IN COLUMN 16

AVERAGE MONTHLY: 53.6   TOTAL FOR MONTH:   5.01    1 = FOG OR MIST
DPTR FM NORMAL:   0.8   DPTR FM NORMAL:    0.71    2 = FOG REDUCING VISIBILITY
HIGHEST:    80 ON 17    GRTST 24HR  1.02 ON 10-10      TO 1/4 MILE OR LESS
LOWEST:     16 ON  6                               3 = THUNDER
                        SNOW, ICE PELLETS, HAIL    4 = ICE PELLETS
                        TOTAL MONTH:   0.7 INCH    5 = HAIL
                        GRTST 24HR   0.7 ON   M    6 = FREEZING RAIN OR DRIZZLE
                        GRTST DEPTH:   1 ON  5     7 = DUSTSTORM OR SANDSTORM:
                                                       VSBY 1/2 MILE OR LESS
                                                   8 = SMOKE OR HAZE
[NO. OF DAYS WITH]      [WEATHER - DAYS WITH]      9 = BLOWING SNOW
                                                   X = TORNADO
MAX 32 OR BELOW:   0    0.01 INCH OR MORE:  16
MAX 90 OR ABOVE:   0    0.10 INCH OR MORE:  13
MIN 32 OR BELOW:   5    0.50 INCH OR MORE:   3
MIN  0 OR BELOW:   0    1.00 INCH OR MORE:   1

[HDD (BASE 65) ]
TOTAL THIS MO.   318    CLEAR  (SCALE 0-3)   9
DPTR FM NORMAL   -33    PTCLDY (SCALE 4-7)   6
TOTAL FM JUL 1  3089    CLOUDY (SCALE 8-10) 13
DPTR FM NORMAL   203

[CDD (BASE 65) ]
TOTAL THIS MO.     2
DPTR FM NORMAL    -3    [PRESSURE DATA]
TOTAL FM JAN 1     2    HIGHEST SLP M ON M
DPTR FM NORMAL    -4    LOWEST  SLP 29.76 ON 26

[REMARKS]
