864
CXUS51 KCAR 182157 CCA
CLMMLT

CLIMATE REPORT
NATIONAL WEATHER SERVICE CARIBOU, ME
452 PM EDT SAT JUL 1 2017

...................................

...THE MILLINOCKET ME CLIMATE SUMMARY FOR THE MONTH OF JUNE 2017...

CLIMATE NORMAL PERIOD 1981 TO 2010
CLIMATE RECORD PERIOD 1903 TO 2017

WEATHER         OBSERVED          NORMAL  DEPART  LAST YEAR`S
                 VALUE   DATE(S)  VALUE   FROM    VALUE  DATE(S)
                                          NORMAL
................................................................
TEMPERATURE (F)
RECORD
 HIGH             101   06/18/1907
 LOW               MM
HIGHEST            93   06/11        MM      MM       87  06/27
LOWEST             37   06/07        MM      MM       40  06/17
AVG. MAXIMUM     73.1              73.4    -0.3     72.2
AVG. MINIMUM     51.7              52.1    -0.4     50.3
MEAN             62.4              62.8    -0.4     61.2
DAYS MAX >= 90      2               0.4     1.6        0
DAYS MAX <= 32      0               0.0     0.0        0
DAYS MIN <= 32      0               0.0     0.0        0
DAYS MIN <= 0       0               0.0     0.0        0

PRECIPITATION (INCHES)
RECORD
 MAXIMUM           MM   MM
 MINIMUM           MM   MM
TOTALS           6.16                      2.09
DAILY AVG.       0.21              0.14    0.07     0.10
DAYS >= .01        19                MM      MM        9
DAYS >= .10        10                MM      MM        6
DAYS >= .50         5                MM      MM        3
DAYS >= 1.00        2                MM      MM        0

SNOWFALL (INCHES)
RECORDS
 TOTAL             MM   MM
TOTALS             MM                MM      MM       MM
SINCE 7/1          MM                MM      MM       MM
SNOWDEPTH AVG.     MM                MM      MM       MM
DAYS >= 1.0         0                MM      MM        0
GREATEST
 SNOW DEPTH        MM                                 MM  MM
 24 HR TOTAL       MM                                 MM

DEGREE_DAYS
HEATING TOTAL     120               116       4      116
 SINCE 7/1       7984              8406    -422     7275
COOLING TOTAL      52                49       3       26
 SINCE 1/1         61                55       6       32
.................................................................

WIND (MPH)
AVERAGE WIND SPEED              4.3
HIGHEST WIND SPEED/DIRECTION    43/340    DATE  06/12
HIGHEST GUST SPEED/DIRECTION    53/340    DATE  06/12

SKY COVER
POSSIBLE SUNSHINE (PERCENT)   MM
AVERAGE SKY COVER           0.50
NUMBER OF DAYS FAIR           11
NUMBER OF DAYS PC             12
NUMBER OF DAYS CLOUDY          7

AVERAGE RH (PERCENT)     74

WEATHER CONDITIONS. NUMBER OF DAYS WITH
THUNDERSTORM              0     MIXED PRECIP               0
HEAVY RAIN                7     RAIN                      10
LIGHT RAIN               20     FREEZING RAIN              0
LT FREEZING RAIN          0     HAIL                       0
HEAVY SNOW                0     SNOW                       0
LIGHT SNOW                0     SLEET                      0
FOG                      20     FOG W/VIS <= 1/4 MILE      1
HAZE                      1

-  INDICATES NEGATIVE NUMBERS.
R  INDICATES RECORD WAS SET OR TIED.
MM INDICATES DATA IS MISSING.
T  INDICATES TRACE AMOUNT.

$$
