000
CXUS54 KEWX 011010
CF6AQO
PRELIMINARY LOCAL CLIMATOLOGICAL DATA (WS FORM: F-6)
STATION: LLANO MUNICIPAL AIRPORT
MONTH: JUNE
YEAR: 2021
LATITUDE: 30 47 N
LONGITUDE: 98 40 W
TEMPERATURE IN F: :PCPN: SNOW: WIND :SUNSHINE: SKY :PK WND
================================================================================
1 2 3 4 5 6A 6B 7 8 9 10 11 12 13 14 15 16 17 18
12Z AVG MX 2MIN
DY MAX MIN AVG DEP HDD CDD WTR SNW DPTH SPD SPD DIR MIN PSBL S-S WX SPD DR
================================================================================
1 81 64 73 M 0 8 0.19 M M 4.5 9 320 M M 8 18 18 120
2 86 61 74 M 0 9 1.16 M M 4.1 23 350 M M 6 13 36 350
3 73 59 66 M 0 1 0.38 M M 3.2 8 100 M M 4 13 13 110
4 77 66 72 M 0 7 0.04 M M 1.8 8 100 M M 7 1 13 100
5 84 64 74 M 0 9 0.00 M M 1.6 13 220 M M 4 123 29 140
6 88 66 77 M 0 12 0.00 M M 6.2 14 200 M M 7 1 20 200
7 90 75 83 M 0 18 0.00 M M 6.4 12 110 M M 9 1 17 140
8 90 70 80 M 0 15 0.01 M M 6.0 14 10 M M 7 18 38 0
9 91 72 82 M 0 17 0.00 M M 6.4 13 200 M M 7 1 23 170
10 93 75 84 M 0 19 0.00 M M 7.5 14 200 M M 5 18 200
11 93 75 84 M 0 19 0.00 M M 8.2 14 190 M M 4 22 180
12 93 73 83 M 0 18 0.00 M M 4.7 10 100 M M 2 17 100
13 95 68 82 M 0 17 0.00 M M 1.3 6 120 M M 0 M M
14 97 70 84 M 0 19 0.00 M M 2.3 9 330 M M 2 22 90
15 95 70 83 M 0 18 0.00 M M 3.3 9 80 M M 5 13 60
16 95 70 83 M 0 18 0.00 M M 3.8 9 120 M M 1 14 60
17 95 66 81 M 0 16 0.00 M M 1.7 6 80 M M 1 12 80
18 95 68 82 M 0 17 0.00 M M 3.1 9 90 M M 2 15 99
19 93 64 79 M 0 14 0.00 M M 3.1 8 150 M M 2 13 99
20 95 66 81 M 0 16 0.00 M M 6.9 16 190 M M 3 22 190
21 97 73 85 M 0 20 0.19 M M 5.3 9 40 M M 6 138 18 180
22 84 70 77 M 0 12 0.08 M M 4.0 9 40 M M 7 1 13 130
23 95 72 84 M 0 19 0.00 M M 6.2 14 190 M M 5 12 21 190
24 93 72 83 M 0 18 0.00 0.0 0 7.3 13 150 M M 5 22 170
25 95 73 84 M 0 19 0.00 0.0 0 8.5 13 150 M M 5 21 150
26 95 75 85 M 0 20 0.00 0.0 0 9.6 18 130 M M 6 25 130
27 91 68 80 M 0 15 0.04 M M 4.1 13 80 M M 5 20 80
28 90 70 80 M 0 15 0.00 M M 5.6 13 120 M M 5 21 120
29 90 70 80 M 0 15 0.07 M M 5.1 14 90 M M 7 13 22 90
30 91 72 82 M 0 17 0.00 0.0 0 4.8 10 140 M M 6 1 15 99
================================================================================
SM 2720 2077 0 457 2.16 0.0 146.4 M 143
================================================================================
AV 90.7 69.2 4.9 FASTST M M 5 MAX(MPH)
MISC ----> 23 350 38 0
================================================================================
NOTES:
# LAST OF SEVERAL OCCURRENCES
COLUMN 17 PEAK WIND IN M.P.H.
PRELIMINARY LOCAL CLIMATOLOGICAL DATA (WS FORM: F-6) , PAGE 2
STATION: LLANO MUNICIPAL AIRPORT
MONTH: JUNE
YEAR: 2021
LATITUDE: 30 47 N
LONGITUDE: 98 40 W
[TEMPERATURE DATA] [PRECIPITATION DATA] SYMBOLS USED IN COLUMN 16
AVERAGE MONTHLY: 80.0 TOTAL FOR MONTH: 2.16 1 = FOG OR MIST
DPTR FM NORMAL: 0.0 DPTR FM NORMAL: M 2 = FOG REDUCING VISIBILITY
HIGHEST: 97 ON 21,14 GRTST 24HR 1.16 ON 2- 2 TO 1/4 MILE OR LESS
LOWEST: 59 ON 3 3 = THUNDER
SNOW, ICE PELLETS, HAIL 4 = ICE PELLETS
TOTAL MONTH: 0.0 INCH 5 = HAIL
GRTST 24HR 0.0 6 = FREEZING RAIN OR DRIZZLE
GRTST DEPTH: 0 7 = DUSTSTORM OR SANDSTORM:
VSBY 1/2 MILE OR LESS
8 = SMOKE OR HAZE
[NO. OF DAYS WITH] [WEATHER - DAYS WITH] 9 = BLOWING SNOW
X = TORNADO
MAX 32 OR BELOW: 0 0.01 INCH OR MORE: 9
MAX 90 OR ABOVE: 23 0.10 INCH OR MORE: 4
MIN 32 OR BELOW: 0 0.50 INCH OR MORE: 1
MIN 0 OR BELOW: 0 1.00 INCH OR MORE: 1
[HDD (BASE 65) ]
TOTAL THIS MO. 0 CLEAR (SCALE 0-3) 7
DPTR FM NORMAL M PTCLDY (SCALE 4-7) 22
TOTAL FM JUL 1 2003 CLOUDY (SCALE 8-10) 1
DPTR FM NORMAL M
[CDD (BASE 65) ]
TOTAL THIS MO. 457
DPTR FM NORMAL M [PRESSURE DATA]
TOTAL FM JAN 1 837 HIGHEST SLP M ON M
DPTR FM NORMAL M LOWEST SLP M ON M
[REMARKS]
#FINAL-06-21#