124
CXUS54 KEWX 011305
CF6AUS
PRELIMINARY LOCAL CLIMATOLOGICAL DATA (WS FORM: F-6)
STATION: AUSTIN BERGSTROM
MONTH: SEPTEMBER
YEAR: 2020
LATITUDE: 30 13 N
LONGITUDE: 97 40 W
TEMPERATURE IN F: :PCPN: SNOW: WIND :SUNSHINE: SKY :PK WND
================================================================================
1 2 3 4 5 6A 6B 7 8 9 10 11 12 13 14 15 16 17 18
12Z AVG MX 2MIN
DY MAX MIN AVG DEP HDD CDD WTR SNW DPTH SPD SPD DIR MIN PSBL S-S WX SPD DR
================================================================================
1 101 82 92 10 0 27 T 0.0 0 14.0 23 150 M M 7 32 170
2 87 73 80 -1 0 15 0.33 0.0 0 8.2 25 40 M M 9 1 36 40
3 94 76 85 4 0 20 0.08 0.0 0 6.8 24 10 M M 7 1 31 10
4 83 72 78 -3 0 13 3.55 0.0 0 5.7 21 90 M M 9 13 30 250
5 91 73 82 1 0 17 T 0.0 0 6.9 23 30 M M 8 29 20
6 95 72 84 4 0 19 0.00 0.0 0 3.0 10 70 M M 5 16 70
7 94 71 83 3 0 18 0.00 0.0 0 6.4 17 160 M M 3 25 180
8 88 76 82 2 0 17 0.01 0.0 0 8.3 24 140 M M 8 32 140
9 85 61 73 -7 0 8 1.25 0.0 0 7.9 20 250 M M 8 13 30 170
10 69 59 64 -15 1 0 0.02 0.0 0 11.5 18 350 M M 10 25 340
11 85 64 75 -4 0 10 0.00 0.0 0 8.3 15 350 M M 8 20 30
12 92 67 80 1 0 15 0.00 0.0 0 4.0 13 20 M M 2 18 20
13 94 71 83 4 0 18 0.00 0.0 0 10.8 20 20 M M 2 24 10
14 91 74 83 5 0 18 0.00 0.0 0 13.6 23 10 M M 4 31 20
15 91 74 83 5 0 18 T 0.0 0 8.6 16 30 M M 3 20 30
16 93 73 83 5 0 18 0.09 0.0 0 5.7 15 20 M M 5 20 50
17 86 71 79 1 0 14 0.53 0.0 0 8.2 31 10 M M 7 13 38 20
18 88 70 79 2 0 14 0.00 0.0 0 11.5 22 20 M M 3 30 40
19 85 65 75 -2 0 10 0.00 0.0 0 11.8 21 20 M M 3 27 20
20 86 61 74 -3 0 9 0.17 0.0 0 12.6 23 360 M M 3 1 29 360
21 73 68 71 -5 0 6 0.56 0.0 0 15.0 22 20 M M 10 1 29 20
22 75 69 72 -4 0 7 0.03 0.0 0 14.5 22 360 M M 10 1 27 10
23 77 69 73 -3 0 8 T 0.0 0 9.5 17 350 M M 10 22 350
24 80 59 70 -6 0 5 0.00 0.0 0 5.1 14 350 M M 7 21 70
25 88 57 73 -2 0 8 0.00 0.0 0 2.4 10 200 M M 1 1 13 210
26 89 61 75 0 0 10 0.00 0.0 0 7.1 16 180 M M 4 12 25 180
27 92 76 84 9 0 19 0.00 0.0 0 12.9 20 190 M M 6 30 190
28 81 58 70 -4 0 5 T 0.0 0 17.3 32 30 M M 7 44 10
29 83 49 66 -8 0 1 0.00 0.0 0 3.2 16 360 M M 0 25 330
30 88 46 67 -7 0 2 0.00 0.0 0 3.8 13 200 M M 0 19 240
================================================================================
SM 2604 2017 1 369 6.62 0.0 264.6 M 169
================================================================================
AV 86.8 67.2 8.8 FASTST M M 6 MAX(MPH)
MISC ----> # 32 30 # 44 10
================================================================================
NOTES:
# LAST OF SEVERAL OCCURRENCES
COLUMN 17 PEAK WIND IN M.P.H.
PRELIMINARY LOCAL CLIMATOLOGICAL DATA (WS FORM: F-6) , PAGE 2
STATION: AUSTIN BERGSTROM
MONTH: SEPTEMBER
YEAR: 2020
LATITUDE: 30 13 N
LONGITUDE: 97 40 W
[TEMPERATURE DATA] [PRECIPITATION DATA] SYMBOLS USED IN COLUMN 16
AVERAGE MONTHLY: 77.0 TOTAL FOR MONTH: 6.62 1 = FOG OR MIST
DPTR FM NORMAL: -0.8 DPTR FM NORMAL: 4.08 2 = FOG REDUCING VISIBILITY
HIGHEST: 101 ON 1 GRTST 24HR 3.55 ON 4- 4 TO 1/4 MILE OR LESS
LOWEST: 46 ON 30 3 = THUNDER
SNOW, ICE PELLETS, HAIL 4 = ICE PELLETS
TOTAL MONTH: 0.0 INCH 5 = HAIL
GRTST 24HR 0.0 6 = FREEZING RAIN OR DRIZZLE
GRTST DEPTH: 0 7 = DUSTSTORM OR SANDSTORM:
VSBY 1/2 MILE OR LESS
8 = SMOKE OR HAZE
[NO. OF DAYS WITH] [WEATHER - DAYS WITH] 9 = BLOWING SNOW
X = TORNADO
MAX 32 OR BELOW: 0 0.01 INCH OR MORE: 11
MAX 90 OR ABOVE: 11 0.10 INCH OR MORE: 6
MIN 32 OR BELOW: 0 0.50 INCH OR MORE: 4
MIN 0 OR BELOW: 0 1.00 INCH OR MORE: 2
[HDD (BASE 65) ]
TOTAL THIS MO. 1 CLEAR (SCALE 0-3) 9
DPTR FM NORMAL -1 PTCLDY (SCALE 4-7) 14
TOTAL FM JUL 1 1 CLOUDY (SCALE 8-10) 7
DPTR FM NORMAL -1
[CDD (BASE 65) ]
TOTAL THIS MO. 369
DPTR FM NORMAL -19 [PRESSURE DATA]
TOTAL FM JAN 1 2898 HIGHEST SLP 30.23 ON 29
DPTR FM NORMAL 370 LOWEST SLP 29.64 ON 27
[REMARKS]
#FINAL-09-20#