000
CXUS52 KCAE 011500
CF6DNL
PRELIMINARY LOCAL CLIMATOLOGICAL DATA (WS FORM: F-6)
STATION: AUGUSTA DANIEL FIELD GA
MONTH: NOVEMBER
YEAR: 2023
LATITUDE: 33 28 N
LONGITUDE: 82 2 W
TEMPERATURE IN F: :PCPN: SNOW: WIND :SUNSHINE: SKY :PK WND
================================================================================
1 2 3 4 5 6A 6B 7 8 9 10 11 12 13 14 15 16 17 18
12Z AVG MX 2MIN
DY MAX MIN AVG DEP HDD CDD WTR SNW DPTH SPD SPD DIR MIN PSBL S-S WX SPD DR
================================================================================
1 57 40 49 -13 16 0 0.00 M M 8.7 17 360 M M 2 26 340
2 59 37 48 -14 17 0 0.00 M M 6.8 14 80 M M 0 8 19 50
3 68 37 53 -9 12 0 0.00 M M 4.7 12 30 M M 0 17 50
4 70 42 56 -5 9 0 0.00 M M 4.6 12 340 M M 0 15 340
5 74 44 59 -2 6 0 0.00 M M 1.6 8 330 M M 0 1 11 350
6 77 48 63 3 2 0 0.00 M M 2.1 10 350 M M 0 14 130
7 80 50 65 5 0 0 0.00 M M 2.3 12 310 M M 0 20 320
8 82 56 69 9 0 4 0.00 M M 3.3 12 200 M M 0 15 200
9 80 60 70 10 0 5 0.00 M M 4.2 15 210 M M 0 18 200
10 75 57 66 7 0 1 T M M 4.8 15 20 M M 4 20 30
11 57 49 53 -6 12 0 M M M 8.2 15 40 M M 10 1 20 40
12 60 49 55 -4 10 0 T M M 6.9 14 40 M M 8 1 19 20
13 68 44 56 -2 9 0 0.00 M M 5.7 12 40 M M 0 19 40
14 68 50 59 1 6 0 0.00 M M 7.1 17 70 M M 0 25 70
15 61 53 57 -1 8 0 T M M 8.7 14 40 M M 6 20 50
16 72 53 63 5 2 0 T M M 7.2 14 70 M M 6 19 40
17 76 62 69 12 0 4 T M M 7.0 13 30 M M 8 18 60
18 78 58 68 11 0 3 0.00 M M 5.2 10 360 M M 3 16 20
19 67 54 61 4 4 0 0.00 M M 7.4 13 60 M M 4 19 60
20 72 55 64 8 1 0 0.00 M M 8.9 14 90 M M 6 21 110
21 70 55 63 7 2 0 M M M 7.4 14 190 M M 9 1 19 180
22 66 46 56 0 9 0 M M M 7.5 16 280 M M 5 1 29 250
23 61 41 51 -5 14 0 0.00 M M 2.9 10 310 M M 0 14 320
24 66 49 58 2 7 0 T M M 3.4 9 70 M M 2 13 70
25 58 46 52 -3 13 0 0.00 M M 8.0 15 80 M M 2 23 70
26 46 42 44 -11 21 0 0.19 M M 5.4 13 70 M M 7 1 17 80
27 57 42 50 -5 15 0 T M M 7.5 16 310 M M 3 24 300
28 56 39 48 -6 17 0 0.00 M M 7.1 15 300 M M 0 24 280
29 54 30 42 -12 23 0 0.00 M M 3.0 10 340 M M 0 15 60
30 59 33 46 -8 19 0 0.00 M M 2.5 8 170 M M 0 11 120
================================================================================
SM 1994 1421 254 17 0.19 M 170.1 M 85
================================================================================
AV 66.5 47.4 5.7 FASTST M M 3 MAX(MPH)
MISC ----> # 17 360 29 250
================================================================================
NOTES:
# LAST OF SEVERAL OCCURRENCES
COLUMN 17 PEAK WIND IN M.P.H.
PRELIMINARY LOCAL CLIMATOLOGICAL DATA (WS FORM: F-6) , PAGE 2
STATION: AUGUSTA DANIEL FIELD GA
MONTH: NOVEMBER
YEAR: 2023
LATITUDE: 33 28 N
LONGITUDE: 82 2 W
[TEMPERATURE DATA] [PRECIPITATION DATA] SYMBOLS USED IN COLUMN 16
AVERAGE MONTHLY: 56.9 TOTAL FOR MONTH: 0.19 1 = FOG OR MIST
DPTR FM NORMAL: -1.0 DPTR FM NORMAL: -2.56 2 = FOG REDUCING VISIBILITY
HIGHEST: 82 ON 8 GRTST 24HR 0.19 ON 26-26 TO 1/4 MILE OR LESS
LOWEST: 30 ON 29 3 = THUNDER
SNOW, ICE PELLETS, HAIL 4 = ICE PELLETS
TOTAL MONTH: M 5 = HAIL
GRTST 24HR M ON M 6 = FREEZING RAIN OR DRIZZLE
GRTST DEPTH: M ON M 7 = DUSTSTORM OR SANDSTORM:
VSBY 1/2 MILE OR LESS
8 = SMOKE OR HAZE
[NO. OF DAYS WITH] [WEATHER - DAYS WITH] 9 = BLOWING SNOW
X = TORNADO
MAX 32 OR BELOW: 0 0.01 INCH OR MORE: 1
MAX 90 OR ABOVE: 0 0.10 INCH OR MORE: 1
MIN 32 OR BELOW: 1 0.50 INCH OR MORE: 0
MIN 0 OR BELOW: 0 1.00 INCH OR MORE: 0
[HDD (BASE 65) ]
TOTAL THIS MO. 254 CLEAR (SCALE 0-3) 19
DPTR FM NORMAL 14 PTCLDY (SCALE 4-7) 9
TOTAL FM JUL 1 300 CLOUDY (SCALE 8-10) 2
DPTR FM NORMAL 2
[CDD (BASE 65) ]
TOTAL THIS MO. 17
DPTR FM NORMAL -8 [PRESSURE DATA]
TOTAL FM JAN 1 2361 HIGHEST SLP 30.53 ON 2
DPTR FM NORMAL -294 LOWEST SLP 29.76 ON 18
[REMARKS]
#FINAL-11-23#