000
CXUS54 KMAF 011210
CF6E38
PRELIMINARY LOCAL CLIMATOLOGICAL DATA (WS FORM: F-6)
STATION: ALPINE-CASPARIS MUNICIPAL
MONTH: FEBRUARY
YEAR: 2022
LATITUDE: 30 23 N
LONGITUDE: 103 41 W
TEMPERATURE IN F: :PCPN: SNOW: WIND :SUNSHINE: SKY :PK WND
================================================================================
1 2 3 4 5 6A 6B 7 8 9 10 11 12 13 14 15 16 17 18
12Z AVG MX 2MIN
DY MAX MIN AVG DEP HDD CDD WTR SNW DPTH SPD SPD DIR MIN PSBL S-S WX SPD DR
================================================================================
1 68 43 56 M 9 0 M M M 9.2 17 250 M M 1 24 250
2 53 24 39 M 26 0 M M M 7.2 15 40 M M 6 21 0
3 24 14 19 M 46 0 M M M 7.1 10 50 M M 7 M M
4 35 5 20 M 45 0 0.02 M M 4.0 8 40 M M 0 M M
5 50 11 31 M 34 0 M M M 9.8 18 240 M M 0 23 240
6 53 32 43 M 22 0 M M M 10.1 18 10 M M 0 29 10
7 49 23 36 M 29 0 M M M 4.9 14 20 M M 1 17 20
8 60 28 44 M 21 0 M M M 10.9 20 240 M M 0 25 250
9 61 26 44 M 21 0 M M M 5.9 10 250 M M 0 M M
10 63 30 47 M 18 0 M M M 6.1 12 20 M M 0 17 20
11 69 35 52 M 13 0 M M M 11.7 23 270 M M 0 30 250
12 46 26 36 M 29 0 M M M 10.5 20 40 M M 2 28 40
13 62 26 44 M 21 0 M M M 6.5 13 240 M M 0 M M
14 69 39 54 M 11 0 M M M 9.7 17 230 M M 0 21 230
15 75 39 57 M 8 0 M M M 12.9 25 230 M M 0 31 230
16 74 49 62 M 3 0 M M M 17.6 28 240 M M 1 39 240
17 53 29 41 M 24 0 M M M 12.2 29 290 M M 0 36 290
18 61 21 41 M 24 0 M M M 4.3 12 270 M M 0 17 0
19 64 25 45 M 20 0 M M M 7.2 13 170 M M 0 16 130
20 74 43 59 M 6 0 M M M 9.6 18 210 M M 0 24 250
21 75 56 66 M 0 1 M M M 21.5 35 210 M M 3 39 210
22 74 44 59 M 6 0 M M M 10.5 20 250 M M 0 29 210
23 61 26 44 M 21 0 M M M 6.3 13 70 M M 0 17 70
24 59 19 39 M 26 0 M M M 6.7 17 220 M M 0 24 220
25 60 23 42 M 23 0 M M M 5.0 13 170 M M 0 17 170
26 58 32 45 M 20 0 M M M 3.9 9 60 M M 0 16 80
27 59 24 42 M 23 0 M M M 3.2 9 90 M M 0 M M
28 71 30 51 M 14 0 M M M 5.6 13 230 M M 0 M M
================================================================================
SM 1680 822 563 1 0.02 M 240.1 M 21
================================================================================
AV 60.0 29.4 8.6 FASTST M M 1 MAX(MPH)
MISC ----> 35 210 # 39 240
================================================================================
NOTES:
# LAST OF SEVERAL OCCURRENCES
COLUMN 17 PEAK WIND IN M.P.H.
PRELIMINARY LOCAL CLIMATOLOGICAL DATA (WS FORM: F-6) , PAGE 2
STATION: ALPINE-CASPARIS MUNICIPAL
MONTH: FEBRUARY
YEAR: 2022
LATITUDE: 30 23 N
LONGITUDE: 103 41 W
[TEMPERATURE DATA] [PRECIPITATION DATA] SYMBOLS USED IN COLUMN 16
AVERAGE MONTHLY: 44.7 TOTAL FOR MONTH: 0.02 1 = FOG OR MIST
DPTR FM NORMAL: 0.0 DPTR FM NORMAL: 0.02 2 = FOG REDUCING VISIBILITY
HIGHEST: 75 ON 21,15 GRTST 24HR 0.02 ON 4- 4 TO 1/4 MILE OR LESS
LOWEST: 5 ON 4 3 = THUNDER
SNOW, ICE PELLETS, HAIL 4 = ICE PELLETS
TOTAL MONTH: M 5 = HAIL
GRTST 24HR M ON M 6 = FREEZING RAIN OR DRIZZLE
GRTST DEPTH: M ON M 7 = DUSTSTORM OR SANDSTORM:
VSBY 1/2 MILE OR LESS
8 = SMOKE OR HAZE
[NO. OF DAYS WITH] [WEATHER - DAYS WITH] 9 = BLOWING SNOW
X = TORNADO
MAX 32 OR BELOW: 1 0.01 INCH OR MORE: 1
MAX 90 OR ABOVE: 0 0.10 INCH OR MORE: 0
MIN 32 OR BELOW: 20 0.50 INCH OR MORE: 0
MIN 0 OR BELOW: 0 1.00 INCH OR MORE: 0
[HDD (BASE 65) ]
TOTAL THIS MO. 563 CLEAR (SCALE 0-3) 26
DPTR FM NORMAL M PTCLDY (SCALE 4-7) 2
TOTAL FM JUL 1 1609 CLOUDY (SCALE 8-10) 0
DPTR FM NORMAL M
[CDD (BASE 65) ]
TOTAL THIS MO. 1
DPTR FM NORMAL M [PRESSURE DATA]
TOTAL FM JAN 1 1 HIGHEST SLP M ON M
DPTR FM NORMAL M LOWEST SLP M ON M
[REMARKS]
#FINAL-02-22#