000
CXUS53 KGID 140347 CCA
CF6GRI
PRELIMINARY LOCAL CLIMATOLOGICAL DATA (WS FORM: F-6)
STATION: GRAND ISLAND NE
MONTH: DECEMBER
YEAR: 2020
LATITUDE: 40 58 N
LONGITUDE: 98 19 W
TEMPERATURE IN F: :PCPN: SNOW: WIND :SUNSHINE: SKY :PK WND
================================================================================
1 2 3 4 5 6A 6B 7 8 9 10 11 12 13 14 15 16 17 18
12Z AVG MX 2MIN
DY MAX MIN AVG DEP HDD CDD WTR SNW DPTH SPD SPD DIR MIN PSBL S-S WX SPD DR
================================================================================
1 48 18 33 3 32 0 0.00 0.0 0 7.4 16 340 M M 0 21 350
2 43 27 35 5 30 0 0.00 0.0 0 13.7 23 360 M M 2 30 360
3 48 22 35 5 30 0 0.00 0.0 0 8.4 16 360 M M 1 21 360
4 61 26 44 15 21 0 0.00 0.0 0 10.7 16 310 M M 0 20 330
5 56 28 42 13 23 0 0.00 0.0 0 10.5 20 340 M M 0 25 330
6 51 24 38 10 27 0 0.00 0.0 0 7.1 12 360 M M 0 15 340
7 62 28 45 17 20 0 0.00 0.0 0 11.1 21 320 M M 0 27 330
8 66 25 46 18 19 0 0.00 0.0 0 9.2 15 270 M M 0 18 270
9 69 36 53 25 12 0 0.00 0.0 0 7.6 13 280 M M 0 15 270
10 49 28 39 12 26 0 0.00 0.0 0 14.0 25 360 M M 1 35 350
11 36 30 33 6 32 0 0.61 5.9 0 18.5 25 360 M M 10 12 33 360
12 30 14 22 -5 43 0 0.05 0.5 6 11.9 23 360 M M 8 18 29 360
13 32 8 20 -7 45 0 0.00 0.0 5 6.8 20 340 M M 3 128 23 340
14 21 4 13 -13 52 0 0.00 0.0 3 9.3 17 100 M M 2 128 22 110
15 22 17 20 -6 45 0 0.07 0.8 2 5.5 12 100 M M 10 128 17 110
16 28 16 22 -4 43 0 T T 3 7.1 16 230 M M 5 128 19 220
17 38 19 29 3 36 0 0.00 0.0 3 10.2 18 170 M M 0 8 27 160
18 43 26 35 9 30 0 0.00 0.0 2 11.4 26 340 M M 0 34 340
19 39 13 26 0 39 0 0.00 0.0 1 9.5 20 210 M M 0 18 25 210
20 44 26 35 9 30 0 0.00 0.0 1 12.2 24 240 M M 1 34 230
21 52 30 41 16 24 0 0.00 0.0 T 9.1 17 290 M M 0 18 23 290
22 57 30 44 19 21 0 0.00 0.0 T 15.5 28 180 M M 0 38 170
23 48 20 34 9 31 0 0.08 0.8 T 27.5 47 330 M M 6 1289 61 340
24 26 11 19 -6 46 0 0.00 0.0 T 5.6 23 310 M M 4 32 310
25 50 17 34 9 31 0 0.00 0.0 T 8.1 14 280 M M 1 17 270
26 48 22 35 10 30 0 0.00 0.0 0 3.4 9 150 M M 0 1 12 150
27 43 25 34 9 31 0 0.01 T 0 13.9 32 320 M M 6 1 44 330
28 34 19 27 2 38 0 0.03 0.2 0 5.8 14 140 M M 7 1 19 140
29 34 22 28 3 37 0 0.35 3.8 3 10.9 24 140 M M 10 18 32 140
30 34 10 22 -3 43 0 0.00 0.0 4 8.8 29 330 M M 1 39 330
31 36 14 25 0 40 0 0.00 0.0 3 8.7 22 190 M M 0 18 28 210
================================================================================
SM 1348 655 1007 0 1.20 12.0 319.4 M 78
================================================================================
AV 43.5 21.1 10.3 FASTST M M 3 MAX(MPH)
MISC ----> 47 330 61 340
================================================================================
NOTES:
# LAST OF SEVERAL OCCURRENCES
COLUMN 17 PEAK WIND IN M.P.H.
PRELIMINARY LOCAL CLIMATOLOGICAL DATA (WS FORM: F-6) , PAGE 2
STATION: GRAND ISLAND NE
MONTH: DECEMBER
YEAR: 2020
LATITUDE: 40 58 N
LONGITUDE: 98 19 W
[TEMPERATURE DATA] [PRECIPITATION DATA] SYMBOLS USED IN COLUMN 16
AVERAGE MONTHLY: 32.3 TOTAL FOR MONTH: 1.20 1 = FOG OR MIST
DPTR FM NORMAL: 5.6 DPTR FM NORMAL: 0.57 2 = FOG REDUCING VISIBILITY
HIGHEST: 69 ON 9 GRTST 24HR 0.66 ON 11-12 TO 1/4 MILE OR LESS
LOWEST: 4 ON 14 3 = THUNDER
SNOW, ICE PELLETS, HAIL 4 = ICE PELLETS
TOTAL MONTH: 12.0 INCHES 5 = HAIL
GRTST 24HR 6.4 ON 11-12 6 = FREEZING RAIN OR DRIZZLE
GRTST DEPTH: 6 ON 12 7 = DUSTSTORM OR SANDSTORM:
VSBY 1/2 MILE OR LESS
8 = SMOKE OR HAZE
[NO. OF DAYS WITH] [WEATHER - DAYS WITH] 9 = BLOWING SNOW
X = TORNADO
MAX 32 OR BELOW: 6 0.01 INCH OR MORE: 7
MAX 90 OR ABOVE: 0 0.10 INCH OR MORE: 2
MIN 32 OR BELOW: 30 0.50 INCH OR MORE: 1
MIN 0 OR BELOW: 0 1.00 INCH OR MORE: 0
[HDD (BASE 65) ]
TOTAL THIS MO. 1007 CLEAR (SCALE 0-3) 22
DPTR FM NORMAL -182 PTCLDY (SCALE 4-7) 5
TOTAL FM JUL 1 2159 CLOUDY (SCALE 8-10) 4
DPTR FM NORMAL -360
[CDD (BASE 65) ]
TOTAL THIS MO. 0
DPTR FM NORMAL 0 [PRESSURE DATA]
TOTAL FM JAN 1 1292 HIGHEST SLP 30.50 ON 28
DPTR FM NORMAL 258 LOWEST SLP 29.33 ON 22
[REMARKS]
#FINAL-12-20#