000
CXUS54 KAMA 010810
CF6GUY
PRELIMINARY LOCAL CLIMATOLOGICAL DATA (WS FORM: F-6)
STATION: GUYMON
MONTH: NOVEMBER
YEAR: 2023
LATITUDE: 36 41 N
LONGITUDE: 101 30 W
TEMPERATURE IN F: :PCPN: SNOW: WIND :SUNSHINE: SKY :PK WND
================================================================================
1 2 3 4 5 6A 6B 7 8 9 10 11 12 13 14 15 16 17 18
12Z AVG MX 2MIN
DY MAX MIN AVG DEP HDD CDD WTR SNW DPTH SPD SPD DIR MIN PSBL S-S WX SPD DR
================================================================================
1 69 25 47 -4 18 0 0.00 M M 10.5 23 200 M M 0 32 220
2 75 29 52 1 13 0 0.00 M M 5.6 12 190 M M 0 15 210
3 82 34 58 7 7 0 0.00 M M 6.1 14 70 M M 0 20 70
4 71 33 52 2 13 0 0.00 M M 6.9 15 40 M M 0 26 20
5 83 34 59 9 6 0 0.00 M M 10.2 28 210 M M 0 39 200
6 77 45 61 12 4 0 0.00 M M 7.5 16 260 M M 0 23 250
7 87 37 62 13 3 0 0.00 M M 9.4 21 200 M M 0 28 190
8 68 44 56 7 9 0 0.00 M M 12.5 24 10 M M 1 31 20
9 57 35 46 -2 19 0 0.00 M M 6.2 13 60 M M 5 18 50
10 59 27 43 -5 22 0 T M M 8.6 17 210 M M 5 29 160
11 62 35 49 2 16 0 0.00 M M 11.2 24 210 M M 3 31 190
12 71 29 50 3 15 0 0.00 M M 4.7 12 110 M M 0 16 80
13 66 30 48 1 17 0 0.00 M M 6.6 16 160 M M 0 24 170
14 74 41 58 12 7 0 0.00 M M 12.6 25 220 M M 0 34 210
15 66 33 50 4 15 0 0.00 M M 6.6 13 200 M M 0 17 200
16 70 44 57 12 8 0 0.00 M M 11.7 22 200 M M 0 29 200
17 64 35 50 5 15 0 0.00 M M 6.8 17 20 M M 0 24 20
18 72 30 51 6 14 0 0.00 M M 10.8 24 200 M M 1 35 200
19 69 41 55 11 10 0 0.00 M M 9.1 18 360 M M 0 24 340
20 53 41 47 3 18 0 0.01 M M 18.8 32 350 M M 9 1 49 340
21 57 30 44 1 21 0 0.00 M M 14.0 25 20 M M 2 36 360
22 69 25 47 4 18 0 0.00 M M 7.2 15 210 M M 0 20 200
23 60 28 44 1 21 0 0.00 M M 11.9 25 40 M M 1 34 40
24 33 25 29 -13 36 0 0.00 M M 12.6 23 30 M M 10 35 50
25 26 15 21 -21 44 0 0.25 M M 5.7 13 360 M M 8 1 16 350
26 43 13 28 -14 37 0 0.00 M M 10.3 23 360 M M 0 34 350
27 47 17 32 -9 33 0 0.00 M M 4.2 15 30 M M 0 20 20
28 63 20 42 1 23 0 0.00 M M 6.1 15 230 M M 0 20 200
29 62 19 41 1 24 0 0.00 M M 8.3 23 210 M M 0 31 210
30 45 29 37 -3 28 0 0.00 M M 12.4 32 20 M M 4 43 20
================================================================================
SM 1900 923 534 0 0.26 M 275.1 M 49
================================================================================
AV 63.3 30.8 9.2 FASTST M M 2 MAX(MPH)
MISC ----> # 32 350 49 340
================================================================================
NOTES:
# LAST OF SEVERAL OCCURRENCES
COLUMN 17 PEAK WIND IN M.P.H.
PRELIMINARY LOCAL CLIMATOLOGICAL DATA (WS FORM: F-6) , PAGE 2
STATION: GUYMON
MONTH: NOVEMBER
YEAR: 2023
LATITUDE: 36 41 N
LONGITUDE: 101 30 W
[TEMPERATURE DATA] [PRECIPITATION DATA] SYMBOLS USED IN COLUMN 16
AVERAGE MONTHLY: 47.1 TOTAL FOR MONTH: 0.26 1 = FOG OR MIST
DPTR FM NORMAL: 1.3 DPTR FM NORMAL: -0.25 2 = FOG REDUCING VISIBILITY
HIGHEST: 87 ON 7 GRTST 24HR 0.25 ON 25-25 TO 1/4 MILE OR LESS
LOWEST: 13 ON 26 3 = THUNDER
SNOW, ICE PELLETS, HAIL 4 = ICE PELLETS
TOTAL MONTH: M 5 = HAIL
GRTST 24HR M ON M 6 = FREEZING RAIN OR DRIZZLE
GRTST DEPTH: M ON M 7 = DUSTSTORM OR SANDSTORM:
VSBY 1/2 MILE OR LESS
8 = SMOKE OR HAZE
[NO. OF DAYS WITH] [WEATHER - DAYS WITH] 9 = BLOWING SNOW
X = TORNADO
MAX 32 OR BELOW: 1 0.01 INCH OR MORE: 2
MAX 90 OR ABOVE: 0 0.10 INCH OR MORE: 1
MIN 32 OR BELOW: 16 0.50 INCH OR MORE: 0
MIN 0 OR BELOW: 0 1.00 INCH OR MORE: 0
[HDD (BASE 65) ]
TOTAL THIS MO. 534 CLEAR (SCALE 0-3) 24
DPTR FM NORMAL -48 PTCLDY (SCALE 4-7) 4
TOTAL FM JUL 1 784 CLOUDY (SCALE 8-10) 2
DPTR FM NORMAL -87
[CDD (BASE 65) ]
TOTAL THIS MO. 0
DPTR FM NORMAL -1 [PRESSURE DATA]
TOTAL FM JAN 1 1537 HIGHEST SLP M ON M
DPTR FM NORMAL -102 LOWEST SLP 29.48 ON 19
[REMARKS]
#FINAL-11-23#